000
CXUS52 KMLB 121404
CF6VRB
PRELIMINARY LOCAL CLIMATOLOGICAL DATA (WS FORM: F-6)
STATION: VERO BEACH
MONTH: APRIL
YEAR: 2023
LATITUDE: 27 39 N
LONGITUDE: 80 25 W
TEMPERATURE IN F: :PCPN: SNOW: WIND :SUNSHINE: SKY :PK WND
================================================================================
1 2 3 4 5 6A 6B 7 8 9 10 11 12 13 14 15 16 17 18
12Z AVG MX 2MIN
DY MAX MIN AVG DEP HDD CDD WTR SNW DPTH SPD SPD DIR MIN PSBL S-S WX SPD DR
================================================================================
1 91 65 78 8 0 13 0.00 0.0 0 9.4 17 220 M M 5 24 190
2 89 68 79 9 0 14 0.00 0.0 0 9.2 16 50 M M 4 1 19 270
3 88 74 81 11 0 16 T 0.0 0 11.4 23 150 M M 4 28 150
4 88 72 80 10 0 15 0.00 0.0 0 8.2 16 110 M M 4 21 100
5 87 67 77 7 0 12 0.00 0.0 0 10.3 20 130 M M 1 1 25 120
6 86 76 81 10 0 16 0.00 0.0 0 12.1 22 120 M M 2 26 120
7 86 75 81 10 0 16 0.00 0.0 0 12.5 21 110 M M 2 25 90
8 87 66 77 6 0 12 0.01 0.0 0 8.6 18 120 M M 5 22 110
9 80 69 75 4 0 10 0.10 0.0 0 11.8 23 10 M M 6 18 29 10
10 80 70 75 4 0 10 0.15 0.0 0 18.5 26 70 M M 9 18 35 60
11 80 71 76 5 0 11 0.00 0.0 0 18.5 25 60 M M 9 35 50
12 78 70 74 2 0 9 0.07 0.0 0 16.7 25 90 M M 9 8 31 110
13 87 71 79 7 0 14 0.15 0.0 0 11.8 23 180 M M 5 1 30 170
14 87 66 77 5 0 12 0.01 0.0 0 7.4 20 150 M M 3 13 25 120
15 88 66 77 5 0 12 0.00 0.0 0 8.1 33 280 M M 1 13 40 290
16 89 68 79 7 0 14 0.73 0.0 0 7.9 24 320 M M 3 13 32 320
17 76 60 68 -4 0 3 0.09 0.0 0 7.8 20 10 M M 4 1 25 360
18 81 56 69 -3 0 4 0.00 0.0 0 8.3 18 20 M M 0 24 30
19 82 57 70 -3 0 5 0.00 0.0 0 9.1 17 60 M M 3 8 22 70
20 83 69 76 3 0 11 0.00 0.0 0 10.4 17 70 M M 4 24 70
21 85 71 78 5 0 13 0.00 0.0 0 10.0 16 130 M M 3 25 80
22 86 65 76 3 0 11 0.00 0.0 0 7.5 17 130 M M 3 23 110
23 84 66 75 2 0 10 0.00 0.0 0 9.9 18 40 M M 2 24 30
24 85 68 77 3 0 12 0.26 0.0 0 11.0 22 70 M M 7 13 26 70
25 84 69 77 3 0 12 0.61 0.0 0 9.1 21 140 M M 6 13 24 140
26 85 64 75 1 0 10 0.73 0.0 0 6.3 47 10 M M 3 1238X 65 30
27 86 65 76 2 0 11 0.11 0.0 0 10.0 26 290 M M 3 13 36 280
28 90 68 79 5 0 14 0.72 0.0 0 7.5 32 290 M M 4 13 48 270
29 89 71 80 6 0 15 T 0.0 0 9.4 30 200 M M 2 13 37 200
30 87 67 77 3 0 12 0.04 0.0 0 16.8 40 210 M M 2 3 53 200
================================================================================
SM 2554 2030 0 349 3.78 0.0 315.5 M 118
================================================================================
AV 85.1 67.7 10.5 FASTST M M 4 MAX(MPH)
MISC ----> 47 10 65 30
================================================================================
NOTES:
# LAST OF SEVERAL OCCURRENCES
COLUMN 17 PEAK WIND IN M.P.H.
PRELIMINARY LOCAL CLIMATOLOGICAL DATA (WS FORM: F-6) , PAGE 2
STATION: VERO BEACH
MONTH: APRIL
YEAR: 2023
LATITUDE: 27 39 N
LONGITUDE: 80 25 W
[TEMPERATURE DATA] [PRECIPITATION DATA] SYMBOLS USED IN COLUMN 16
AVERAGE MONTHLY: 76.4 TOTAL FOR MONTH: 3.78 1 = FOG OR MIST
DPTR FM NORMAL: 4.3 DPTR FM NORMAL: 0.72 2 = FOG REDUCING VISIBILITY
HIGHEST: 91 ON 1 GRTST 24HR 1.12 ON 25-26 TO 1/4 MILE OR LESS
LOWEST: 56 ON 18 3 = THUNDER
SNOW, ICE PELLETS, HAIL 4 = ICE PELLETS
TOTAL MONTH: 0.0 INCH 5 = HAIL
GRTST 24HR 0.0 6 = FREEZING RAIN OR DRIZZLE
GRTST DEPTH: 0 7 = DUSTSTORM OR SANDSTORM:
VSBY 1/2 MILE OR LESS
8 = SMOKE OR HAZE
[NO. OF DAYS WITH] [WEATHER - DAYS WITH] 9 = BLOWING SNOW
X = TORNADO
MAX 32 OR BELOW: 0 0.01 INCH OR MORE: 14
MAX 90 OR ABOVE: 2 0.10 INCH OR MORE: 9
MIN 32 OR BELOW: 0 0.50 INCH OR MORE: 4
MIN 0 OR BELOW: 0 1.00 INCH OR MORE: 0
[HDD (BASE 65) ]
TOTAL THIS MO. 0 CLEAR (SCALE 0-3) 13
DPTR FM NORMAL -10 PTCLDY (SCALE 4-7) 14
TOTAL FM JUL 1 182 CLOUDY (SCALE 8-10) 3
DPTR FM NORMAL -212
[CDD (BASE 65) ]
TOTAL THIS MO. 349
DPTR FM NORMAL 124 [PRESSURE DATA]
TOTAL FM JAN 1 857 HIGHEST SLP 30.22 ON 6
DPTR FM NORMAL 335 LOWEST SLP 29.63 ON 30
[REMARKS]
#FINAL-04-23#