000
CXUS51 KBTV 010800
CF6VSF
PRELIMINARY LOCAL CLIMATOLOGICAL DATA (WS FORM: F-6)
STATION: SPRINGFIELD VT
MONTH: NOVEMBER
YEAR: 2020
LATITUDE: 43 19 N
LONGITUDE: 72 31 W
TEMPERATURE IN F: :PCPN: SNOW: WIND :SUNSHINE: SKY :PK WND
================================================================================
1 2 3 4 5 6A 6B 7 8 9 10 11 12 13 14 15 16 17 18
12Z AVG MX 2MIN
DY MAX MIN AVG DEP HDD CDD WTR SNW DPTH SPD SPD DIR MIN PSBL S-S WX SPD DR
================================================================================
1 47 22 35 -7 30 0 0.13 M M 3.9 14 270 M M 7 1 20 190
2 42 29 36 -6 29 0 0.03 M M 8.5 25 290 M M 8 12 34 250
3 37 26 32 -10 33 0 0.02 M M 5.8 20 310 M M 7 18 31 290
4 50 28 39 -2 26 0 T M M 2.7 14 170 M M 3 18 170
5 68 27 48 7 17 0 0.00 M M 2.0 13 170 M M 0 1 17 160
6 71 39 55 14 10 0 0.00 M M 2.6 17 270 M M 0 1 24 260
7 72 37 55 15 10 0 0.00 M M 1.6 9 190 M M 0 1 12 250
8 72 36 54 14 11 0 0.00 M M 1.2 8 160 M M 2 12 10 150
9 70 33 52 12 13 0 0.00 M M 0.4 7 160 M M 4 12 8 160
10 73 33 53 14 12 0 0.00 M M 0.8 9 160 M M 3 12 12 160
11 65 40 53 14 12 0 0.06 M M 1.1 7 340 M M 9 12 9 330
12 61 34 48 9 17 0 T M M 5.0 10 30 M M 7 1 17 270
13 39 25 32 -6 33 0 0.06 M M 0.6 8 60 M M 7 126 9 60
14 43 23 33 -5 32 0 0.00 M M 3.7 17 280 M M 6 12 23 290
15 48 20 34 -4 31 0 0.64 M M 2.2 18 280 M M 5 1 28 270
16 46 39 43 6 22 0 T M M 8.9 22 250 M M 9 1 29 260
17 43 30 37 0 28 0 T M M 5.0 15 260 M M 9 1 20 280
18 31 15 23 -13 42 0 0.00 M M 7.0 17 300 M M 7 23 310
19 40 13 27 -9 38 0 0.00 M M 2.9 15 180 M M 2 23 180
20 52 28 40 4 25 0 0.00 M M 0.2 6 210 M M 0 1 7 180
21 52 27 40 5 25 0 0.00 M M 3.7 15 290 M M 3 1 22 290
22 39 22 31 -4 34 0 0.06 M M 1.5 10 130 M M 7 1 13 130
23 45 33 39 5 26 0 0.45 M M 7.0 22 300 M M 8 1 32 300
24 37 23 30 -4 35 0 0.00 M M 7.5 21 270 M M 2 30 270
25 35 23 29 -5 36 0 0.17 M M 0.3 3 80 M M 8 1 6 140
26 41 32 37 4 28 0 0.31 M M 0.0 5 70 M M 10 12 M M
27 48 39 44 11 21 0 T M M 0.8 7 320 M M 10 12 10 320
28 47 27 37 5 28 0 0.02 M M 1.8 18 260 M M 7 12 24 250
29 50 23 37 5 28 0 0.00 M M 2.3 12 160 M M 2 12 15 180
30 59 25 42 10 23 0 1.66 M M 1.3 21 250 M M 6 1 28 250
================================================================================
SM 1523 851 755 0 3.61 M 92.3 M 158
================================================================================
AV 50.8 28.4 3.1 FASTST M M 5 MAX(MPH)
MISC ----> 25 290 34 250
================================================================================
NOTES:
# LAST OF SEVERAL OCCURRENCES
COLUMN 17 PEAK WIND IN M.P.H.
PRELIMINARY LOCAL CLIMATOLOGICAL DATA (WS FORM: F-6) , PAGE 2
STATION: SPRINGFIELD VT
MONTH: NOVEMBER
YEAR: 2020
LATITUDE: 43 19 N
LONGITUDE: 72 31 W
[TEMPERATURE DATA] [PRECIPITATION DATA] SYMBOLS USED IN COLUMN 16
AVERAGE MONTHLY: 39.6 TOTAL FOR MONTH: 3.61 1 = FOG OR MIST
DPTR FM NORMAL: 2.4 DPTR FM NORMAL: -0.42 2 = FOG REDUCING VISIBILITY
HIGHEST: 73 ON 10 GRTST 24HR 1.66 ON 30-30 TO 1/4 MILE OR LESS
LOWEST: 13 ON 19 3 = THUNDER
SNOW, ICE PELLETS, HAIL 4 = ICE PELLETS
TOTAL MONTH: M 5 = HAIL
GRTST 24HR M ON M 6 = FREEZING RAIN OR DRIZZLE
GRTST DEPTH: M ON M 7 = DUSTSTORM OR SANDSTORM:
VSBY 1/2 MILE OR LESS
8 = SMOKE OR HAZE
[NO. OF DAYS WITH] [WEATHER - DAYS WITH] 9 = BLOWING SNOW
X = TORNADO
MAX 32 OR BELOW: 1 0.01 INCH OR MORE: 12
MAX 90 OR ABOVE: 0 0.10 INCH OR MORE: 6
MIN 32 OR BELOW: 20 0.50 INCH OR MORE: 2
MIN 0 OR BELOW: 0 1.00 INCH OR MORE: 1
[HDD (BASE 65) ]
TOTAL THIS MO. 755 CLEAR (SCALE 0-3) 9
DPTR FM NORMAL -79 PTCLDY (SCALE 4-7) 15
TOTAL FM JUL 1 1483 CLOUDY (SCALE 8-10) 6
DPTR FM NORMAL -159
[CDD (BASE 65) ]
TOTAL THIS MO. 0
DPTR FM NORMAL 0 [PRESSURE DATA]
TOTAL FM JAN 1 617 HIGHEST SLP 30.58 ON 22
DPTR FM NORMAL 272 LOWEST SLP 29.42 ON 30
[REMARKS]
#FINAL-11-20#