000
CXUS56 KPQR 011550
CLMVUO
CLIMATE REPORT
NATIONAL WEATHER SERVICE PORTLAND OREGON
850 AM PDT SAT JUL 01 2023
...................................
...THE VANCOUVER WA CLIMATE SUMMARY FOR THE MONTH OF JUNE 2023...
CLIMATE NORMAL PERIOD 1991 TO 2020
CLIMATE RECORD PERIOD 1891 TO 2023
WEATHER OBSERVED NORMAL DEPART LAST YEAR`S
VALUE DATE(S) VALUE FROM VALUE DATE(S)
NORMAL
................................................................
TEMPERATURE (F)
HIGHEST 91 97 06/26
LOWEST 42 46 06/07
AVG. MAXIMUM 76.8 73.5 3.3 73.5
AVG. MINIMUM 53.1 53.0 0.1 54.5
MEAN 64.9 63.3 1.6 64.0
DAYS MAX >= 90 1 1.8 -0.8 3
DAYS MAX <= 32 0 0.0 0.0 0
DAYS MIN <= 32 0 0.0 0.0 0
DAYS MIN <= 0 0 0.0 0.0 0
PRECIPITATION (INCHES)
TOTALS 0.78R 3.22
DAYS >= .01 4 12
DAYS >= .10 3 7
DAYS >= .50 0 1
DAYS >= 1.00 0 1
GREATEST
24 HR. TOTAL 0.55 06/18 TO 06/19
DEGREE DAYS
HEATING TOTAL 62 80
SINCE 7/1 4345 MM
COOLING TOTAL 68 55
SINCE 1/1 148 MM
................................................................
WIND (MPH)
AVERAGE WIND SPEED 5.6
RESULTANT WIND SPEED/DIRECTION 3/320
HIGHEST WIND SPEED/DIRECTION 22/310 DATE 06/04
22/310 06/05
HIGHEST GUST SPEED/DIRECTION 31/320 DATE 06/04
SKY COVER
POSSIBLE SUNSHINE (PERCENT) MM
AVERAGE SKY COVER 0.26
AVERAGE RH (PERCENT) 58
WEATHER CONDITIONS. NUMBER OF DAYS WITH
THUNDERSTORM 2 MIXED PRECIP 0
HEAVY RAIN 1 RAIN 2
LIGHT RAIN 4 FREEZING RAIN 0
LT FREEZING RAIN 0 HAIL 0
HEAVY SNOW 0 SNOW 0
LIGHT SNOW 0 SLEET 0
FOG 3 FOG W/VIS <= 1/4 MILE 0
HAZE 2
- INDICATES NEGATIVE NUMBERS.
R INDICATES RECORD WAS SET OR TIED.
MM INDICATES DATA IS MISSING.
T INDICATES TRACE AMOUNT.
$$