000
CXUS56 KLKN 011040
CF6WMC
PRELIMINARY LOCAL CLIMATOLOGICAL DATA (WS FORM: F-6)
STATION: WINNEMUCCA AIRPORT NV
MONTH: MAY
YEAR: 2021
LATITUDE: 40 54 N
LONGITUDE: 117 48 W
TEMPERATURE IN F: :PCPN: SNOW: WIND :SUNSHINE: SKY :PK WND
================================================================================
1 2 3 4 5 6A 6B 7 8 9 10 11 12 13 14 15 16 17 18
12Z AVG MX 2MIN
DY MAX MIN AVG DEP HDD CDD WTR SNW DPTH SPD SPD DIR MIN PSBL S-S WX SPD DR
================================================================================
1 79 47 63 11 2 0 0.15 0.0 0 11.2 29 360 M M 2 1 38 270
2 65 38 52 0 13 0 0.05 0.0 0 10.7 23 330 M M 5 32 320
3 67 28 48 -4 17 0 0.00 0.0 0 5.6 15 330 M M 0 18 330
4 75 30 53 0 12 0 0.00 0.0 0 7.6 18 320 M M 0 25 300
5 82 45 64 11 1 0 0.00 0.0 0 9.6 16 60 M M 0 22 30
6 89 37 63 10 2 0 0.00 0.0 0 8.0 30 270 M M 0 8 39 270
7 73 39 56 2 9 0 0.00 0.0 0 11.5 25 350 M M 1 36 340
8 64 35 50 -4 15 0 0.00 0.0 0 7.8 16 330 M M 0 20 300
9 68 26 47 -7 18 0 0.00 0.0 0 7.7 18 350 M M 4 26 340
10 66 29 48 -7 17 0 0.00 0.0 0 9.4 17 350 M M 0 24 350
11 73 34 54 -1 11 0 0.00 0.0 0 6.6 15 50 M M 0 21 40
12 82 32 57 2 8 0 0.00 0.0 0 6.4 14 170 M M 0 19 150
13 86 40 63 7 2 0 0.00 0.0 0 6.3 22 330 M M 1 34 270
14 87 44 66 10 0 1 0.02 0.0 0 9.2 29 350 M M 1 3 36 350
15 73 50 62 6 3 0 0.02 0.0 0 8.8 21 70 M M 6 28 80
16 76 38 57 0 8 0 0.08 0.0 0 5.8 25 150 M M 4 13 32 150
17 83 37 60 3 5 0 0.00 0.0 0 6.9 17 270 M M 1 24 250
18 82 51 67 10 0 2 0.00 0.0 0 10.0 24 230 M M 1 31 230
19 80 41 61 4 4 0 0.01 0.0 0 11.9 25 250 M M 3 36 250
20 49 29 39 -19 26 0 0.09 0.0 0 10.5 25 320 M M 6 1 30 320
21 50 35 43 -15 22 0 0.04 0.0 0 13.8 25 350 M M 9 1 32 340
22 53 36 45 -13 20 0 0.25 0.0 0 6.3 17 300 M M 10 1 22 260
23 60 40 50 -8 15 0 0.25 0.0 0 9.6 21 290 M M 7 18 26 270
24 74 39 57 -2 8 0 0.04 0.0 0 7.9 21 280 M M 6 30 220
25 76 43 60 1 5 0 0.00 0.0 0 11.6 28 260 M M 3 38 240
26 75 33 54 -5 11 0 0.00 0.0 0 4.1 13 230 M M 0 23 200
27 83 33 58 -2 7 0 0.00 0.0 0 7.4 22 270 M M 0 30 300
28 81 43 62 2 3 0 0.00 0.0 0 8.3 20 50 M M 0 26 50
29 83 52 68 8 0 3 0.00 0.0 0 13.4 25 30 M M 0 31 40
30 86 43 65 5 0 0 0.00 0.0 0 8.3 18 10 M M 0 26 30
31 88 45 67 6 0 2 0.00 0.0 0 5.7 16 20 M M 0 20 10
================================================================================
SM 2308 1192 264 8 1.00 0.0 267.9 M 70
================================================================================
AV 74.5 38.5 8.6 FASTST M M 2 MAX(MPH)
MISC ----> 30 270 39 270
================================================================================
NOTES:
# LAST OF SEVERAL OCCURRENCES
COLUMN 17 PEAK WIND IN M.P.H.
PRELIMINARY LOCAL CLIMATOLOGICAL DATA (WS FORM: F-6) , PAGE 2
STATION: WINNEMUCCA AIRPORT NV
MONTH: MAY
YEAR: 2021
LATITUDE: 40 54 N
LONGITUDE: 117 48 W
[TEMPERATURE DATA] [PRECIPITATION DATA] SYMBOLS USED IN COLUMN 16
AVERAGE MONTHLY: 56.5 TOTAL FOR MONTH: 1.00 1 = FOG OR MIST
DPTR FM NORMAL: 0.1 DPTR FM NORMAL: -0.13 2 = FOG REDUCING VISIBILITY
HIGHEST: 89 ON 6 GRTST 24HR 0.47 ON 22-23 TO 1/4 MILE OR LESS
LOWEST: 26 ON 9 3 = THUNDER
SNOW, ICE PELLETS, HAIL 4 = ICE PELLETS
TOTAL MONTH: 0.0 INCH 5 = HAIL
GRTST 24HR 0.0 6 = FREEZING RAIN OR DRIZZLE
GRTST DEPTH: 0 7 = DUSTSTORM OR SANDSTORM:
VSBY 1/2 MILE OR LESS
8 = SMOKE OR HAZE
[NO. OF DAYS WITH] [WEATHER - DAYS WITH] 9 = BLOWING SNOW
X = TORNADO
MAX 32 OR BELOW: 0 0.01 INCH OR MORE: 11
MAX 90 OR ABOVE: 0 0.10 INCH OR MORE: 3
MIN 32 OR BELOW: 6 0.50 INCH OR MORE: 0
MIN 0 OR BELOW: 0 1.00 INCH OR MORE: 0
[HDD (BASE 65) ]
TOTAL THIS MO. 264 CLEAR (SCALE 0-3) 21
DPTR FM NORMAL -19 PTCLDY (SCALE 4-7) 8
TOTAL FM JUL 1 5656 CLOUDY (SCALE 8-10) 2
DPTR FM NORMAL -145
[CDD (BASE 65) ]
TOTAL THIS MO. 8
DPTR FM NORMAL -8 [PRESSURE DATA]
TOTAL FM JAN 1 8 HIGHEST SLP 30.23 ON 8
DPTR FM NORMAL -8 LOWEST SLP 29.54 ON 19
[REMARKS]
#FINAL-05-21#