000
CXUS55 KLKN 021224
CLMWMC
CLIMATE REPORT
NATIONAL WEATHER SERVICE ELKO, NV
424 AM PST SAT MAR 02 2024
...................................
...THE WINNEMUCCA AIRPORT NV CLIMATE SUMMARY FOR THE MONTH OF FEBRUARY 2024...
CLIMATE NORMAL PERIOD 1991 TO 2020
CLIMATE RECORD PERIOD 1877 TO 2024
WEATHER OBSERVED NORMAL DEPART LAST YEAR`S
VALUE DATE(S) VALUE FROM VALUE DATE(S)
NORMAL
................................................................
TEMPERATURE (F)
RECORD
HIGH 74 02/28/1986
02/19/1981
LOW -28 02/04/1985
HIGHEST 63 02/29 64 -1 60 02/20
LOWEST 15 02/27 5 10 8 02/18
AVG. MAXIMUM 49.3 49.4 -0.1 45.9
AVG. MINIMUM 27.7 23.9 3.8 20.9
MEAN 38.5 36.6 1.9 33.4
DAYS MAX >= 90 0 0.0 0.0 0
DAYS MAX <= 32 0 1.2 -1.2 2
DAYS MIN <= 32 21 24.4 -3.4 28
DAYS MIN <= 0 0 0.2 -0.2 0
PRECIPITATION (INCHES)
RECORD
MAXIMUM 2.75 1945
MINIMUM T 1889
TOTALS 1.31 0.71 0.60 0.39
DAILY AVG. 0.05 NAN NAN 0.01
DAYS >= .01 12 7.5 4.5 8
DAYS >= .10 6 2.7 3.3 1
DAYS >= .50 0 0.1 -0.1 0
DAYS >= 1.00 0 0.0 0.0 0
GREATEST
24 HR. TOTAL 0.31 02/06 TO 02/07 0.12
SNOWFALL (INCHES)
RECORDS
TOTAL 21.7 1922
TOTALS 2.4 3.7 -1.3 4.1
SINCE 7/1 14.5 17.1 -2.6 MM
SNOWDEPTH AVG. 0 0
DAYS >= TRACE 9 3.4 5.6 8
DAYS >= 1.0 0 1.2 -1.2 1
DAYS >= 1.0 0 1
GREATEST
SNOW DEPTH 1 02/05 1
24 HR TOTAL MM MM
DEGREE DAYS
HEATING TOTAL 759 794 -35 879
SINCE 7/1 3908 4351 -443 MM
COOLING TOTAL 0 0 0 0
SINCE 1/1 0 0 0 MM
................................................................
WIND (MPH)
AVERAGE WIND SPEED 7.1
HIGHEST WIND SPEED/DIRECTION 40/230 DATE 02/29
HIGHEST GUST SPEED/DIRECTION 59/230 DATE 02/29
AVERAGE RH (PERCENT) 63
WEATHER CONDITIONS. NUMBER OF DAYS WITH
THUNDERSTORM 0 MIXED PRECIP 0
HEAVY RAIN 1 RAIN 2
LIGHT RAIN 10 FREEZING RAIN 0
LT FREEZING RAIN 0 HAIL 0
HEAVY SNOW 0 SNOW 1
LIGHT SNOW 8 SLEET 0
FOG 10 FOG W/VIS <= 1/4 MILE 0
HAZE 2
- INDICATES NEGATIVE NUMBERS.
R INDICATES RECORD WAS SET OR TIED.
MM INDICATES DATA IS MISSING.
T INDICATES TRACE AMOUNT.
=====================================================================
...FEBRUARY 2024 IN WINNEMUCCA WAS WARMER AND WETTER THAN NORMAL...
$$