000
CXUS55 KRIW 011010
CF6WRL
PRELIMINARY LOCAL CLIMATOLOGICAL DATA (WS FORM: F-6)
STATION: WORLAND WY
MONTH: JUNE
YEAR: 2021
LATITUDE: 43 58 N
LONGITUDE: 107 57 W
TEMPERATURE IN F: :PCPN: SNOW: WIND :SUNSHINE: SKY :PK WND
================================================================================
1 2 3 4 5 6A 6B 7 8 9 10 11 12 13 14 15 16 17 18
12Z AVG MX 2MIN
DY MAX MIN AVG DEP HDD CDD WTR SNW DPTH SPD SPD DIR MIN PSBL S-S WX SPD DR
================================================================================
1 81 56 69 9 0 4 0.00 M M 5.8 17 340 M M 1 23 350
2 86 47 67 6 0 2 0.00 M M 4.6 10 170 M M 1 17 20
3 93 50 72 11 0 7 0.00 M M 5.7 14 150 M M 0 18 160
4 98 50 74 13 0 9 0.00 M M 4.7 23 10 M M 0 35 360
5 98 56 77 15 0 12 0.00 M M 10.4 29 240 M M 0 40 180
6 91 54 73 11 0 8 0.00 M M 7.6 22 230 M M 0 33 220
7 90 51 71 9 0 6 0.00 M M 7.5 25 120 M M 0 8 33 130
8 96 52 74 12 0 9 0.00 M M 7.3 29 330 M M 0 38 190
9 96 47 72 9 0 7 0.00 M M 6.6 22 220 M M 0 29 240
10 94 53 74 11 0 9 0.00 M M 16.6 31 250 M M 1 45 230
11 78 43 61 -2 4 0 0.00 M M 7.0 17 70 M M 0 25 350
12 93 42 68 4 0 3 0.00 M M 6.1 24 220 M M 0 33 210
13 95 50 73 9 0 8 0.00 M M 4.8 13 120 M M 0 17 120
14 104 57 81 17 0 16 0.00 M M 7.1 18 200 M M 0 32 200
15 106 56 81 17 0 16 0.00 M M 9.1 25 220 M M 0 8 37 220
16 96 55 76 11 0 11 0.00 M M 6.9 14 360 M M 0 19 340
17 91 59 75 10 0 10 0.00 M M 6.3 13 150 M M 0 18 340
18 91 52 72 7 0 7 0.00 M M 4.4 14 60 M M 0 19 50
19 94 54 74 8 0 9 0.00 M M 8.5 25 340 M M 0 8 33 340
20 77 56 67 1 0 2 T M M 13.0 28 330 M M 5 39 340
21 82 47 65 -1 0 0 0.00 M M 5.5 12 90 M M 2 16 290
22 96 47 72 6 0 7 0.00 M M 5.2 12 40 M M 0 16 50
23 95 56 76 9 0 11 0.02 M M 8.3 31 270 M M 0 3 46 260
24 86 56 71 4 0 6 0.01 M M 7.2 22 310 M M 2 34 300
25 81 59 70 3 0 5 T M M 6.4 28 310 M M 6 36 320
26 78 55 67 -1 0 2 0.01 M M 7.7 38 340 M M 8 51 340
27 85 57 71 3 0 6 0.01 M M 6.6 21 10 M M 6 31 350
28 86 57 72 4 0 7 0.00 M M 6.9 20 140 M M 2 28 80
29 90 59 75 6 0 10 0.00 M M 7.8 17 130 M M 0 22 130
30 94 53 74 5 0 9 0.00 M M 7.4 16 120 M M 0 20 130
================================================================================
SM 2721 1586 4 218 0.05 M 219.0 M 34
================================================================================
AV 90.7 52.9 7.3 FASTST M M 1 MAX(MPH)
MISC ----> 38 340 51 340
================================================================================
NOTES:
# LAST OF SEVERAL OCCURRENCES
COLUMN 17 PEAK WIND IN M.P.H.
PRELIMINARY LOCAL CLIMATOLOGICAL DATA (WS FORM: F-6) , PAGE 2
STATION: WORLAND WY
MONTH: JUNE
YEAR: 2021
LATITUDE: 43 58 N
LONGITUDE: 107 57 W
[TEMPERATURE DATA] [PRECIPITATION DATA] SYMBOLS USED IN COLUMN 16
AVERAGE MONTHLY: 71.8 TOTAL FOR MONTH: 0.05 1 = FOG OR MIST
DPTR FM NORMAL: 7.2 DPTR FM NORMAL: -0.92 2 = FOG REDUCING VISIBILITY
HIGHEST: 106 ON 15 GRTST 24HR 0.02 ON 23-23 TO 1/4 MILE OR LESS
LOWEST: 42 ON 12 3 = THUNDER
SNOW, ICE PELLETS, HAIL 4 = ICE PELLETS
TOTAL MONTH: M 5 = HAIL
GRTST 24HR M ON M 6 = FREEZING RAIN OR DRIZZLE
GRTST DEPTH: M ON M 7 = DUSTSTORM OR SANDSTORM:
VSBY 1/2 MILE OR LESS
8 = SMOKE OR HAZE
[NO. OF DAYS WITH] [WEATHER - DAYS WITH] 9 = BLOWING SNOW
X = TORNADO
MAX 32 OR BELOW: 0 0.01 INCH OR MORE: 4
MAX 90 OR ABOVE: 20 0.10 INCH OR MORE: 0
MIN 32 OR BELOW: 0 0.50 INCH OR MORE: 0
MIN 0 OR BELOW: 0 1.00 INCH OR MORE: 0
[HDD (BASE 65) ]
TOTAL THIS MO. 4 CLEAR (SCALE 0-3) 26
DPTR FM NORMAL -87 PTCLDY (SCALE 4-7) 4
TOTAL FM JUL 1 7627 CLOUDY (SCALE 8-10) 0
DPTR FM NORMAL -317
[CDD (BASE 65) ]
TOTAL THIS MO. 218
DPTR FM NORMAL 139 [PRESSURE DATA]
TOTAL FM JAN 1 218 HIGHEST SLP 30.15 ON 21
DPTR FM NORMAL 130 LOWEST SLP 29.41 ON 5
[REMARKS]
#FINAL-06-21#