000
CXUS55 KRIW 020044
CF6WRL
PRELIMINARY LOCAL CLIMATOLOGICAL DATA (WS FORM: F-6)
STATION: WORLAND WY
MONTH: JANUARY
YEAR: 2024
LATITUDE: 43 58 N
LONGITUDE: 107 57 W
TEMPERATURE IN F: :PCPN: SNOW: WIND :SUNSHINE: SKY :PK WND
================================================================================
1 2 3 4 5 6A 6B 7 8 9 10 11 12 13 14 15 16 17 18
12Z AVG MX 2MIN
DY MAX MIN AVG DEP HDD CDD WTR SNW DPTH SPD SPD DIR MIN PSBL S-S WX SPD DR
================================================================================
1 40 7 24 8 41 0 0.00 M M 2.3 10 180 M M 0 13 20
2 39 7 23 7 42 0 0.00 M M 3.0 9 190 M M 0 10 190
3 38 6 22 6 43 0 0.00 M M 2.5 9 190 M M 0 10 250
4 30 7 19 3 46 0 0.00 M M 1.9 10 180 M M 4 12 180
5 32 8 20 4 45 0 0.00 M M 3.6 12 290 M M 7 16 290
6 33 6 20 4 45 0 0.00 M M 3.0 13 140 M M 1 15 140
7 33 8 21 5 44 0 T M M 5.5 17 320 M M 7 23 330
8 27 2 15 -1 50 0 0.00 M M 4.0 10 130 M M 2 12 120
9 24 0 12 -4 53 0 0.00 M M 4.1 14 160 M M 1 19 180
10 34 10 22 6 43 0 T M M 5.3 16 360 M M 4 1 23 360
11 16 -6 5 -11 60 0 T M M 4.0 17 340 M M 4 1 23 340
12 0 -17 -8 -24 73 0 T M M 10.1 20 340 M M 8 128 27 350
13 -10 -36 -23 -40 88 0 T M M 4.1 10 360 M M 2 18 13 360
14 -1 -28 -14 -31 79 0 T M M 4.3 14 340 M M 4 1 20 360
15 -5 -29 -17 -34 82 0 T M M 6.3 17 330 M M 3 1 23 330
16 6 -35 -14 -31 79 0 T M M 2.7 10 220 M M 1 11 340
17 24 -8 8 -9 57 0 0.00 M M 3.2 12 110 M M 2 18 290
18 12 -11 1 -16 64 0 T M M 9.4 37 330 M M 4 1 49 330
19 15 -16 0 -17 65 0 0.00 M M 1.9 8 180 M M 3 10 200
20 30 1 16 -1 49 0 0.00 M M 2.3 10 220 M M 2 12 220
21 35 8 22 5 43 0 0.00 M M 2.5 9 180 M M 0 11 190
22 38 5 22 5 43 0 0.00 M M 4.1 10 190 M M 0 11 190
23 44 7 26 9 39 0 0.00 M M 3.1 9 190 M M 1 10 210
24 45 15 30 13 35 0 0.00 M M 3.3 10 180 M M 4 12 180
25 39 12 26 9 39 0 0.00 M M 3.7 9 200 M M 1 10 180
26 42 13 28 10 37 0 0.00 M M 2.4 10 170 M M 0 11 170
27 44 8 26 8 39 0 0.00 M M 3.2 9 140 M M 2 10 120
28 50 17 34 16 31 0 0.00 M M 4.6 10 190 M M 1 12 250
29 53 19 36 18 29 0 0.00 M M 3.2 9 160 M M 0 11 210
30 53 21 37 19 28 0 0.00 M M 4.0 15 150 M M 0 19 160
31 56 20 38 20 27 0 0.00 M M 4.4 15 170 M M 0 18 150
================================================================================
SM 916 21 1538 0 T M 122.0 M 68
================================================================================
AV 29.5 0.7 3.9 FASTST M M 2 MAX(MPH)
MISC ----> 37 330 49 330
================================================================================
NOTES:
# LAST OF SEVERAL OCCURRENCES
COLUMN 17 PEAK WIND IN M.P.H.
PRELIMINARY LOCAL CLIMATOLOGICAL DATA (WS FORM: F-6) , PAGE 2
STATION: WORLAND WY
MONTH: JANUARY
YEAR: 2024
LATITUDE: 43 58 N
LONGITUDE: 107 57 W
[TEMPERATURE DATA] [PRECIPITATION DATA] SYMBOLS USED IN COLUMN 16
AVERAGE MONTHLY: 15.1 TOTAL FOR MONTH: T 1 = FOG OR MIST
DPTR FM NORMAL: -1.8 DPTR FM NORMAL: -0.22 2 = FOG REDUCING VISIBILITY
HIGHEST: 56 ON 31 GRTST 24HR 0.16 ON 12-12 TO 1/4 MILE OR LESS
LOWEST: -36 ON 13 3 = THUNDER
SNOW, ICE PELLETS, HAIL 4 = ICE PELLETS
TOTAL MONTH: M 5 = HAIL
GRTST 24HR M ON M 6 = FREEZING RAIN OR DRIZZLE
GRTST DEPTH: M ON M 7 = DUSTSTORM OR SANDSTORM:
VSBY 1/2 MILE OR LESS
8 = SMOKE OR HAZE
[NO. OF DAYS WITH] [WEATHER - DAYS WITH] 9 = BLOWING SNOW
X = TORNADO
MAX 32 OR BELOW: 14 0.01 INCH OR MORE: 0
MAX 90 OR ABOVE: 0 0.10 INCH OR MORE: 0
MIN 32 OR BELOW: 31 0.50 INCH OR MORE: 0
MIN 0 OR BELOW: 10 1.00 INCH OR MORE: 0
[HDD (BASE 65) ]
TOTAL THIS MO. 1538 CLEAR (SCALE 0-3) 21
DPTR FM NORMAL 46 PTCLDY (SCALE 4-7) 10
TOTAL FM JUL 1 4516 CLOUDY (SCALE 8-10) 0
DPTR FM NORMAL -336
[CDD (BASE 65) ]
TOTAL THIS MO. 0
DPTR FM NORMAL 0 [PRESSURE DATA]
TOTAL FM JAN 1 0 HIGHEST SLP 30.79 ON 15
DPTR FM NORMAL 0 LOWEST SLP 29.46 ON 10
[REMARKS]
#FINAL-01-24#