000
CXUS56 KMTR 011000
CF6WVI
PRELIMINARY LOCAL CLIMATOLOGICAL DATA (WS FORM: F-6)
STATION: WATSONVILLE AIRPORT
MONTH: FEBRUARY
YEAR: 2023
LATITUDE: 36 55 N
LONGITUDE: 121 47 W
TEMPERATURE IN F: :PCPN: SNOW: WIND :SUNSHINE: SKY :PK WND
================================================================================
1 2 3 4 5 6A 6B 7 8 9 10 11 12 13 14 15 16 17 18
12Z AVG MX 2MIN
DY MAX MIN AVG DEP HDD CDD WTR SNW DPTH SPD SPD DIR MIN PSBL S-S WX SPD DR
================================================================================
1 61 30 46 -5 19 0 0.00 M M 2.8 9 240 M M 0 13 260
2 64 33 49 -2 16 0 0.00 M M 2.4 14 240 M M 0 20 280
3 57 44 51 -1 14 0 0.15 M M 3.8 9 290 M M 6 1 12 330
4 60 41 51 -1 14 0 0.43 M M 5.8 22 210 M M 9 1 29 220
5 57 41 49 -3 16 0 0.19 M M 6.4 22 270 M M 5 1 33 270
6 57 36 47 -5 18 0 0.00 M M 3.8 10 220 M M 0 14 220
7 61 35 48 -4 17 0 0.00 M M 2.2 8 250 M M 0 10 260
8 66 36 51 -1 14 0 0.00 M M 2.8 8 270 M M 0 12 270
9 69 37 53 1 12 0 0.00 M M 3.6 9 270 M M 0 13 260
10 62 40 51 -1 14 0 0.00 M M 4.0 14 280 M M 1 21 260
11 55 37 46 -6 19 0 0.21 M M 2.5 17 80 M M 7 1 25 70
12 60 34 47 -5 18 0 0.00 M M 2.7 9 200 M M 0 12 11 190
13 57 37 47 -5 18 0 0.00 M M 2.0 8 170 M M 8 1 11 150
14 57 34 46 -6 19 0 0.01 M M 5.6 18 300 M M 2 29 300
15 57 34 46 -6 19 0 0.00 M M 4.5 13 10 M M 0 26 40
16 59 31 45 -7 20 0 0.00 M M 3.7 12 260 M M 0 16 260
17 64 34 49 -3 16 0 0.00 M M 2.8 12 130 M M 0 16 130
18 67 30 49 -3 16 0 0.00 M M 2.5 10 270 M M 0 13 270
19 67 30 49 -3 16 0 0.00 M M 2.6 8 270 M M 0 12 280
20 68 37 53 1 12 0 0.00 M M 3.0 10 280 M M 0 14 280
21 63 37 50 -2 15 0 0.00 M M 8.1 28 300 M M 1 18 48 290
22 54 32 43 -9 22 0 T M M 10.1 25 260 M M 2 34 260
23 50 33 42 -10 23 0 0.31 M M 7.2 22 210 M M 7 1 29 220
24 49 37 43 -9 22 0 1.12 M M 4.0 22 140 M M 8 13 30 150
25 53 37 45 -7 20 0 T M M 2.5 13 270 M M 7 17 290
26 51 40 46 -6 19 0 0.71 M M 3.6 14 210 M M 10 1 20 200
27 49 36 43 -9 22 0 0.72 M M 5.8 29 250 M M 8 123 41 180
28 52 39 46 -6 19 0 1.05 M M 5.7 22 220 M M 10 1 34 230
================================================================================
SM 1646 1002 489 0 4.90 M 116.5 M 91
================================================================================
AV 58.8 35.8 4.2 FASTST M M 3 MAX(MPH)
MISC ----> 29 250 48 290
================================================================================
NOTES:
# LAST OF SEVERAL OCCURRENCES
COLUMN 17 PEAK WIND IN M.P.H.
PRELIMINARY LOCAL CLIMATOLOGICAL DATA (WS FORM: F-6) , PAGE 2
STATION: WATSONVILLE AIRPORT
MONTH: FEBRUARY
YEAR: 2023
LATITUDE: 36 55 N
LONGITUDE: 121 47 W
[TEMPERATURE DATA] [PRECIPITATION DATA] SYMBOLS USED IN COLUMN 16
AVERAGE MONTHLY: 47.3 TOTAL FOR MONTH: 4.90 1 = FOG OR MIST
DPTR FM NORMAL: -4.6 DPTR FM NORMAL: 0.88 2 = FOG REDUCING VISIBILITY
HIGHEST: 69 ON 9 GRTST 24HR 1.34 ON 26-27 TO 1/4 MILE OR LESS
LOWEST: 30 ON 19,18 3 = THUNDER
SNOW, ICE PELLETS, HAIL 4 = ICE PELLETS
TOTAL MONTH: M 5 = HAIL
GRTST 24HR M ON M 6 = FREEZING RAIN OR DRIZZLE
GRTST DEPTH: M ON M 7 = DUSTSTORM OR SANDSTORM:
VSBY 1/2 MILE OR LESS
8 = SMOKE OR HAZE
[NO. OF DAYS WITH] [WEATHER - DAYS WITH] 9 = BLOWING SNOW
X = TORNADO
MAX 32 OR BELOW: 0 0.01 INCH OR MORE: 10
MAX 90 OR ABOVE: 0 0.10 INCH OR MORE: 9
MIN 32 OR BELOW: 5 0.50 INCH OR MORE: 4
MIN 0 OR BELOW: 0 1.00 INCH OR MORE: 2
[HDD (BASE 65) ]
TOTAL THIS MO. 489 CLEAR (SCALE 0-3) 17
DPTR FM NORMAL 122 PTCLDY (SCALE 4-7) 6
TOTAL FM JUL 1 2316 CLOUDY (SCALE 8-10) 5
DPTR FM NORMAL 337
[CDD (BASE 65) ]
TOTAL THIS MO. 0
DPTR FM NORMAL 0 [PRESSURE DATA]
TOTAL FM JAN 1 0 HIGHEST SLP M ON M
DPTR FM NORMAL 0 LOWEST SLP 29.61 ON 24
[REMARKS]
#FINAL-02-23#