000
CXUS56 KMTR 010900
CF6WVI
PRELIMINARY LOCAL CLIMATOLOGICAL DATA (WS FORM: F-6)
STATION: WATSONVILLE AIRPORT
MONTH: APRIL
YEAR: 2022
LATITUDE: 36 55 N
LONGITUDE: 121 47 W
TEMPERATURE IN F: :PCPN: SNOW: WIND :SUNSHINE: SKY :PK WND
================================================================================
1 2 3 4 5 6A 6B 7 8 9 10 11 12 13 14 15 16 17 18
12Z AVG MX 2MIN
DY MAX MIN AVG DEP HDD CDD WTR SNW DPTH SPD SPD DIR MIN PSBL S-S WX SPD DR
================================================================================
1 65 39 52 -2 13 0 0.00 M M 3.7 12 210 M M 2 1 15 220
2 65 41 53 -1 12 0 0.00 M M 3.5 10 220 M M 5 12 15 210
3 63 47 55 0 10 0 0.00 M M 4.1 10 160 M M 5 1 15 200
4 68 41 55 0 10 0 0.00 M M 3.7 9 200 M M 1 13 210
5 70 44 57 2 8 0 0.00 M M 3.3 10 220 M M 3 12 14 250
6 82 41 62 7 3 0 0.00 M M 3.3 10 240 M M 0 15 250
7 90 51 71 16 0 6 0.00 M M 3.4 15 270 M M 0 20 280
8 75 49 62 7 3 0 0.00 M M 4.8 12 200 M M 0 14 200
9 72 44 58 3 7 0 0.00 M M 4.3 12 150 M M 1 1 15 140
10 72 38 55 0 10 0 0.00 M M 5.4 18 280 M M 0 18 29 300
11 60 36 48 -7 17 0 0.30 M M 7.1 23 290 M M 3 1 36 260
12 62 33 48 -7 17 0 0.00 M M 6.3 18 270 M M 0 27 270
13 59 35 47 -8 18 0 0.00 M M 5.6 15 260 M M 1 21 260
14 61 44 53 -2 12 0 0.10 M M 4.1 13 240 M M 10 1 19 250
15 65 47 56 0 9 0 0.05 M M 3.8 15 260 M M 5 1 20 270
16 61 43 52 -4 13 0 0.66 M M 6.9 23 210 M M 6 1 34 210
17 64 39 52 -4 13 0 0.00 M M 4.1 15 260 M M 3 1 19 250
18 66 38 52 -4 13 0 0.01 M M 4.7 14 250 M M 4 1 20 260
19 63 47 55 -1 10 0 0.13 M M 5.1 15 260 M M 6 1 19 270
20 65 41 53 -3 12 0 T M M 6.7 17 210 M M 3 24 230
21 61 49 55 -1 10 0 0.99 M M 7.0 17 230 M M 9 1 27 240
22 62 45 54 -2 11 0 0.14 M M 4.3 15 220 M M 6 1 20 220
23 65 41 53 -3 12 0 0.00 M M 3.8 10 230 M M 0 15 210
24 67 44 56 0 9 0 0.00 M M 4.2 10 190 M M 0 14 170
25 68 43 56 0 9 0 0.00 M M 3.7 12 240 M M 2 12 18 170
26 67 44 56 0 9 0 0.00 M M 3.9 12 100 M M 2 1 16 220
27 65 44 55 -1 10 0 0.00 M M 3.8 10 140 M M 4 16 200
28 64 40 52 -5 13 0 0.00 M M 6.6 21 240 M M 2 30 260
29 71 39 55 -2 10 0 0.00 M M 4.2 10 160 M M 0 15 260
30 74 42 58 1 7 0 0.00 M M 4.0 16 270 M M 0 24 250
================================================================================
SM 2012 1269 310 6 2.38 M 139.4 M 83
================================================================================
AV 67.1 42.3 4.6 FASTST M M 3 MAX(MPH)
MISC ----> # 23 290 36 260
================================================================================
NOTES:
# LAST OF SEVERAL OCCURRENCES
COLUMN 17 PEAK WIND IN M.P.H.
PRELIMINARY LOCAL CLIMATOLOGICAL DATA (WS FORM: F-6) , PAGE 2
STATION: WATSONVILLE AIRPORT
MONTH: APRIL
YEAR: 2022
LATITUDE: 36 55 N
LONGITUDE: 121 47 W
[TEMPERATURE DATA] [PRECIPITATION DATA] SYMBOLS USED IN COLUMN 16
AVERAGE MONTHLY: 54.7 TOTAL FOR MONTH: 2.38 1 = FOG OR MIST
DPTR FM NORMAL: -0.8 DPTR FM NORMAL: 1.13 2 = FOG REDUCING VISIBILITY
HIGHEST: 90 ON 7 GRTST 24HR 0.99 ON 21-21 TO 1/4 MILE OR LESS
LOWEST: 33 ON 12 3 = THUNDER
SNOW, ICE PELLETS, HAIL 4 = ICE PELLETS
TOTAL MONTH: M 5 = HAIL
GRTST 24HR M ON M 6 = FREEZING RAIN OR DRIZZLE
GRTST DEPTH: M ON M 7 = DUSTSTORM OR SANDSTORM:
VSBY 1/2 MILE OR LESS
8 = SMOKE OR HAZE
[NO. OF DAYS WITH] [WEATHER - DAYS WITH] 9 = BLOWING SNOW
X = TORNADO
MAX 32 OR BELOW: 0 0.01 INCH OR MORE: 8
MAX 90 OR ABOVE: 1 0.10 INCH OR MORE: 6
MIN 32 OR BELOW: 0 0.50 INCH OR MORE: 2
MIN 0 OR BELOW: 0 1.00 INCH OR MORE: 0
[HDD (BASE 65) ]
TOTAL THIS MO. 310 CLEAR (SCALE 0-3) 19
DPTR FM NORMAL 23 PTCLDY (SCALE 4-7) 9
TOTAL FM JUL 1 2391 CLOUDY (SCALE 8-10) 2
DPTR FM NORMAL -230
[CDD (BASE 65) ]
TOTAL THIS MO. 6
DPTR FM NORMAL 2 [PRESSURE DATA]
TOTAL FM JAN 1 7 HIGHEST SLP M ON M
DPTR FM NORMAL 2 LOWEST SLP 29.89 ON 10
[REMARKS]
#FINAL-04-22#