000
CXUS56 KMTR 080911
CF6WVI
PRELIMINARY LOCAL CLIMATOLOGICAL DATA (WS FORM: F-6)
STATION: WATSONVILLE AIRPORT
MONTH: APRIL
YEAR: 2021
LATITUDE: 36 55 N
LONGITUDE: 121 47 W
TEMPERATURE IN F: :PCPN: SNOW: WIND :SUNSHINE: SKY :PK WND
================================================================================
1 2 3 4 5 6A 6B 7 8 9 10 11 12 13 14 15 16 17 18
12Z AVG MX 2MIN
DY MAX MIN AVG DEP HDD CDD WTR SNW DPTH SPD SPD DIR MIN PSBL S-S WX SPD DR
================================================================================
1 82 46 64 10 1 0 0.00 M M 4.9 16 260 M M 0 17 260
2 61 40 51 -3 14 0 0.00 M M 4.2 13 270 M M 4 12 17 250
3 59 45 52 -3 13 0 0.00 M M 5.2 16 250 M M 5 20 250
4 63 40 52 -3 13 0 0.00 M M 4.3 13 260 M M 0 16 260
5 59 44 52 -3 13 0 0.00 M M 5.9 15 260 M M 6 19 270
6 62 50 56 1 9 0 0.00 M M 4.6 14 210 M M 6 19 210
7 65 45 55 0 10 0 0.00 M M 4.8 15 230 M M 3 18 240
8 63 45 54 -1 11 0 0.00 M M 4.6 13 190 M M 4 17 160
9 63 45 54 -1 11 0 0.00 M M 4.9 13 210 M M 4 1 16 220
10 64 45 55 0 10 0 0.00 M M 4.4 12 220 M M 4 15 240
11 63 44 54 -1 11 0 0.00 M M 4.7 12 150 M M 4 15 220
12 59 46 53 -2 12 0 0.00 M M 3.8 13 220 M M 10 18 15 220
13 60 43 52 -3 13 0 0.00 M M 7.0 18 240 M M 9 1 23 220
14 60 45 53 -2 12 0 0.00 M M 5.9 15 230 M M 6 19 230
15 64 42 53 -3 12 0 0.00 M M 5.0 17 260 M M 4 22 260
16 63 40 52 -4 13 0 0.00 M M 5.0 12 150 M M 4 18 16 220
17 63 49 56 0 9 0 0.00 M M 4.1 12 150 M M 6 1 14 230
18 72 46 59 3 6 0 0.00 M M 3.3 12 200 M M 5 12 14 200
19 62 47 55 -1 10 0 0.00 M M 4.8 10 160 M M 5 12 14 210
20 64 48 56 0 9 0 0.00 M M 5.9 18 260 M M 6 24 260
21 56 50 53 -3 12 0 0.00 M M 5.8 12 250 M M 10 1 15 260
22 M M M M M M T M M 3.3 7 180 M M 10 1 M M
23 M M M M M M 0.00 M M M M M M M M M M
24 M M M M M M 0.00 M M M M M M M M M M
25 M M M M M M M M M M M M M M M M M
26 60 44 52 -4 13 0 0.01 M M 5.4 21 270 M M 3 1 26 270
27 62 40 51 -5 14 0 0.00 M M 4.4 13 250 M M 0 18 260
28 76 42 59 2 6 0 0.00 M M 3.5 10 190 M M 0 14 260
29 74 42 58 1 7 0 0.00 M M 3.9 13 220 M M 0 15 210
30 69 44 57 0 8 0 0.00 M M 4.6 12 150 M M 4 12 16 160
================================================================================
SM 1668 1157 272 0 0.01 M 128.2 M 122
================================================================================
AV 64.2 44.5 4.7 FASTST M M 5 MAX(MPH)
MISC ----> 21 270 26 270
================================================================================
NOTES:
# LAST OF SEVERAL OCCURRENCES
COLUMN 17 PEAK WIND IN M.P.H.
PRELIMINARY LOCAL CLIMATOLOGICAL DATA (WS FORM: F-6) , PAGE 2
STATION: WATSONVILLE AIRPORT
MONTH: APRIL
YEAR: 2021
LATITUDE: 36 55 N
LONGITUDE: 121 47 W
[TEMPERATURE DATA] [PRECIPITATION DATA] SYMBOLS USED IN COLUMN 16
AVERAGE MONTHLY: 54.3 TOTAL FOR MONTH: 0.01 1 = FOG OR MIST
DPTR FM NORMAL: -1.2 DPTR FM NORMAL: -1.24 2 = FOG REDUCING VISIBILITY
HIGHEST: 82 ON 1 GRTST 24HR 0.01 ON 26-27 TO 1/4 MILE OR LESS
LOWEST: 40 ON 27,16 3 = THUNDER
SNOW, ICE PELLETS, HAIL 4 = ICE PELLETS
TOTAL MONTH: M 5 = HAIL
GRTST 24HR M ON M 6 = FREEZING RAIN OR DRIZZLE
GRTST DEPTH: M ON M 7 = DUSTSTORM OR SANDSTORM:
VSBY 1/2 MILE OR LESS
8 = SMOKE OR HAZE
[NO. OF DAYS WITH] [WEATHER - DAYS WITH] 9 = BLOWING SNOW
X = TORNADO
MAX 32 OR BELOW: 0 0.01 INCH OR MORE: 1
MAX 90 OR ABOVE: 0 0.10 INCH OR MORE: 0
MIN 32 OR BELOW: 0 0.50 INCH OR MORE: 0
MIN 0 OR BELOW: 0 1.00 INCH OR MORE: 0
[HDD (BASE 65) ]
TOTAL THIS MO. 272 CLEAR (SCALE 0-3) 6
DPTR FM NORMAL -15 PTCLDY (SCALE 4-7) 17
TOTAL FM JUL 1 2422 CLOUDY (SCALE 8-10) 7
DPTR FM NORMAL -199
[CDD (BASE 65) ]
TOTAL THIS MO. 0
DPTR FM NORMAL -4 [PRESSURE DATA]
TOTAL FM JAN 1 0 HIGHEST SLP 30.24 ON 4
DPTR FM NORMAL -5 LOWEST SLP 29.84 ON 11
[REMARKS]
#FINAL-04-21#