000
CXUS56 KMTR 101949
CF6WVI
PRELIMINARY LOCAL CLIMATOLOGICAL DATA (WS FORM: F-6)
STATION: WATSONVILLE AIRPORT
MONTH: AUGUST
YEAR: 2020
LATITUDE: 36 55 N
LONGITUDE: 121 47 W
TEMPERATURE IN F: :PCPN: SNOW: WIND :SUNSHINE: SKY :PK WND
================================================================================
1 2 3 4 5 6A 6B 7 8 9 10 11 12 13 14 15 16 17 18
12Z AVG MX 2MIN
DY MAX MIN AVG DEP HDD CDD WTR SNW DPTH SPD SPD DIR MIN PSBL S-S WX SPD DR
================================================================================
1 75 49 62 -1 3 0 0.00 M M 3.5 10 150 M M 3 12 17 190
2 76 53 65 2 0 0 0.00 M M 3.6 12 180 M M 4 12 15 170
3 77 51 64 1 1 0 0.00 M M 5.3 12 200 M M 1 8 15 160
4 66 58 62 -1 3 0 T M M 4.6 12 90 M M 10 1 16 180
5 74 59 67 4 0 2 0.00 M M 6.2 18 260 M M 7 1 23 260
6 M 58 M M M M 0.00 M M 5.2 12 210 M M 7 16 210
7 M M M M M M 0.00 M M 4.6 14 260 M M 6 8 16 240
8 M M M M M M 0.00 M M 3.8 13 240 M M 5 8 15 240
9 M M M M M M 0.00 M M 4.5 12 250 M M 5 12 16 250
10 M M M M M M 0.00 M M 4.9 15 230 M M 7 1 19 230
11 M M M M M M 0.00 M M 4.7 14 250 M M 5 17 260
12 M M M M M M 0.00 M M 3.6 13 230 M M 6 8 17 230
13 M M M M M M 0.00 M M 3.0 22 210 M M 3 128 28 210
14 M M M M M M 0.00 M M 2.9 15 180 M M 0 18 18 190
15 M M M M M M 0.00 M M 3.7 13 190 M M 0 15 190
16 M M M M M M T M M 5.6 26 210 M M 0 38 32 200
17 M M M M M M 0.00 M M 2.7 16 220 M M 1 20 220
18 M M M M M M 0.00 M M 3.4 12 180 M M 1 14 180
19 M M M M M M 0.00 M M 3.5 12 210 M M 10 18 14 210
20 M M M M M M 0.00 M M 2.5 10 160 M M 10 18 12 190
21 81 63 72 8 0 7 0.00 M M 3.3 12 170 M M 8 128 13 170
22 81 54 68 4 0 3 0.00 M M 4.0 14 200 M M 5 128 16 200
23 82 53 68 4 0 3 T M M 4.5 18 250 M M 4 128 22 270
24 79 59 69 5 0 4 0.00 M M 4.1 13 240 M M 2 18 16 260
25 73 58 66 2 0 1 0.00 M M 4.5 13 230 M M 8 1 17 270
26 67 56 62 -2 3 0 0.00 M M 5.1 12 200 M M 10 128 15 220
27 69 54 62 -2 3 0 0.00 M M 3.6 13 250 M M 8 18 15 260
28 66 54 60 -4 5 0 0.00 M M 4.1 14 260 M M 9 1 16 250
29 67 54 61 -3 4 0 0.00 M M 4.1 13 230 M M 8 1 16 260
30 66 55 61 -3 4 0 0.00 M M 4.3 12 260 M M 6 1 19 250
31 66 54 60 -4 5 0 0.00 M M 5.6 17 260 M M 7 1 21 260
================================================================================
SM 1165 942 31 20 T M 129.0 M 166
================================================================================
AV 72.8 55.4 4.2 FASTST M M 5 MAX(MPH)
MISC ----> 26 210 32 200
================================================================================
NOTES:
# LAST OF SEVERAL OCCURRENCES
COLUMN 17 PEAK WIND IN M.P.H.
PRELIMINARY LOCAL CLIMATOLOGICAL DATA (WS FORM: F-6) , PAGE 2
STATION: WATSONVILLE AIRPORT
MONTH: AUGUST
YEAR: 2020
LATITUDE: 36 55 N
LONGITUDE: 121 47 W
[TEMPERATURE DATA] [PRECIPITATION DATA] SYMBOLS USED IN COLUMN 16
AVERAGE MONTHLY: 64.1 TOTAL FOR MONTH: T 1 = FOG OR MIST
DPTR FM NORMAL: 0.3 DPTR FM NORMAL: -0.05 2 = FOG REDUCING VISIBILITY
HIGHEST: 82 ON 23 GRTST 24HR T ON 4- 4 TO 1/4 MILE OR LESS
LOWEST: 49 ON 1 3 = THUNDER
SNOW, ICE PELLETS, HAIL 4 = ICE PELLETS
TOTAL MONTH: M 5 = HAIL
GRTST 24HR M ON M 6 = FREEZING RAIN OR DRIZZLE
GRTST DEPTH: M ON M 7 = DUSTSTORM OR SANDSTORM:
VSBY 1/2 MILE OR LESS
8 = SMOKE OR HAZE
[NO. OF DAYS WITH] [WEATHER - DAYS WITH] 9 = BLOWING SNOW
X = TORNADO
MAX 32 OR BELOW: 0 0.01 INCH OR MORE: 0
MAX 90 OR ABOVE: 0 0.10 INCH OR MORE: 0
MIN 32 OR BELOW: 0 0.50 INCH OR MORE: 0
MIN 0 OR BELOW: 0 1.00 INCH OR MORE: 0
[HDD (BASE 65) ]
TOTAL THIS MO. 31 CLEAR (SCALE 0-3) 8
DPTR FM NORMAL -30 PTCLDY (SCALE 4-7) 16
TOTAL FM JUL 1 113 CLOUDY (SCALE 8-10) 7
DPTR FM NORMAL -22
[CDD (BASE 65) ]
TOTAL THIS MO. 20
DPTR FM NORMAL -4 [PRESSURE DATA]
TOTAL FM JAN 1 61 HIGHEST SLP 30.07 ON 2
DPTR FM NORMAL -5 LOWEST SLP 29.75 ON 12
[REMARKS]
#FINAL-08-20#