000
CXAK56 PAJK 011410
CF6YAK
PRELIMINARY LOCAL CLIMATOLOGICAL DATA (WS FORM: F-6)
STATION: YAKUTAT
MONTH: DECEMBER
YEAR: 2022
LATITUDE: 59 31 N
LONGITUDE: 139 40 W
TEMPERATURE IN F: :PCPN: SNOW: WIND :SUNSHINE: SKY :PK WND
================================================================================
1 2 3 4 5 6A 6B 7 8 9 10 11 12 13 14 15 16 17 18
12Z AVG MX 2MIN
DY MAX MIN AVG DEP HDD CDD WTR SNW DPTH SPD SPD DIR MIN PSBL S-S WX SPD DR
================================================================================
1 32 16 24 -8 41 0 0.12 M M 3.9 13 60 M M 5 1 17 50
2 27 11 19 -13 46 0 0.00 M M 1.0 6 90 M M 2 1 7 280
3 30 12 21 -11 44 0 0.00 M M 1.2 6 50 M M 7 6 50
4 27 19 23 -9 42 0 0.00 M M 0.6 6 40 M M 4 1 6 40
5 33 16 25 -7 40 0 0.01 M M 1.6 7 80 M M 8 16 9 80
6 35 32 34 2 31 0 0.27 M M 4.6 7 100 M M 10 16 9 80
7 39 32 36 4 29 0 1.22 M M 6.6 20 110 M M 10 1 30 120
8 34 27 31 -1 34 0 0.05 M M 3.2 12 110 M M 10 12 17 110
9 30 16 23 -9 42 0 0.00 M M 2.6 9 40 M M 0 12 80
10 22 11 17 -15 48 0 0.00 M M 0.7 6 270 M M 0 6 280
11 31 13 22 -9 43 0 0.40 M M 6.2 14 40 M M 7 12 18 70
12 41 31 36 5 29 0 1.38 M M 11.9 30 120 M M 10 1 47 120
13 38 33 36 5 29 0 0.75 M M 6.0 15 80 M M 10 1 20 90
14 42 35 39 8 26 0 1.61 M M 4.9 16 200 M M 10 1 20 190
15 42 34 38 7 27 0 1.41 M M 6.5 16 200 M M 10 1 21 200
16 36 24 30 -1 35 0 0.02 M M 4.2 13 80 M M 5 1 17 90
17 29 20 25 -6 40 0 0.00 M M 7.0 14 80 M M 5 19 70
18 23 14 19 -12 46 0 0.00 M M 6.1 13 80 M M 3 18 80
19 20 17 19 -12 46 0 0.03 M M 9.3 14 70 M M 7 1 19 80
20 25 17 21 -9 44 0 0.06 M M 15.0 24 80 M M 10 128 33 80
21 26 11 19 -11 46 0 0.27 M M 11.2 22 80 M M 8 12 30 90
22 19 7 13 -17 52 0 0.00 M M 1.3 7 30 M M 0 8 30
23 27 13 20 -10 45 0 0.10 M M 13.5 31 50 M M 7 1 40 50
24 26 22 24 -6 41 0 0.28 M M 14.1 26 60 M M 10 1 33 70
25 42 17 30 0 35 0 0.20 M M 11.4 24 60 M M 8 1 31 60
26 43 36 40 10 25 0 0.77 M M 10.7 21 100 M M 10 1 32 110
27 37 34 36 6 29 0 0.37 M M 4.5 12 70 M M 10 1 14 70
28 35 32 34 5 31 0 0.08 M M 5.1 9 50 M M 9 1 12 80
29 33 25 29 0 36 0 0.00 M M 1.7 7 70 M M 6 1 8 50
30 34 26 30 1 35 0 0.02 M M 0.1 7 260 M M 9 1 8 270
31 37 29 33 4 32 0 0.69 M M 7.6 18 60 M M 10 16 25 50
================================================================================
SM 995 682 1169 0 10.11 M 184.3 M 220
================================================================================
AV 32.1 22.0 5.9 FASTST M M 7 MAX(MPH)
MISC ----> 31 50 47 120
================================================================================
NOTES:
# LAST OF SEVERAL OCCURRENCES
COLUMN 17 PEAK WIND IN M.P.H.
PRELIMINARY LOCAL CLIMATOLOGICAL DATA (WS FORM: F-6) , PAGE 2
STATION: YAKUTAT
MONTH: DECEMBER
YEAR: 2022
LATITUDE: 59 31 N
LONGITUDE: 139 40 W
[TEMPERATURE DATA] [PRECIPITATION DATA] SYMBOLS USED IN COLUMN 16
AVERAGE MONTHLY: 27.0 TOTAL FOR MONTH: 10.11 1 = FOG OR MIST
DPTR FM NORMAL: -3.8 DPTR FM NORMAL: -3.83 2 = FOG REDUCING VISIBILITY
HIGHEST: 43 ON 26 GRTST 24HR 1.84 ON 13-14 TO 1/4 MILE OR LESS
LOWEST: 7 ON 22 3 = THUNDER
SNOW, ICE PELLETS, HAIL 4 = ICE PELLETS
TOTAL MONTH: M 5 = HAIL
GRTST 24HR M ON M 6 = FREEZING RAIN OR DRIZZLE
GRTST DEPTH: M ON M 7 = DUSTSTORM OR SANDSTORM:
VSBY 1/2 MILE OR LESS
8 = SMOKE OR HAZE
[NO. OF DAYS WITH] [WEATHER - DAYS WITH] 9 = BLOWING SNOW
X = TORNADO
MAX 32 OR BELOW: 15 0.01 INCH OR MORE: 22
MAX 90 OR ABOVE: 0 0.10 INCH OR MORE: 15
MIN 32 OR BELOW: 26 0.50 INCH OR MORE: 7
MIN 0 OR BELOW: 0 1.00 INCH OR MORE: 4
[HDD (BASE 65) ]
TOTAL THIS MO. 1169 CLEAR (SCALE 0-3) 5
DPTR FM NORMAL 107 PTCLDY (SCALE 4-7) 11
TOTAL FM JUL 1 3579 CLOUDY (SCALE 8-10) 15
DPTR FM NORMAL -227
[CDD (BASE 65) ]
TOTAL THIS MO. 0
DPTR FM NORMAL 0 [PRESSURE DATA]
TOTAL FM JAN 1 0 HIGHEST SLP 30.60 ON 21
DPTR FM NORMAL 0 LOWEST SLP 28.96 ON 26
[REMARKS]
#FINAL-12-22#