000
CXUS51 KCLE 011412
CLMYNG
CLIMATE REPORT
NATIONAL WEATHER SERVICE CLEVELAND, OH
1012 AM EDT MON MAY 01 2023
...................................
...THE YOUNGSTOWN OH CLIMATE SUMMARY FOR THE MONTH OF APRIL 2023...
CLIMATE NORMAL PERIOD 1991 TO 2020
CLIMATE RECORD PERIOD 1897 TO 2023
WEATHER OBSERVED NORMAL DEPART LAST YEAR`S
VALUE DATE(S) VALUE FROM VALUE
NORMAL
..............................................................
TEMPERATURE (F)
RECORD
HIGH 88 04/27/1990
04/10/1945
LOW 11 04/14/1950
HIGHEST 86 04/14
LOWEST 25 04/08
AVG. MAXIMUM 63.8 60.3 3.5 57.6
AVG. MINIMUM 39.3 37.9 1.4 37.8
MEAN 51.5 49.1 2.5 47.7
DAYS MAX >= 90 0 0.0 0.0 0
DAYS MAX <= 32 0 0.2 -0.2 0
DAYS MIN <= 32 10 9.3 0.7 9
DAYS MIN <= 0 0 0.0 0.0 0
PRECIPITATION (INCHES)
RECORD
MAXIMUM 7.29 1998
MINIMUM 1.01
TOTALS 3.12 3.75 -0.63 2.94
DAYS >= .01 12 15.0 -3.0 16
DAYS >= .10 7 8.6 -1.6 10
DAYS >= .50 3 2.3 0.7 0
DAYS >= 1.00 1 0.6 0.4 0
GREATEST
24 HR. TOTAL 1.20 04/21 TO 04/22 0.67
SNOWFALL (INCHES)
RECORDS
TOTAL 14.8 2005
TOTALS T 2.6 -2.6 2.5
SINCE 7/1 22.8 67.8 -45.0 60.8
DAYS >= 1.0 0 0.8 -0.8 1
GREATEST
24 HR TOTAL T 04/24 TO 04/24
04/18 TO 04/18
04/17 TO 04/17
DEGREE DAYS
HEATING TOTAL 417 484 -67 529
SINCE 7/1 5077 5817 -740 5390
COOLING TOTAL 20 7 13 17
SINCE 1/1 20 8 12 17
..............................................................
WIND (MPH)
AVERAGE WIND SPEED 8.4
HIGHEST WIND SPEED/DIRECTION 44/260 DATE 04/01
HIGHEST GUST SPEED/DIRECTION 59/250 DATE 04/01
SKY COVER
AVERAGE SKY COVER 0.63
AVERAGE RH (PERCENT) 60
WEATHER CONDITIONS. NUMBER OF DAYS WITH
THUNDERSTORM 4 MIXED PRECIP 0
HEAVY RAIN 3 RAIN 2
LIGHT RAIN 16 FREEZING RAIN 0
LT FREEZING RAIN 0 HAIL 0
HEAVY SNOW 0 SNOW 0
LIGHT SNOW 5 SLEET 2
FOG 13 FOG W/VIS <= 1/4 MILE 0
HAZE 2
- INDICATES NEGATIVE NUMBERS.
R INDICATES RECORD WAS SET OR TIED.
MM INDICATES DATA IS MISSING.
T INDICATES TRACE AMOUNT.
$$