000
CXUS53 KUNR 220945
CF62WX
PRELIMINARY LOCAL CLIMATOLOGICAL DATA (WS FORM: F-6)

                                          STATION:   BUFFALO SD
                                          MONTH:     SEPTEMBER
                                          YEAR:      2014
                                          LATITUDE:   45 35 N
                                          LONGITUDE: 103 33 W

  TEMPERATURE IN F:       :PCPN:    SNOW:  WIND      :SUNSHINE: SKY     :PK WND
================================================================================
1   2   3   4   5  6A  6B    7    8   9   10  11  12  13   14  15   16   17  18
                                     12Z  AVG MX 2MIN
DY MAX MIN AVG DEP HDD CDD  WTR  SNW DPTH SPD SPD DIR MIN PSBL S-S WX    SPD DR
================================================================================

 1  71  48  60  -6   5   0 0.10    M    M  8.0 30 290   M    M   M        37 300
 2  78  50  64  -1   1   0 0.00    M    M 10.3 21 250   M    M   M        25 250
 3  89  48  69   4   0   4 0.00    M    M 14.6 43 320   M    M   M        52 310
 4  66  46  56  -8   9   0 0.00    M    M 20.0 41 300   M    M   M        50 300
 5  70  40  55  -9  10   0 0.00    M    M  5.6 12 300   M    M   M        16 260
 6  80  45  63   0   2   0 0.00    M    M  6.1 20 280   M    M   M        25 280
 7  86  44  65   2   0   0 0.00    M    M  6.6 17 270   M    M   M        22 250
 8  87  53  70   8   0   5 0.00    M    M  9.9 26  70   M    M   M        30  70
 9  57  41  49 -13  16   0 0.00    M    M 16.5 30  70   M    M   M        35  60
10  41  36  39 -22  26   0 0.20    M    M 13.8 21  40   M    M   M        24  40
11  46  34  40 -21  25   0 0.03    M    M  9.1 16  30   M    M   M        21  20
12  57  29  43 -17  22   0 0.00    M    M  9.2 20 180   M    M   M        25 210
13  60  31  46 -14  19   0 0.00    M    M 13.2 35 300   M    M   M        40 290
14  59  32  46 -13  19   0 0.00    M    M  7.2 15  70   M    M   M        20  80
15  68  36  52  -7  13   0 0.00    M    M  6.8 17 160   M    M   M        21 200
16  80  41  61   3   4   0 0.00    M    M  5.0 13 310   M    M   M        17 280
17  77  43  60   2   5   0 0.00    M    M 10.0 22  80   M    M   M        25  80
18  84  52  68  11   0   3 0.00    M    M 10.2 33 290   M    M   M        45 300
19  81  53  67  10   0   2 0.00    M    M 15.4 39 270   M    M   M        46 270
20  75  48  62   6   3   0 0.00    M    M 19.3 36 330   M    M   M        43 320
21  74  40  57   1   8   0 0.00    M    M  5.8 13 130   M    M   M        15 130
================================================================================
SM 1486  890       187  14  0.33    M    222.6          M        M
================================================================================
AV 70.8 42.4                              10.6 FASTST   M    M   2    MAX(MPH)
                                 MISC ---->  # 43 320               # 52  310
================================================================================
NOTES:
# LAST OF SEVERAL OCCURRENCES

COLUMN 17 PEAK WIND IN M.P.H.

PRELIMINARY LOCAL CLIMATOLOGICAL DATA (WS FORM: F-6) , PAGE 2

                                          STATION:  BUFFALO SD
                                          MONTH:    SEPTEMBER
                                          YEAR:     2014
                                          LATITUDE:   45 35 N
                                          LONGITUDE: 103 33 W

[TEMPERATURE DATA]      [PRECIPITATION DATA]       SYMBOLS USED IN COLUMN 16

AVERAGE MONTHLY: 56.6   TOTAL FOR MONTH:   0.33    1 = FOG OR MIST
DPTR FM NORMAL:  -4.2   DPTR FM NORMAL:   -0.55    2 = FOG REDUCING VISIBILITY
HIGHEST:    89 ON  3    GRTST 24HR  0.44 ON 31- 1      TO 1/4 MILE OR LESS
LOWEST:     29 ON 12                               3 = THUNDER
                        SNOW, ICE PELLETS, HAIL    4 = ICE PELLETS
                        TOTAL MONTH:    M          5 = HAIL
                        GRTST 24HR    M  ON   M    6 = FREEZING RAIN OR DRIZZLE
                        GRTST DEPTH:  M  ON   M    7 = DUSTSTORM OR SANDSTORM:
                                                       VSBY 1/2 MILE OR LESS
                                                   8 = SMOKE OR HAZE
[NO. OF DAYS WITH]      [WEATHER - DAYS WITH]      9 = BLOWING SNOW
                                                   X = TORNADO
MAX 32 OR BELOW:   0    0.01 INCH OR MORE:   3
MAX 90 OR ABOVE:   0    0.10 INCH OR MORE:   2
MIN 32 OR BELOW:   3    0.50 INCH OR MORE:   0
MIN  0 OR BELOW:   0    1.00 INCH OR MORE:   0

[HDD (BASE 65) ]
TOTAL THIS MO.   187    CLEAR  (SCALE 0-3)   0
DPTR FM NORMAL    57    PTCLDY (SCALE 4-7)   0
TOTAL FM JUL 1   238    CLOUDY (SCALE 8-10)  0
DPTR FM NORMAL    56

[CDD (BASE 65) ]
TOTAL THIS MO.    14
DPTR FM NORMAL   -26    [PRESSURE DATA]
TOTAL FM JAN 1   379    HIGHEST SLP M ON M
DPTR FM NORMAL  -132    LOWEST  SLP 29.46 ON  3

[REMARKS]
