000
CXUS54 KEWX 280910
CF63T5
PRELIMINARY LOCAL CLIMATOLOGICAL DATA (WS FORM: F-6)

                                          STATION:   LA GRANGE
                                          MONTH:     MAY
                                          YEAR:      2015
                                          LATITUDE:   29 54 N
                                          LONGITUDE:  96 57 W

  TEMPERATURE IN F:       :PCPN:    SNOW:  WIND      :SUNSHINE: SKY     :PK WND
================================================================================
1   2   3   4   5  6A  6B    7    8   9   10  11  12  13   14  15   16   17  18
                                     12Z  AVG MX 2MIN
DY MAX MIN AVG DEP HDD CDD  WTR  SNW DPTH SPD SPD DIR MIN PSBL S-S WX    SPD DR
================================================================================

 1  82  55  69   M   0   4 0.00    M    0  2.3  7 160   M    M   1         M  M
 2  82  57  70   M   0   5 0.00  0.0    0  3.8  8 150   M    M   0         M  M
 3  84  56  70   M   0   5 0.00  0.0    0  4.8 10 160   M    M   1        16 150
 4  84  65  75   M   0  10 0.00  0.0    0  5.8 13 140   M    M   2 1      17 140
 5  86  66  76   M   0  11 0.01  0.0    0  9.0 17 170   M    M   5 3      28 170
 6  88  73  81   M   0  16 0.00  0.0    0  9.7 14 180   M    M   5        21 150
 7  85  74  80   M   0  15 0.00    M    0  8.0 13 170   M    M   6        21 170
 8  86  76  81   M   0  16 0.00  0.0    0  9.0 14 140   M    M   5 18     22 160
 9  89  76  83   M   0  18 0.00  0.0    0 10.2 21 170   M    M   4 138    28 160
10  89  77  83   M   0  18 0.00    M    0 12.1 17 170   M    M   4 18     25 160
11  79  70  75   M   0  10 0.68  0.0    0  4.7 12  40   M    M   6 138    18  40
12  76  69  73   M   0   8 0.17  0.0    0  4.3  8  70   M    M   8 3       M  M
13  75  68  72   M   0   7 0.49  0.0    0  3.6 12 130   M    M   6 1       M  M
14  86  73  80   M   0  15 0.23    M    0  5.7 10 150   M    M   5 13     16 150
15  78  70  74   M   0   9 0.32  0.0    0  3.9 10 110   M    M   5 3      21 110
16  88  70  79   M   0  14 0.00    M    M  9.2 18 160   M    M   5 1      25 180
17  84  69  77   M   0  12 0.62  0.0    0  5.0 13 170   M    M   6 138    22 360
18  89  71  80   M   0  15 3.03  0.0    0  5.4 10 300   M    M   4 3      21 300
19  89  76  83   M   0  18 0.13  0.0    0  7.0 17 170   M    M   6 13     21 170
20  90  75  83   M   0  18 0.00  0.0    0  4.9 13 160   M    M   4 1      21 160
21  77  65  71   M   0   6 0.00  0.0    0  5.9 10 360   M    M   8 1      22  20
22  82  66  74   M   0   9 0.00  0.0    0  6.5 10 130   M    M   9 1       M  M
23  86  67  77   M   0  12 1.23  0.0    0  6.6 12 150   M    M   6 3      17 150
24  84  66  75   M   0  10 1.20  0.0    0  6.5 14 190   M    M   6 13     17 190
25  86  66  76   M   0  11 0.60    M    0  9.4 23 310   M    M   7 3      39 310
26  89  67  78   M   0  13 0.00    M    0  7.3 13 150   M    M   6 3      17 160
27  89  68  79   M   0  14 0.20    M    0  6.9 13 190   M    M   4 13     20 180
================================================================================
SM 2282 1851         0 319  8.91     0.0 177.5          M      134
================================================================================
AV 84.5 68.6                               6.6 FASTST   M    M   5    MAX(MPH)
                                 MISC ---->  # 23 310                 39    M
================================================================================
NOTES:
# LAST OF SEVERAL OCCURRENCES

COLUMN 17 PEAK WIND IN M.P.H.

PRELIMINARY LOCAL CLIMATOLOGICAL DATA (WS FORM: F-6) , PAGE 2

                                          STATION:  LA GRANGE
                                          MONTH:    MAY
                                          YEAR:     2015
                                          LATITUDE:   29 54 N
                                          LONGITUDE:  96 57 W

[TEMPERATURE DATA]      [PRECIPITATION DATA]       SYMBOLS USED IN COLUMN 16

AVERAGE MONTHLY: 76.5   TOTAL FOR MONTH:   8.91    1 = FOG OR MIST
DPTR FM NORMAL:     M   DPTR FM NORMAL:       M    2 = FOG REDUCING VISIBILITY
HIGHEST:    90 ON 20    GRTST 24HR  3.03 ON 18-18      TO 1/4 MILE OR LESS
LOWEST:     55 ON  1                               3 = THUNDER
                        SNOW, ICE PELLETS, HAIL    4 = ICE PELLETS
                        TOTAL MONTH:   0.0 INCH    5 = HAIL
                        GRTST 24HR     0.0         6 = FREEZING RAIN OR DRIZZLE
                        GRTST DEPTH:   0           7 = DUSTSTORM OR SANDSTORM:
                                                       VSBY 1/2 MILE OR LESS
                                                   8 = SMOKE OR HAZE
[NO. OF DAYS WITH]      [WEATHER - DAYS WITH]      9 = BLOWING SNOW
                                                   X = TORNADO
MAX 32 OR BELOW:   0    0.01 INCH OR MORE:  13
MAX 90 OR ABOVE:   1    0.10 INCH OR MORE:  12
MIN 32 OR BELOW:   0    0.50 INCH OR MORE:   6
MIN  0 OR BELOW:   0    1.00 INCH OR MORE:   3

[HDD (BASE 65) ]
TOTAL THIS MO.     0    CLEAR  (SCALE 0-3)   4
DPTR FM NORMAL     M    PTCLDY (SCALE 4-7)  22
TOTAL FM JUL 1  1543    CLOUDY (SCALE 8-10)  1
DPTR FM NORMAL     M

[CDD (BASE 65) ]
TOTAL THIS MO.   319
DPTR FM NORMAL     M    [PRESSURE DATA]
TOTAL FM JAN 1   611    HIGHEST SLP M ON M
DPTR FM NORMAL     M    LOWEST  SLP M ON M

[REMARKS]
