000
CXUS55 KABR 261400
CF68D3
PRELIMINARY LOCAL CLIMATOLOGICAL DATA (WS FORM: F-6)

                                          STATION:   SISSETON SD
                                          MONTH:     FEBRUARY
                                          YEAR:      2015
                                          LATITUDE:   45 40 N
                                          LONGITUDE:  96 59 W

  TEMPERATURE IN F:       :PCPN:    SNOW:  WIND      :SUNSHINE: SKY     :PK WND
================================================================================
1   2   3   4   5  6A  6B    7    8   9   10  11  12  13   14  15   16   17  18
                                     12Z  AVG MX 2MIN
DY MAX MIN AVG DEP HDD CDD  WTR  SNW DPTH SPD SPD DIR MIN PSBL S-S WX    SPD DR
================================================================================

 1   8  -4   2 -12  63   0 0.00  0.0    0 16.4 25  10   M    M   0        32 360
 2  22  -4   9  -5  56   0 0.00  0.0    0  9.0 18 310   M    M   0        23 310
 3  14   0   7  -8  58   0 0.13  2.1    0  5.4 12  70   M    M   0        13  70
 4  10 -13  -1 -16  66   0 0.00  0.0    2 11.5 24 340   M    M   0        28 340
 5  31 -12  10  -5  55   0 0.00  0.0    2  8.9 31 250   M    M   0        38 250
 6  30  16  23   8  42   0 0.00  0.0    1  6.9 15 170   M    M   0        18 180
 7  34  21  28  12  37   0 0.00  0.0    1  4.3 15 170   M    M   0        17 170
 8  32  18  25   9  40   0 0.00  0.0    1 12.1 18  10   M    M   0        21  10
 9  27  16  22   6  43   0 0.00  0.0    1  6.7 16 150   M    M   0        21 150
10  36  16  26  10  39   0 0.11  0.5    1 17.6 37 340   M    M   0        44 320
11  16  -3   7 -10  58   0    T    T    1 23.8 35 340   M    M   0        41 340
12  17  -8   5 -12  60   0 0.04  0.5    1 10.3 21 350   M    M   0        25 350
13  24  14  19   2  46   0 0.00  0.0    1 14.9 29  20   M    M   0        34  20
14  14  -9   3 -15  62   0    T    T    1 14.5 35  10   M    M   0        42  10
15  16   2   9  -9  56   0 0.02  0.2    1 13.5 23 170   M    M   0        29 170
16  19   9  14  -4  51   0    T    T    1 11.5 24  10   M    M   0        30  20
17  10  -5   3 -16  62   0    T    T    1 16.9 30 340   M    M   0        37 340
18   3 -10  -3 -22  68   0 0.00  0.0    1 12.0 22 350   M    M   0        26 340
19  17 -14   2 -17  63   0 0.00  0.0    1  9.7 20 150   M    M   0        22 160
20  35  15  25   5  40   0 0.02  0.1    1 11.1 20 360   M    M   0        24  10
21  17  -3   7 -13  58   0    T  0.1    1 16.0 25 360   M    M   0        30 360
22   0 -15  -7 -27  72   0 0.00  0.0    1 12.7 24 360   M    M   0        27 350
23  34 -11  12  -9  53   0 0.00  0.0    1 15.7 33 250   M    M   0        45 240
24  33  15  24   3  41   0 0.01    T    1 16.6 33  20   M    M   0        47 350
25  15  -6   5 -17  60   0 0.08  2.1    2 15.3 25 360   M    M   0        30 360
================================================================================
SM  514   25      1349   0  0.41     5.6 313.3          M        0
================================================================================
AV 20.6  1.0                              12.5 FASTST   M    M   0    MAX(MPH)
                                 MISC ---->  # 37 340               # 47  350
================================================================================
NOTES:
# LAST OF SEVERAL OCCURRENCES

COLUMN 17 PEAK WIND IN M.P.H.

PRELIMINARY LOCAL CLIMATOLOGICAL DATA (WS FORM: F-6) , PAGE 2

                                          STATION:  SISSETON SD
                                          MONTH:    FEBRUARY
                                          YEAR:     2015
                                          LATITUDE:   45 40 N
                                          LONGITUDE:  96 59 W

[TEMPERATURE DATA]      [PRECIPITATION DATA]       SYMBOLS USED IN COLUMN 16

AVERAGE MONTHLY: 10.8   TOTAL FOR MONTH:   0.41    1 = FOG OR MIST
DPTR FM NORMAL:  -6.7   DPTR FM NORMAL:    0.05    2 = FOG REDUCING VISIBILITY
HIGHEST:    36 ON 10    GRTST 24HR  0.13 ON  3- 3      TO 1/4 MILE OR LESS
LOWEST:    -15 ON 22                               3 = THUNDER
                        SNOW, ICE PELLETS, HAIL    4 = ICE PELLETS
                        TOTAL MONTH:   5.6 INCHES  5 = HAIL
                        GRTST 24HR   2.1 ON   M    6 = FREEZING RAIN OR DRIZZLE
                        GRTST DEPTH:   2 ON 25, 5  7 = DUSTSTORM OR SANDSTORM:
                                                       VSBY 1/2 MILE OR LESS
                                                   8 = SMOKE OR HAZE
[NO. OF DAYS WITH]      [WEATHER - DAYS WITH]      9 = BLOWING SNOW
                                                   X = TORNADO
MAX 32 OR BELOW:  20    0.01 INCH OR MORE:   7
MAX 90 OR ABOVE:   0    0.10 INCH OR MORE:   2
MIN 32 OR BELOW:  25    0.50 INCH OR MORE:   0
MIN  0 OR BELOW:  15    1.00 INCH OR MORE:   0

[HDD (BASE 65) ]
TOTAL THIS MO.  1349    CLEAR  (SCALE 0-3)  25
DPTR FM NORMAL   163    PTCLDY (SCALE 4-7)   0
TOTAL FM JUL 1  6087    CLOUDY (SCALE 8-10)  0
DPTR FM NORMAL   -45

[CDD (BASE 65) ]
TOTAL THIS MO.     0
DPTR FM NORMAL     0    [PRESSURE DATA]
TOTAL FM JAN 1     0    HIGHEST SLP M ON M
DPTR FM NORMAL     0    LOWEST  SLP 29.56 ON  7

[REMARKS]
