000
CXUS52 KTAE 220800
CF6AAF
PRELIMINARY LOCAL CLIMATOLOGICAL DATA (WS FORM: F-6)

                                          STATION:   APALACHICOLA
                                          MONTH:     FEBRUARY
                                          YEAR:      2018
                                          LATITUDE:   29 43 N
                                          LONGITUDE:  85  2 W

  TEMPERATURE IN F:       :PCPN:    SNOW:  WIND      :SUNSHINE: SKY     :PK WND
================================================================================
1   2   3   4   5  6A  6B    7    8   9   10  11  12  13   14  15   16   17  18
                                     12Z  AVG MX 2MIN
DY MAX MIN AVG DEP HDD CDD  WTR  SNW DPTH SPD SPD DIR MIN PSBL S-S WX    SPD DR
================================================================================

 1  67  38  53   0  12   0 0.00  0.0    0  6.4 15 150   M    M   3 1      19 140
 2  67  46  57   3   8   0 0.00  0.0    0 11.0 24  20   M    M   5        31  10
 3  60  37  49  -5  16   0 0.00  0.0    0 10.8 18 110   M    M   3        27 120
 4  73  56  65  11   0   0 1.06  0.0    0 11.5 21 160   M    M   8 13     27 170
 5  64  45  55   1  10   0 0.00  0.0    0  5.3 14  50   M    M   0 1      18  40
 6  68  45  57   3   8   0    T  0.0    0  6.4 14 100   M    M   4        19 110
 7  73  62  68  14   0   3 0.16  0.0    0  8.1 15  10   M    M   7 13     19  10
 8  74  55  65  11   0   0 0.00  0.0    0  9.7 21  20   M    M   5 12     25  30
 9  65  54  60   6   5   0 0.00  0.0    0  7.1 14  90   M    M   8 1      19 100
10  74  55  65  10   0   0 0.00  0.0    0  8.4 16 150   M    M   6 12     22 160
11  70  64  67  12   0   2 2.11  0.0    0 10.1 20 160   M    M   9 12     26 160
12  69  63  66  11   0   1 0.35  0.0    0  5.6 12 170   M    M   8 1      16 140
13  75  62  69  14   0   4 0.00  0.0    0  9.1 17 110   M    M   4 1      24 120
14  67  60  64   9   1   0 0.00  0.0    0  6.2 13  90   M    M  10 12     16 110
15  68  59  64   9   1   0 0.00  0.0    0  3.9 13 190   M    M   8 12     16 200
16  80  62  71  15   0   6 0.00  0.0    0  6.9 18 250   M    M   6 12     23 250
17  77  59  68  12   0   3    T  0.0    0  4.2 12 190   M    M   6 12     14 210
18  78  65  72  16   0   7 0.00  0.0    0  6.0 12 160   M    M   3 12     16 200
19  74  61  68  12   0   3 0.00  0.0    0  6.7 17 140   M    M   5 12     22 130
20  75  62  69  13   0   4 0.00  0.0    0  9.8 17 140   M    M   5 1      24 130
21  77  63  70  14   0   5 0.00  0.0    0  7.7 16 140   M    M   3        23 130
================================================================================
SM 1495 1173        61  38  3.68     0.0 160.9          M      116
================================================================================
AV 71.2 55.9                               7.7 FASTST   M    M   6    MAX(MPH)
                                 MISC ---->  # 24  20               # 31   10
================================================================================
NOTES:
# LAST OF SEVERAL OCCURRENCES

COLUMN 17 PEAK WIND IN M.P.H.

PRELIMINARY LOCAL CLIMATOLOGICAL DATA (WS FORM: F-6) , PAGE 2

                                          STATION:  APALACHICOLA
                                          MONTH:    FEBRUARY
                                          YEAR:     2018
                                          LATITUDE:   29 43 N
                                          LONGITUDE:  85  2 W

[TEMPERATURE DATA]      [PRECIPITATION DATA]       SYMBOLS USED IN COLUMN 16

AVERAGE MONTHLY: 63.5   TOTAL FOR MONTH:   3.68    1 = FOG OR MIST
DPTR FM NORMAL:   8.7   DPTR FM NORMAL:    0.64    2 = FOG REDUCING VISIBILITY
HIGHEST:    80 ON 16    GRTST 24HR  2.11 ON 11-11      TO 1/4 MILE OR LESS
LOWEST:     37 ON  3                               3 = THUNDER
                        SNOW, ICE PELLETS, HAIL    4 = ICE PELLETS
                        TOTAL MONTH:   0.0 INCH    5 = HAIL
                        GRTST 24HR     0.0         6 = FREEZING RAIN OR DRIZZLE
                        GRTST DEPTH:   0           7 = DUSTSTORM OR SANDSTORM:
                                                       VSBY 1/2 MILE OR LESS
                                                   8 = SMOKE OR HAZE
[NO. OF DAYS WITH]      [WEATHER - DAYS WITH]      9 = BLOWING SNOW
                                                   X = TORNADO
MAX 32 OR BELOW:   0    0.01 INCH OR MORE:   4
MAX 90 OR ABOVE:   0    0.10 INCH OR MORE:   4
MIN 32 OR BELOW:   0    0.50 INCH OR MORE:   2
MIN  0 OR BELOW:   0    1.00 INCH OR MORE:   2

[HDD (BASE 65) ]
TOTAL THIS MO.    61    CLEAR  (SCALE 0-3)   2
DPTR FM NORMAL  -157    PTCLDY (SCALE 4-7)  16
TOTAL FM JUL 1   899    CLOUDY (SCALE 8-10)  3
DPTR FM NORMAL  -211

[CDD (BASE 65) ]
TOTAL THIS MO.    38
DPTR FM NORMAL    38    [PRESSURE DATA]
TOTAL FM JAN 1    41    HIGHEST SLP M ON M
DPTR FM NORMAL    37    LOWEST  SLP 29.88 ON  4

[REMARKS]
