000
CXUS51 KPHI 011212
CF6ABE
PRELIMINARY LOCAL CLIMATOLOGICAL DATA (WS FORM: F-6)

                                          STATION:   ALLENTOWN PA
                                          MONTH:     JUNE
                                          YEAR:      2015
                                          LATITUDE:   40 39 N
                                          LONGITUDE:  75 26 W

  TEMPERATURE IN F:       :PCPN:    SNOW:  WIND      :SUNSHINE: SKY     :PK WND
================================================================================
1   2   3   4   5  6A  6B    7    8   9   10  11  12  13   14  15   16   17  18
                                     12Z  AVG MX 2MIN
DY MAX MIN AVG DEP HDD CDD  WTR  SNW DPTH SPD SPD DIR MIN PSBL S-S WX    SPD DR
================================================================================

 1  64  54  59  -6   6   0 1.22  0.0    0  8.9 14  70   M    M   9 13     18  60
 2  58  51  55 -10  10   0 0.82  0.0    0  6.7 16  30   M    M  10 1      21  30
 3  70  55  63  -3   2   0    T  0.0    0  5.8 13  70   M    M   7        15  60
 4  69  56  63  -3   2   0 0.00  0.0    0  8.4 16  80   M    M  10        20  90
 5  79  57  68   2   0   3 0.00  0.0    0  4.0  9 160   M    M   8        14 120
 6  81  57  69   3   0   4 0.00  0.0    0  6.7 20 350   M    M   5 1      24  10
 7  78  50  64  -3   1   0 0.00  0.0    0  8.1 17 180   M    M   4        24 170
 8  86  62  74   7   0   9 0.58  0.0    0  8.9 22 250   M    M   6 138    28 240
 9  83  62  73   6   0   8 0.49  0.0    0  7.9 23 250   M    M   5 1      36 270
10  83  56  70   2   0   5    T  0.0    0  6.0 18 240   M    M   1 1      26 250
11  89  65  77   9   0  12 0.04  0.0    0  6.3 17 300   M    M   1 38     23 290
12  92  67  80  12   0  15 0.38  0.0    0  3.9 33 240   M    M   2 138    56 240
13  85  69  77   8   0  12 0.00  0.0    0  6.2 18 350   M    M   3        24 350
14  89  65  77   8   0  12 0.28  0.0    0  3.4 22 240   M    M   4 13     31 230
15  88  73  81  12   0  16 0.93  0.0    0  6.1 21 110   M    M   8 123    26  10
16  88  68  78   8   0  13 0.10  0.0    0  5.5 16 250   0    0   0        30 280
17  83  60  72   2   0   7 0.00  0.0    0  5.3 15 150   M    M   4        18 160
18  69  64  67  -3   0   2 0.16  0.0    0  4.6 10 110   M    M  10 18     14 130
19  85  67  76   6   0  11 0.01  0.0    0  5.6 14 340   M    M   7 1      17 340
20  71  62  67  -3   0   2 0.43  0.0    0  8.1 13  70   M    M   9 138    16  80
21  87  70  79   8   0  14 0.59  0.0    0  9.5 21 260   M    M   7 1      25 260
22  87  66  77   6   0  12 0.00  0.0    0  6.6 16 240   M    M   1        22 240
23  89  66  78   7   0  13 0.01  0.0    0  7.0 20 240   M    M   1 3      25 240
24  83  61  72   1   0   7 0.00  0.0    0  4.6 13 330   M    M   1        17 340
25  81  57  69  -3   0   4    T  0.0    0  4.7 10 250   M    M   3        14 190
26  83  61  72   0   0   7 0.00  0.0    0  4.8 13  60   M    M   4        17  70
27  71  58  65  -7   0   0 0.86  0.0    0 10.7 22  80   M    M  10 1      26  80
28  75  58  67  -5   0   2 0.17  0.0    0  7.9 20 240   M    M   9 1      41 330
29  79  58  69  -3   0   4 0.00  0.0    0  7.5 14 260   M    M   4        18 270
30  78  61  70  -2   0   5 0.52  0.0    0  4.9 40 350   M    M   7 123    61 340
================================================================================
SM 2403 1836        21 199  7.59     0.0 194.6            0    160
================================================================================
AV 80.1 61.2                               6.5 FASTST    0   0   5    MAX(MPH)
                                 MISC ---->  # 40 350               # 61  340
================================================================================
NOTES:
# LAST OF SEVERAL OCCURRENCES

COLUMN 17 PEAK WIND IN M.P.H.

PRELIMINARY LOCAL CLIMATOLOGICAL DATA (WS FORM: F-6) , PAGE 2

                                          STATION:  ALLENTOWN PA
                                          MONTH:    JUNE
                                          YEAR:     2015
                                          LATITUDE:   40 39 N
                                          LONGITUDE:  75 26 W

[TEMPERATURE DATA]      [PRECIPITATION DATA]       SYMBOLS USED IN COLUMN 16

AVERAGE MONTHLY: 70.7   TOTAL FOR MONTH:   7.59    1 = FOG OR MIST
DPTR FM NORMAL:   1.6   DPTR FM NORMAL:    3.28    2 = FOG REDUCING VISIBILITY
HIGHEST:    92 ON 12    GRTST 24HR  1.69 ON 31- 1      TO 1/4 MILE OR LESS
LOWEST:     50 ON  7                               3 = THUNDER
                        SNOW, ICE PELLETS, HAIL    4 = ICE PELLETS
                        TOTAL MONTH:   0.0 INCH    5 = HAIL
                        GRTST 24HR     0.0         6 = FREEZING RAIN OR DRIZZLE
                        GRTST DEPTH:   0           7 = DUSTSTORM OR SANDSTORM:
                                                       VSBY 1/2 MILE OR LESS
                                                   8 = SMOKE OR HAZE
[NO. OF DAYS WITH]      [WEATHER - DAYS WITH]      9 = BLOWING SNOW
                                                   X = TORNADO
MAX 32 OR BELOW:   0    0.01 INCH OR MORE:  17
MAX 90 OR ABOVE:   1    0.10 INCH OR MORE:  14
MIN 32 OR BELOW:   0    0.50 INCH OR MORE:   7
MIN  0 OR BELOW:   0    1.00 INCH OR MORE:   1

[HDD (BASE 65) ]
TOTAL THIS MO.    21    CLEAR  (SCALE 0-3)   8
DPTR FM NORMAL   -12    PTCLDY (SCALE 4-7)  13
TOTAL FM JUL 1  5949    CLOUDY (SCALE 8-10)  9
DPTR FM NORMAL   148

[CDD (BASE 65) ]
TOTAL THIS MO.   199
DPTR FM NORMAL    44    [PRESSURE DATA]
TOTAL FM JAN 1   332    HIGHEST SLP 30.26 ON  4
DPTR FM NORMAL   132    LOWEST  SLP 29.65 ON 28

[REMARKS]
#FINAL-06-15#
