000
CXUS51 KPHI 310800
CF6ABE
PRELIMINARY LOCAL CLIMATOLOGICAL DATA (WS FORM: F-6)

                                          STATION:   ALLENTOWN PA
                                          MONTH:     JULY
                                          YEAR:      2014
                                          LATITUDE:   40 39 N
                                          LONGITUDE:  75 26 W

  TEMPERATURE IN F:       :PCPN:    SNOW:  WIND      :SUNSHINE: SKY     :PK WND
================================================================================
1   2   3   4   5  6A  6B    7    8   9   10  11  12  13   14  15   16   17  18
                                     12Z  AVG MX 2MIN
DY MAX MIN AVG DEP HDD CDD  WTR  SNW DPTH SPD SPD DIR MIN PSBL S-S WX    SPD DR
================================================================================

 1  92  68  80   7   0  15 0.00  0.0    0  8.5 20 200   M    M   2        25 150
 2  94  73  84  11   0  19 0.18  0.0    0  4.5 17 210   M    M   3 13     22 210
 3  89  71  80   7   0  15 0.31  0.0    0  5.5 20 310   M    M   6 138    26 310
 4  74  61  68  -5   0   3 0.41  0.0    0 11.9 24 320   M    M   6 1      31 320
 5  82  56  69  -4   0   4 0.00  0.0    0  7.8 17 340   M    M   0        21 350
 6  85  56  71  -2   0   6    T  0.0    0  6.7 17 210   M    M   1        30 210
 7  90  70  80   7   0  15    T  0.0    0 10.0 22 230   M    M   5        30 240
 8  91  68  80   7   0  15 0.04  0.0    0  8.3 33 230   M    M   1 13     47 230
 9  87  65  76   2   0  11 0.12  0.0    0  6.0 23 280   M    M   4 13     29 270
10  83  62  73  -1   0   8    T  0.0    0  4.2 17  30   M    M   3 1      22  40
11  86  63  75   1   0  10 0.00  0.0    0  4.5 13  60   M    M   2 1      17  80
12  87  64  76   2   0  11 0.00  0.0    0  5.5 16 230   M    M   4 1      21 190
13  88  71  80   6   0  15 1.01  0.0    0  9.5 26 280   M    M   6 13     33 290
14  85  71  78   4   0  13 0.86  0.0    0  2.2 14 320   M    M   8 123    16 320
15  83  71  77   3   0  12 0.15  0.0    0  3.1  9 240   M    M   7 18     12 210
16  79  63  71  -3   0   6 0.14  0.0    0  4.2 14 260   M    M   2 1      18 330
17  79  58  69  -5   0   4 0.00  0.0    0  5.2 15 270   M    M   2        21 270
18  81  55  68  -6   0   3 0.00  0.0    0  2.4  9 260   M    M   1        13 270
19  81  63  72  -2   0   7 0.02  0.0    0  5.3 13 110   M    M   1        17 100
20  83  64  74   0   0   9 0.03  0.0    0  4.9 12 100   M    M   7        18  50
21  85  62  74   0   0   9 0.00  0.0    0  2.4  9 240   M    M   3         9 240
22  87  64  76   2   0  11 0.00  0.0    0  5.6 15 250   M    M   2 18     18 250
23  91  68  80   6   0  15 0.47  0.0    0  4.6 24 280   M    M   3 123    35 290
24  82  61  72  -2   0   7 0.00  0.0    0  7.7 15 330   M    M   3        21  20
25  83  54  69  -5   0   4 0.00  0.0    0  2.5 10 250   M    M   0        14 250
26  83  60  72  -2   0   7    T  0.0    0  2.7 12 220   M    M   2        15 280
27  88  66  77   3   0  12 0.58  0.0    0  6.5 16 180   M    M   5 138    21 170
28  81  63  72  -2   0   7    T  0.0    0  9.1 22 250   M    M   7 1      30 260
29  75  54  65  -8   0   0 0.00  0.0    0  4.3 14 300   M    M   4        22 290
30  78  51  65  -8   0   0 0.00  0.0    0  3.7 14 250   M    M   1        17 210
================================================================================
SM 2532 1896         0 273  4.32     0.0 169.3          M      101
================================================================================
AV 84.4 63.2                               5.6 FASTST   M    M   3    MAX(MPH)
                                 MISC ---->    33   M                 47    M
================================================================================
NOTES:
# LAST OF SEVERAL OCCURRENCES

COLUMN 17 PEAK WIND IN M.P.H.

PRELIMINARY LOCAL CLIMATOLOGICAL DATA (WS FORM: F-6) , PAGE 2

                                          STATION:  ALLENTOWN PA
                                          MONTH:    JULY
                                          YEAR:     2014
                                          LATITUDE:   40 39 N
                                          LONGITUDE:  75 26 W

[TEMPERATURE DATA]      [PRECIPITATION DATA]       SYMBOLS USED IN COLUMN 16

AVERAGE MONTHLY: 73.8   TOTAL FOR MONTH:   4.32    1 = FOG OR MIST
DPTR FM NORMAL:   0.1   DPTR FM NORMAL:   -0.47    2 = FOG REDUCING VISIBILITY
HIGHEST:    94 ON  2    GRTST 24HR  1.87 ON 13-14      TO 1/4 MILE OR LESS
LOWEST:     51 ON 30                               3 = THUNDER
                        SNOW, ICE PELLETS, HAIL    4 = ICE PELLETS
                        TOTAL MONTH:   0.0 INCH    5 = HAIL
                        GRTST 24HR     0.0         6 = FREEZING RAIN OR DRIZZLE
                        GRTST DEPTH:   0           7 = DUSTSTORM OR SANDSTORM:
                                                       VSBY 1/2 MILE OR LESS
                                                   8 = SMOKE OR HAZE
[NO. OF DAYS WITH]      [WEATHER - DAYS WITH]      9 = BLOWING SNOW
                                                   X = TORNADO
MAX 32 OR BELOW:   0    0.01 INCH OR MORE:  13
MAX 90 OR ABOVE:   5    0.10 INCH OR MORE:  10
MIN 32 OR BELOW:   0    0.50 INCH OR MORE:   3
MIN  0 OR BELOW:   0    1.00 INCH OR MORE:   1

[HDD (BASE 65) ]
TOTAL THIS MO.     0    CLEAR  (SCALE 0-3)  16
DPTR FM NORMAL     0    PTCLDY (SCALE 4-7)  13
TOTAL FM JUL 1     0    CLOUDY (SCALE 8-10)  1
DPTR FM NORMAL     0

[CDD (BASE 65) ]
TOTAL THIS MO.   273
DPTR FM NORMAL    13    [PRESSURE DATA]
TOTAL FM JAN 1   494    HIGHEST SLP M ON M
DPTR FM NORMAL    34    LOWEST  SLP 29.56 ON 28

[REMARKS]
