909
CXUS54 KFWD 250730
CF6ACT
PRELIMINARY LOCAL CLIMATOLOGICAL DATA (WS FORM: F-6)

                                          STATION:   WACO
                                          MONTH:     FEBRUARY
                                          YEAR:      2018
                                          LATITUDE:   31 37 N
                                          LONGITUDE:  97 13 W

  TEMPERATURE IN F:       :PCPN:    SNOW:  WIND      :SUNSHINE: SKY     :PK WND
================================================================================
1   2   3   4   5  6A  6B    7    8   9   10  11  12  13   14  15   16   17  18
                                     12Z  AVG MX 2MIN
DY MAX MIN AVG DEP HDD CDD  WTR  SNW DPTH SPD SPD DIR MIN PSBL S-S WX    SPD DR
================================================================================

 1  67  44  56   8   9   0 0.00  0.0    0 12.7 23 360   M    M   0        30 360
 2  58  35  47  -1  18   0 0.00  0.0    0  9.6 24  20   M    M   4        31  10
 3  58  44  51   2  14   0    T  0.0    0 13.9 25 170   M    M   7 1      29 170
 4  70  38  54   5  11   0 0.00  0.0    0  9.1 24  30   M    M   5 12     30  20
 5  46  28  37 -12  28   0 0.00  0.0    0  5.6 13  10   M    M   5        18  30
 6  46  34  40  -9  25   0 0.26  0.0    0 10.3 17 330   M    M  10 138    22 340
 7  49  28  39 -10  26   0    T  0.0    0 12.7 23  10   M    M   4 1      28  10
 8  62  27  45  -4  20   0 0.00  0.0    0  5.0 10 100   M    M   1 18     15  70
 9  67  47  57   7   8   0 0.00  0.0    0 11.1 22 170   M    M   8        27 170
10  59  33  46  -4  19   0 0.00  0.0    0 11.3 23 340   M    M  10 18     30 340
11  43  27  35 -15  30   0 0.01    T    0 14.5 23 340   M    M   7 13468  29 340
12  43  25  34 -16  31   0 0.00  0.0    0  8.2 16  20   M    M   5        19  30
13  45  38  42  -8  23   0 0.01  0.0    0  2.7  9  60   M    M  10 128    11  50
14  75  44  60  10   5   0 0.00  0.0    0  7.0 22 190   M    M   8 12     25 190
15  79  62  71  20   0   6 0.00  0.0    0 16.6 26 200   M    M   7 18     36 200
16  67  50  59   8   6   0 0.00  0.0    0 11.7 28  10   M    M   3 12     36 360
17  61  42  52   1  13   0 0.02  0.0    0  4.1 17 330   M    M   6 8      20 340
18  69  40  55   4  10   0    T  0.0    0  6.5 23 170   M    M   6 128    30 170
19  79  66  73  21   0   8 0.01  0.0    0 20.7 32 170   M    M   7 3      40 170
20  72  42  57   5   8   0 0.44  0.0    0 16.9 28 160   M    M   8 13     36 150
21  45  35  40 -12  25   0 0.94  0.0    0 15.9 25 330   M    M  10 13     32 360
22  40  34  37 -15  28   0 0.09  0.0    0  7.7 16 350   M    M  10 13     20 350
23  57  40  49  -4  16   0 0.09  0.0    0  5.0 14  60   M    M  10 123    15  60
24  78  47  63  10   2   0 0.19    M    0  7.3 21 360   M    M   9 12     27 350
================================================================================
SM 1435  950       375  14  2.06    T    246.1          M      160
================================================================================
AV 59.8 39.6                              10.3 FASTST   M    M   7    MAX(MPH)
                                 MISC ---->  # 32 170               # 40  170
================================================================================
NOTES:
# LAST OF SEVERAL OCCURRENCES

COLUMN 17 PEAK WIND IN M.P.H.

PRELIMINARY LOCAL CLIMATOLOGICAL DATA (WS FORM: F-6) , PAGE 2

                                          STATION:  WACO
                                          MONTH:    FEBRUARY
                                          YEAR:     2018
                                          LATITUDE:   31 37 N
                                          LONGITUDE:  97 13 W

[TEMPERATURE DATA]      [PRECIPITATION DATA]       SYMBOLS USED IN COLUMN 16

AVERAGE MONTHLY: 49.7   TOTAL FOR MONTH:   2.06    1 = FOG OR MIST
DPTR FM NORMAL:  -0.6   DPTR FM NORMAL:   -0.14    2 = FOG REDUCING VISIBILITY
HIGHEST:    79 ON 19,15 GRTST 24HR  0.96 ON 20-21      TO 1/4 MILE OR LESS
LOWEST:     25 ON 12                               3 = THUNDER
                        SNOW, ICE PELLETS, HAIL    4 = ICE PELLETS
                        TOTAL MONTH:    T          5 = HAIL
                        GRTST 24HR    T  ON 11-11  6 = FREEZING RAIN OR DRIZZLE
                        GRTST DEPTH:   0           7 = DUSTSTORM OR SANDSTORM:
                                                       VSBY 1/2 MILE OR LESS
                                                   8 = SMOKE OR HAZE
[NO. OF DAYS WITH]      [WEATHER - DAYS WITH]      9 = BLOWING SNOW
                                                   X = TORNADO
MAX 32 OR BELOW:   0    0.01 INCH OR MORE:  10
MAX 90 OR ABOVE:   0    0.10 INCH OR MORE:   4
MIN 32 OR BELOW:   5    0.50 INCH OR MORE:   1
MIN  0 OR BELOW:   0    1.00 INCH OR MORE:   0

[HDD (BASE 65) ]
TOTAL THIS MO.   375    CLEAR  (SCALE 0-3)   3
DPTR FM NORMAL    19    PTCLDY (SCALE 4-7)  14
TOTAL FM JUL 1  1781    CLOUDY (SCALE 8-10)  7
DPTR FM NORMAL    17

[CDD (BASE 65) ]
TOTAL THIS MO.    14
DPTR FM NORMAL    14    [PRESSURE DATA]
TOTAL FM JAN 1    14    HIGHEST SLP M ON M
DPTR FM NORMAL    11    LOWEST  SLP 29.73 ON 19

[REMARKS]
