000
CXUS51 KPHI 220800
CF6ACY
PRELIMINARY LOCAL CLIMATOLOGICAL DATA (WS FORM: F-6)

                                          STATION:   ATLANTIC CITY NJ
                                          MONTH:     JULY
                                          YEAR:      2014
                                          LATITUDE:   39 27 N
                                          LONGITUDE:  74 34 W

  TEMPERATURE IN F:       :PCPN:    SNOW:  WIND      :SUNSHINE: SKY     :PK WND
================================================================================
1   2   3   4   5  6A  6B    7    8   9   10  11  12  13   14  15   16   17  18
                                     12Z  AVG MX 2MIN
DY MAX MIN AVG DEP HDD CDD  WTR  SNW DPTH SPD SPD DIR MIN PSBL S-S WX    SPD DR
================================================================================

 1  89  71  80   5   0  15 0.00  0.0    0 12.1 20 180   M    M   1        29 150
 2  90  73  82   7   0  17 0.06  0.0    0  9.2 22 190   M    M   1 1      29 200
 3  92  70  81   6   0  16 0.62  0.0    0  9.5 28 270   M    M   2 1      38 270
 4  77  62  70  -6   0   5 1.03  0.0    0 12.3 29 330   M    M   5 1      38 320
 5  84  56  70  -6   0   5 0.00  0.0    0 10.1 22 330   M    M   0        27 320
 6  84  59  72  -4   0   7 0.00  0.0    0  9.4 18 180   M    M   0        26 210
 7  91  69  80   4   0  15 0.00  0.0    0 10.5 22 220   M    M   2        28 220
 8  92  70  81   5   0  16 0.24  0.0    0 10.9 24 270   M    M   1 1      35 270
 9  87  70  79   3   0  14 0.08  0.0    0  6.8 14 180   M    M   2 1      18 200
10  78  67  73  -3   0   8 0.27  0.0    0  5.3 15  60   M    M   7 13     18  50
11  82  65  74  -2   0   9 0.00  0.0    0  6.6 17  80   M    M   4 12     20  80
12  81  63  72  -4   0   7 0.00  0.0    0  6.0 15 160   M    M   2 1      20 150
13  83  70  77   1   0  12 0.00  0.0    0 11.4 21 190   M    M   3        29 190
14  87  73  80   4   0  15 0.33  0.0    0  9.1 21 190   M    M   3 1      30 170
15  89  70  80   4   0  15 0.80  0.0    0  8.1 20 280   M    M   4 1      27 280
16  83  66  75  -1   0  10 0.91  0.0    0  6.0 18 320   M    M   5 1      23 300
17  84  61  73  -4   0   8 0.00  0.0    0  5.7 15 280   M    M   1        19 290
18  80  58  69  -8   0   4 0.00  0.0    0  4.5 13 120   M    M   0        16 130
19  78  61  70  -7   0   5 0.00  0.0    0  6.7 14  60   M    M   3        19  70
20  75  63  69  -8   0   4    T  0.0    0  8.1 20  50   M    M   9 1      25  50
21  80  60  70  -6   0   5 0.00  0.0    0  4.4 14 120   M    M   1 1      18 100
================================================================================
SM 1766 1377         0 212  4.34     0.0 172.7          M       56
================================================================================
AV 84.1 65.6                               8.2 FASTST   M    M   3    MAX(MPH)
                                 MISC ---->  # 29 330               # 38  270
================================================================================
NOTES:
# LAST OF SEVERAL OCCURRENCES

COLUMN 17 PEAK WIND IN M.P.H.

PRELIMINARY LOCAL CLIMATOLOGICAL DATA (WS FORM: F-6) , PAGE 2

                                          STATION:  ATLANTIC CITY NJ
                                          MONTH:    JULY
                                          YEAR:     2014
                                          LATITUDE:   39 27 N
                                          LONGITUDE:  74 34 W

[TEMPERATURE DATA]      [PRECIPITATION DATA]       SYMBOLS USED IN COLUMN 16

AVERAGE MONTHLY: 74.8   TOTAL FOR MONTH:   4.34    1 = FOG OR MIST
DPTR FM NORMAL:  -1.2   DPTR FM NORMAL:    1.87    2 = FOG REDUCING VISIBILITY
HIGHEST:    92 ON  8, 3 GRTST 24HR  1.71 ON 15-16      TO 1/4 MILE OR LESS
LOWEST:     56 ON  5                               3 = THUNDER
                        SNOW, ICE PELLETS, HAIL    4 = ICE PELLETS
                        TOTAL MONTH:   0.0 INCH    5 = HAIL
                        GRTST 24HR     0.0         6 = FREEZING RAIN OR DRIZZLE
                        GRTST DEPTH:   0           7 = DUSTSTORM OR SANDSTORM:
                                                       VSBY 1/2 MILE OR LESS
                                                   8 = SMOKE OR HAZE
[NO. OF DAYS WITH]      [WEATHER - DAYS WITH]      9 = BLOWING SNOW
                                                   X = TORNADO
MAX 32 OR BELOW:   0    0.01 INCH OR MORE:   9
MAX 90 OR ABOVE:   4    0.10 INCH OR MORE:   7
MIN 32 OR BELOW:   0    0.50 INCH OR MORE:   4
MIN  0 OR BELOW:   0    1.00 INCH OR MORE:   1

[HDD (BASE 65) ]
TOTAL THIS MO.     0    CLEAR  (SCALE 0-3)  13
DPTR FM NORMAL     0    PTCLDY (SCALE 4-7)   7
TOTAL FM JUL 1     0    CLOUDY (SCALE 8-10)  1
DPTR FM NORMAL     0

[CDD (BASE 65) ]
TOTAL THIS MO.   212
DPTR FM NORMAL   -23    [PRESSURE DATA]
TOTAL FM JAN 1   444    HIGHEST SLP M ON M
DPTR FM NORMAL   -58    LOWEST  SLP 29.71 ON 15

[REMARKS]
