000
CXUS54 KLZK 241130
CF6ADF
PRELIMINARY LOCAL CLIMATOLOGICAL DATA (WS FORM: F-6)

                                          STATION:   Arkadelphia Airport
                                          MONTH:     SEPTEMBER
                                          YEAR:      2017
                                          LATITUDE:   34  9 N
                                          LONGITUDE:  93  4 W

  TEMPERATURE IN F:       :PCPN:    SNOW:  WIND      :SUNSHINE: SKY     :PK WND
================================================================================
1   2   3   4   5  6A  6B    7    8   9   10  11  12  13   14  15   16   17  18
                                     12Z  AVG MX 2MIN
DY MAX MIN AVG DEP HDD CDD  WTR  SNW DPTH SPD SPD DIR MIN PSBL S-S WX    SPD DR
================================================================================

 1  88  64  76  -2   0  11 0.00    M    M  2.0  6  10   M    M   3         M  M
 2  89  62  76  -2   0  11 0.00    M    M  0.9  5 230   M    M   2 1       M  M
 3  90  64  77  -1   0  12 0.00    M    M  1.8  8 210   M    M   4 12      M  M
 4  92  67  80   3   0  15 0.00    M    M  3.5 14 230   M    M   3 12      M  M
 5  89  66  78   1   0  13    T    M    M  1.2  5  10   M    M   3 13      M  M
 6  79  51  65 -12   0   0 0.00    M    M  3.8 14  10   M    M   0 1      18  10
 7  81  48  65 -11   0   0 0.00    M    M  1.6  5 210   M    M   0         M  M
 8  83  51  67  -9   0   2 0.00    M    M  0.5  5 160   M    M   0 1       M  M
 9  83  53  68  -8   0   3 0.00    M    M  3.1  9  70   M    M   0 1      17  40
10  84  56  70  -6   0   5 0.00    M    M  5.7  9  50   M    M   1 1      16  70
11  82  50  66  -9   0   1 0.00    M    M  3.8  9  30   M    M   1 1       M  M
12  73  56  65 -10   0   0    T    M    M  3.4  8  30   M    M   7         M  M
13  84  61  73  -1   0   8 0.00    M    M  2.8  7 240   M    M   3         M  M
14  91  56  74   0   0   9 0.00    M    M  1.5  7 200   M    M   0 1       M  M
15  90  59  75   1   0  10 0.00    M    M  1.8  9 180   M    M   1 1       M  M
16  93  61  77   4   0  12 0.00    M    M  1.4  8 190   M    M   3 1       M  M
17  93  63  78   5   0  13 0.09  0.0    0  0.6  6 180   M    M   2 1       M  M
18  89  66  78   5   0  13 0.89  0.0    0  0.9  5 180   M    M   2 123     M  M
19  91  65  78   6   0  13 0.00  0.0    0  2.6 10 200   M    M   3 12      M  M
20  93  69  81   9   0  16 0.00  0.0    0  3.1 10 190   M    M   3 1       M  M
21  91  66  79   7   0  14 0.00  0.0    0  1.4  7 240   M    M   2 1       M  M
22  93  66  80   9   0  15 0.00  0.0    0  1.3  8 140   M    M   1 1       M  M
23  94  64  79   8   0  14 0.00  0.0    M  1.4  6  99   M    M   1 1       M  M
================================================================================
SM 2015 1384         0 210  0.98     0.0  50.1          M       45
================================================================================
AV 87.6 60.2                               2.2 FASTST   M    M   2    MAX(MPH)
                                 MISC ---->  # 14 230               # 18   10
================================================================================
NOTES:
# LAST OF SEVERAL OCCURRENCES

COLUMN 17 PEAK WIND IN M.P.H.

PRELIMINARY LOCAL CLIMATOLOGICAL DATA (WS FORM: F-6) , PAGE 2

                                          STATION:  Arkadelphia Airport
                                          MONTH:    SEPTEMBER
                                          YEAR:     2017
                                          LATITUDE:   34  9 N
                                          LONGITUDE:  93  4 W

[TEMPERATURE DATA]      [PRECIPITATION DATA]       SYMBOLS USED IN COLUMN 16

AVERAGE MONTHLY: 73.9   TOTAL FOR MONTH:   0.98    1 = FOG OR MIST
DPTR FM NORMAL:  -0.8   DPTR FM NORMAL:   -1.66    2 = FOG REDUCING VISIBILITY
HIGHEST:    94 ON 23    GRTST 24HR  0.89 ON 18-18      TO 1/4 MILE OR LESS
LOWEST:     48 ON  7                               3 = THUNDER
                        SNOW, ICE PELLETS, HAIL    4 = ICE PELLETS
                        TOTAL MONTH:   0.0 INCH    5 = HAIL
                        GRTST 24HR     0.0         6 = FREEZING RAIN OR DRIZZLE
                        GRTST DEPTH:   0           7 = DUSTSTORM OR SANDSTORM:
                                                       VSBY 1/2 MILE OR LESS
                                                   8 = SMOKE OR HAZE
[NO. OF DAYS WITH]      [WEATHER - DAYS WITH]      9 = BLOWING SNOW
                                                   X = TORNADO
MAX 32 OR BELOW:   0    0.01 INCH OR MORE:   2
MAX 90 OR ABOVE:  11    0.10 INCH OR MORE:   1
MIN 32 OR BELOW:   0    0.50 INCH OR MORE:   1
MIN  0 OR BELOW:   0    1.00 INCH OR MORE:   0

[HDD (BASE 65) ]
TOTAL THIS MO.     0    CLEAR  (SCALE 0-3)  19
DPTR FM NORMAL    -6    PTCLDY (SCALE 4-7)   4
TOTAL FM JUL 1     0    CLOUDY (SCALE 8-10)  0
DPTR FM NORMAL    -6

[CDD (BASE 65) ]
TOTAL THIS MO.   210
DPTR FM NORMAL   -21    [PRESSURE DATA]
TOTAL FM JAN 1  1757    HIGHEST SLP M ON M
DPTR FM NORMAL   -53    LOWEST  SLP M ON M

[REMARKS]
