000
CXUS54 KLCH 290510
CF6AEX
PRELIMINARY LOCAL CLIMATOLOGICAL DATA (WS FORM: F-6)

                                          STATION:   ALEXANDRIA
                                          MONTH:     JULY
                                          YEAR:      2014
                                          LATITUDE:   31 19 N
                                          LONGITUDE:  92 33 W

  TEMPERATURE IN F:       :PCPN:    SNOW:  WIND      :SUNSHINE: SKY     :PK WND
================================================================================
1   2   3   4   5  6A  6B    7    8   9   10  11  12  13   14  15   16   17  18
                                     12Z  AVG MX 2MIN
DY MAX MIN AVG DEP HDD CDD  WTR  SNW DPTH SPD SPD DIR MIN PSBL S-S WX    SPD DR
================================================================================

 1  92  73  83   1   0  18 0.00  0.0    0  2.9  8 230   M    M   2 18     13 220
 2  95  70  83   1   0  18    T  0.0    0  3.5 22  10   M    M   1 18     33  10
 3  93  69  81  -1   0  16 0.00  0.0    0  4.3 10  70   M    M   2 1      15  30
 4  89  68  79  -3   0  14 0.00  0.0    0  5.3 12  60   M    M   0 1      16  50
 5  90  62  76  -6   0  11 0.00  0.0    0  1.8  7  30   M    M   0 18     10  80
 6  93  64  79  -3   0  14 0.00  0.0    0  1.9  7 180   M    M   1 18      9 170
 7  92  70  81  -1   0  16 0.00  0.0    0  4.6 10 200   M    M   0 18     15 220
 8  92  72  82   0   0  17 0.00  0.0    0  4.5 14 160   M    M   1 1      18 150
 9  94  74  84   2   0  19 0.00  0.0    0  5.3 13 270   M    M   2 1      17 280
10  93  73  83   1   0  18 0.00  0.0    0  2.7  9 190   M    M   0 1      13 200
11  97  72  85   3   0  20 0.00  0.0    0  3.5 13 140   M    M   1 1      16 130
12  97  73  85   3   0  20    T  0.0    0  3.9 26 120   M    M   1 13     36 120
13  96  70  83   1   0  18 0.00  0.0    M  2.4 14 240   M    M   0 138    19 240
14  95  71  83   1   0  18 0.00  0.0    0  4.5 12 220   M    M   1 138    15 210
15  85  73  79  -3   0  14 0.98  0.0    0  5.4 29  10   M    M   3 13     37 340
16  87  68  78  -4   0  13 0.00  0.0    0  4.9 12  50   M    M   1        15  50
17  87  65  76  -6   0  11 0.98  0.0    0  6.8 14 120   M    M   5 1      19 140
18  82  71  77  -5   0  12 3.14  0.0    0  6.9 15 320   M    M  10 12     17 310
19  78  69  74  -8   0   9 0.00  0.0    0  3.9  8  30   M    M  10 8      13 340
20  88  69  79  -3   0  14 0.00  0.0    0  2.2  9 350   M    M   5 1      11  10
21  91  69  80  -2   0  15 0.00  0.0    0  3.3 13 330   M    M   1 1      17 350
22  93  68  81  -1   0  16    T  0.0    0  2.8 13  90   M    M   1 1      16 110
23  91  71  81  -2   0  16 0.05  0.0    0  3.3 16  30   M    M   3 138    21  40
24  91  71  81  -2   0  16 0.00  0.0    0  3.7  9 350   M    M   2        12 330
25  95  73  84   1   0  19 0.00  0.0    0  2.2  8 360   M    M   1 18     11 360
26  93  75  84   1   0  19 0.00  0.0    0  4.4 10 260   M    M   1 18     14 250
27  95  76  86   3   0  21 0.00  0.0    0  4.6 10 210   M    M   1 1      17 230
28   M   M   M   M   M   M    M    M    M   M   M   M   M    M   M 1       M  M
================================================================================
SM 2464 1899         0 432  5.15     0.0 105.5          M       56
================================================================================
AV 91.3 70.3                               3.9 FASTST   M    M   2    MAX(MPH)
                                 MISC ---->  # 29  10               # 37  340
================================================================================
NOTES:
# LAST OF SEVERAL OCCURRENCES

COLUMN 17 PEAK WIND IN M.P.H.

PRELIMINARY LOCAL CLIMATOLOGICAL DATA (WS FORM: F-6) , PAGE 2

                                          STATION:  ALEXANDRIA
                                          MONTH:    JULY
                                          YEAR:     2014
                                          LATITUDE:   31 19 N
                                          LONGITUDE:  92 33 W

[TEMPERATURE DATA]      [PRECIPITATION DATA]       SYMBOLS USED IN COLUMN 16

AVERAGE MONTHLY: 80.8   TOTAL FOR MONTH:   5.15    1 = FOG OR MIST
DPTR FM NORMAL:  -1.4   DPTR FM NORMAL:    1.76    2 = FOG REDUCING VISIBILITY
HIGHEST:    97 ON 12,11 GRTST 24HR  4.12 ON 17-18      TO 1/4 MILE OR LESS
LOWEST:     62 ON  5                               3 = THUNDER
                        SNOW, ICE PELLETS, HAIL    4 = ICE PELLETS
                        TOTAL MONTH:   0.0 INCH    5 = HAIL
                        GRTST 24HR     0.0         6 = FREEZING RAIN OR DRIZZLE
                        GRTST DEPTH:   0           7 = DUSTSTORM OR SANDSTORM:
                                                       VSBY 1/2 MILE OR LESS
                                                   8 = SMOKE OR HAZE
[NO. OF DAYS WITH]      [WEATHER - DAYS WITH]      9 = BLOWING SNOW
                                                   X = TORNADO
MAX 32 OR BELOW:   0    0.01 INCH OR MORE:   4
MAX 90 OR ABOVE:  20    0.10 INCH OR MORE:   3
MIN 32 OR BELOW:   0    0.50 INCH OR MORE:   3
MIN  0 OR BELOW:   0    1.00 INCH OR MORE:   1

[HDD (BASE 65) ]
TOTAL THIS MO.     0    CLEAR  (SCALE 0-3)  22
DPTR FM NORMAL     0    PTCLDY (SCALE 4-7)   3
TOTAL FM JUL 1     0    CLOUDY (SCALE 8-10)  2
DPTR FM NORMAL     0

[CDD (BASE 65) ]
TOTAL THIS MO.   432
DPTR FM NORMAL   -54    [PRESSURE DATA]
TOTAL FM JAN 1  1316    HIGHEST SLP M ON M
DPTR FM NORMAL   -77    LOWEST  SLP 29.86 ON 18

[REMARKS]
