000
CXUS54 KFWD 200730
CF6AFW
PRELIMINARY LOCAL CLIMATOLOGICAL DATA (WS FORM: F-6)

                                          STATION:   FORT WORTH ALLIANCE
                                          MONTH:     AUGUST
                                          YEAR:      2014
                                          LATITUDE:   32 58 N
                                          LONGITUDE:  97 19 W

  TEMPERATURE IN F:       :PCPN:    SNOW:  WIND      :SUNSHINE: SKY     :PK WND
================================================================================
1   2   3   4   5  6A  6B    7    8   9   10  11  12  13   14  15   16   17  18
                                     12Z  AVG MX 2MIN
DY MAX MIN AVG DEP HDD CDD  WTR  SNW DPTH SPD SPD DIR MIN PSBL S-S WX    SPD DR
================================================================================

 1  84  65  75 -11   0  10 0.00  0.0    0  6.9 14  10   M    M   8        17  50
 2  88  61  75 -11   0  10 0.00  0.0    0  4.2 13  40   M    M   4 1      18  60
 3  91  64  78  -8   0  13 0.00  0.0    0  4.4 15  30   M    M   2        24  50
 4  93  66  80  -6   0  15 0.00  0.0    0  4.2 14  70   M    M   2 1      17  60
 5  96  66  81  -5   0  16 0.00  0.0    0  3.9 15 110   M    M   5 1      20 120
 6 100  75  88   2   0  23 0.00  0.0    0  8.2 16 140   M    M   4        24 150
 7 100  78  89   3   0  24 0.00  0.0    0  7.5 14 190   M    M   3        20 180
 8 102  76  89   3   0  24    T  0.0    0  9.0 23 320   M    M   4 3      31 320
 9 103  74  89   3   0  24 0.00  0.0    0  7.3 23 340   M    M   3        31 360
10 101  79  90   4   0  25    T  0.0    0  8.3 18 320   M    M   5 3      24 330
11  95  75  85  -1   0  20 0.00  0.0    0  6.4 17  10   M    M   6        24 360
12  93  68  81  -5   0  16 0.00  0.0    0  6.4 21  10   M    M   2        28  30
13  93  63  78  -8   0  13 0.00  0.0    0  4.0 12  40   M    M   1        17  70
14  96  66  81  -4   0  16 0.00  0.0    0  5.2 13 120   M    M   4        17 120
15 100  71  86   1   0  21 0.00  0.0    0  8.8 16 150   M    M   3        22 150
16 102  75  89   4   0  24 0.05  0.0    0 10.1 24 250   M    M   7 3      33 250
17  90  74  82  -3   0  17 0.36  0.0    0  9.8 23 120   M    M   7 13     31 120
18  91  70  81  -4   0  16    T  0.0    0  5.6 22 250   M    M   6        29 250
19  94  74  84  -1   0  19    T  0.0    0  8.7 21 170   M    M   7 3      29 250
================================================================================
SM 1812 1340         0 346  0.41     0.0 128.9          M       83
================================================================================
AV 95.4 70.5                               6.8 FASTST   M    M   4    MAX(MPH)
                                 MISC ---->  # 24 250               # 33  250
================================================================================
NOTES:
# LAST OF SEVERAL OCCURRENCES

COLUMN 17 PEAK WIND IN M.P.H.

PRELIMINARY LOCAL CLIMATOLOGICAL DATA (WS FORM: F-6) , PAGE 2

                                          STATION:  FORT WORTH ALLIANCE
                                          MONTH:    AUGUST
                                          YEAR:     2014
                                          LATITUDE:   32 58 N
                                          LONGITUDE:  97 19 W

[TEMPERATURE DATA]      [PRECIPITATION DATA]       SYMBOLS USED IN COLUMN 16

AVERAGE MONTHLY: 82.9   TOTAL FOR MONTH:   0.41    1 = FOG OR MIST
DPTR FM NORMAL:  -2.7   DPTR FM NORMAL:   -0.94    2 = FOG REDUCING VISIBILITY
HIGHEST:   103 ON  9    GRTST 24HR  0.41 ON 16-17      TO 1/4 MILE OR LESS
LOWEST:     61 ON  2                               3 = THUNDER
                        SNOW, ICE PELLETS, HAIL    4 = ICE PELLETS
                        TOTAL MONTH:   0.0 INCH    5 = HAIL
                        GRTST 24HR     0.0         6 = FREEZING RAIN OR DRIZZLE
                        GRTST DEPTH:   0           7 = DUSTSTORM OR SANDSTORM:
                                                       VSBY 1/2 MILE OR LESS
                                                   8 = SMOKE OR HAZE
[NO. OF DAYS WITH]      [WEATHER - DAYS WITH]      9 = BLOWING SNOW
                                                   X = TORNADO
MAX 32 OR BELOW:   0    0.01 INCH OR MORE:   2
MAX 90 OR ABOVE:  17    0.10 INCH OR MORE:   1
MIN 32 OR BELOW:   0    0.50 INCH OR MORE:   0
MIN  0 OR BELOW:   0    1.00 INCH OR MORE:   0

[HDD (BASE 65) ]
TOTAL THIS MO.     0    CLEAR  (SCALE 0-3)   6
DPTR FM NORMAL     0    PTCLDY (SCALE 4-7)  13
TOTAL FM JUL 1     0    CLOUDY (SCALE 8-10)  0
DPTR FM NORMAL     0

[CDD (BASE 65) ]
TOTAL THIS MO.   346
DPTR FM NORMAL   -46    [PRESSURE DATA]
TOTAL FM JAN 1  1706    HIGHEST SLP M ON M
DPTR FM NORMAL  -148    LOWEST  SLP 29.75 ON  7

[REMARKS]
