000
CXUS54 KFWD 240730
CF6AFW
PRELIMINARY LOCAL CLIMATOLOGICAL DATA (WS FORM: F-6)

                                          STATION:   FORT WORTH ALLIANCE
                                          MONTH:     APRIL
                                          YEAR:      2017
                                          LATITUDE:   32 58 N
                                          LONGITUDE:  97 19 W

  TEMPERATURE IN F:       :PCPN:    SNOW:  WIND      :SUNSHINE: SKY     :PK WND
================================================================================
1   2   3   4   5  6A  6B    7    8   9   10  11  12  13   14  15   16   17  18
                                     12Z  AVG MX 2MIN
DY MAX MIN AVG DEP HDD CDD  WTR  SNW DPTH SPD SPD DIR MIN PSBL S-S WX    SPD DR
================================================================================

 1  77  60  69   8   0   4 0.02  0.0    0 10.1 22 140   M    M   7 3      28 140
 2  70  56  63   2   2   0 1.90  0.0    0 10.3 25  40   M    M   7 13     32  40
 3  78  48  63   2   2   0 0.00  0.0    0  4.1 13 270   M    M   2        19 280
 4  88  53  71   9   0   6 0.00  0.0    0 11.2 25 300   M    M   6        36 300
 5  71  43  57  -5   8   0 0.00  0.0    0 14.5 29 350   M    M   3        38 310
 6  77  40  59  -3   6   0 0.00  0.0    0  2.9 10 270   M    M   1        14 310
 7  80  44  62   0   3   0 0.00  0.0    0  6.8 17 170   M    M   3        25 170
 8  84  60  72  10   0   7 0.00  0.0    0 16.0 26 170   M    M   4        35 180
 9  83  66  75  12   0  10 0.00  0.0    0 15.9 25 160   M    M   6        36 190
10  77  64  71   8   0   6 0.17  0.0    0  9.0 21 190   M    M   9 13     30 190
11  78  59  69   6   0   4    T  0.0    0  7.8 23  30   M    M   6 13     29  30
12  77  57  67   4   0   2 0.00  0.0    0  6.2 16 120   M    M   8 1      20 120
13  80  57  69   5   0   4 0.00  0.0    0  8.4 18 140   M    M   9 1      23 160
14  81  65  73   9   0   8 0.00  0.0    0 10.9 20 150   M    M   7        26 170
15  82  64  73   9   0   8 0.00  0.0    0 10.7 21 160   M    M   M        33 140
16  82  67  75  11   0  10 0.00  0.0    0  9.6 22 160   M    M   7        28 180
17  75  59  67   2   0   2 0.58  0.0    0  6.5 25  40   M    M   9 13     32  30
18  83  57  70   5   0   5 0.00  0.0    0  5.3 14 150   M    M   6 1      18 140
19  82  65  74   9   0   9    T  0.0    0 11.5 21 160   M    M   5 1      26 170
20  85  68  77  12   0  12 0.00  0.0    0  9.2 18 170   M    M   4        26 160
21  85  58  72   6   0   7    T  0.0    0 12.2 24 360   M    M   6 3      31  10
22  62  48  55 -11  10   0    T    M    0 15.3 24 360   M    M   7        30 350
23  74  45  60  -6   5   0 0.00  0.0    0  7.5 16 350   M    M   0        30 350
================================================================================
SM 1811 1303        36 104  2.67     0.0 221.9          M      122
================================================================================
AV 78.7 56.7                               9.6 FASTST   M    M   6    MAX(MPH)
                                 MISC ---->  # 29 350               # 38  310
================================================================================
NOTES:
# LAST OF SEVERAL OCCURRENCES

COLUMN 17 PEAK WIND IN M.P.H.

PRELIMINARY LOCAL CLIMATOLOGICAL DATA (WS FORM: F-6) , PAGE 2

                                          STATION:  FORT WORTH ALLIANCE
                                          MONTH:    APRIL
                                          YEAR:     2017
                                          LATITUDE:   32 58 N
                                          LONGITUDE:  97 19 W

[TEMPERATURE DATA]      [PRECIPITATION DATA]       SYMBOLS USED IN COLUMN 16

AVERAGE MONTHLY: 67.7   TOTAL FOR MONTH:   2.67    1 = FOG OR MIST
DPTR FM NORMAL:   4.3   DPTR FM NORMAL:    0.39    2 = FOG REDUCING VISIBILITY
HIGHEST:    88 ON  4    GRTST 24HR  1.90 ON  2- 2      TO 1/4 MILE OR LESS
LOWEST:     40 ON  6                               3 = THUNDER
                        SNOW, ICE PELLETS, HAIL    4 = ICE PELLETS
                        TOTAL MONTH:   0.0 INCH    5 = HAIL
                        GRTST 24HR     0.0         6 = FREEZING RAIN OR DRIZZLE
                        GRTST DEPTH:   0           7 = DUSTSTORM OR SANDSTORM:
                                                       VSBY 1/2 MILE OR LESS
                                                   8 = SMOKE OR HAZE
[NO. OF DAYS WITH]      [WEATHER - DAYS WITH]      9 = BLOWING SNOW
                                                   X = TORNADO
MAX 32 OR BELOW:   0    0.01 INCH OR MORE:   4
MAX 90 OR ABOVE:   0    0.10 INCH OR MORE:   3
MIN 32 OR BELOW:   0    0.50 INCH OR MORE:   2
MIN  0 OR BELOW:   0    1.00 INCH OR MORE:   1

[HDD (BASE 65) ]
TOTAL THIS MO.    36    CLEAR  (SCALE 0-3)   5
DPTR FM NORMAL   -56    PTCLDY (SCALE 4-7)  13
TOTAL FM JUL 1  1614    CLOUDY (SCALE 8-10)  4
DPTR FM NORMAL  -828

[CDD (BASE 65) ]
TOTAL THIS MO.   104
DPTR FM NORMAL    46    [PRESSURE DATA]
TOTAL FM JAN 1   235    HIGHEST SLP M ON M
DPTR FM NORMAL   142    LOWEST  SLP 29.52 ON  4

[REMARKS]
