975
CXUS55 KCAE 211400
CF6AGS
PRELIMINARY LOCAL CLIMATOLOGICAL DATA (WS FORM: F-6)

                                          STATION:   AUGUSTA BUSH FIELD GA
                                          MONTH:     SEPTEMBER
                                          YEAR:      2017
                                          LATITUDE:   33 22 N
                                          LONGITUDE:  81 58 W

  TEMPERATURE IN F:       :PCPN:    SNOW:  WIND      :SUNSHINE: SKY     :PK WND
================================================================================
1   2   3   4   5  6A  6B    7    8   9   10  11  12  13   14  15   16   17  18
                                     12Z  AVG MX 2MIN
DY MAX MIN AVG DEP HDD CDD  WTR  SNW DPTH SPD SPD DIR MIN PSBL S-S WX    SPD DR
================================================================================

 1  91  73  82   3   0  17    T  0.0    0  8.8 21 200   M    M   4 13     26 180
 2  89  65  77  -1   0  12 0.00  0.0    0  4.6 14 270   M    M   1 18     18 250
 3  92  60  76  -2   0  11 0.00  0.0    0  3.4 16 260   M    M   0 12     24 260
 4  94  57  76  -2   0  11 0.00  0.0    0  2.7 15 290   M    M   1 18     23 240
 5  95  70  83   5   0  18 0.00  0.0    0  5.0 24 320   M    M   3 138    31 290
 6  88  64  76  -2   0  11 0.16  0.0    0  5.7 22 290   M    M   4 18     27 290
 7  84  58  71  -6   0   6 0.00  0.0    0  3.2 10  10   M    M   0 1      13 160
 8  86  55  71  -6   0   6 0.00  0.0    0  2.9 14  80   M    M   1 1      17  80
 9  86  55  71  -6   0   6 0.00  0.0    0  8.6 24  60   M    M   0        32  60
10  73  64  69  -7   0   4 0.01  0.0    0 13.4 22  50   M    M   5        30  40
11  73  62  68  -8   0   3 4.10  0.0    0 18.2 41  60   M    M   9 1      55  70
12  73  59  66 -10   0   1 0.01  0.0    0  6.3 23 170   M    M   7 1      29 170
13  88  57  73  -3   0   8 0.00  0.0    0  4.0 14 250   M    M   4 18     19 240
14  89  65  77   2   0  12 0.00  0.0    0  3.5 13 280   M    M   4 12     17 260
15  90  64  77   2   0  12 0.00  0.0    0  1.0  7 180   M    M   2 128    12  90
16  93  65  79   4   0  14 0.00  0.0    0  2.0 12  30   M    M   1 18     14  10
17  92  64  78   4   0  13 0.00  0.0    0  3.2 13  50   M    M   1 1      18  30
18  93  64  79   5   0  14 0.00  0.0    0  1.8  9  50   M    M   2 18     13  50
19  92  65  79   5   0  14 0.00  0.0    0  1.1  7 100   M    M   5 128     9 250
20  94  68  81   8   0  16    T  0.0    0  1.3  8  40   M    M   1 128    10 330
================================================================================
SM 1755 1254         0 209  4.28     0.0 100.7          M       55
================================================================================
AV 87.8 62.7                               5.0 FASTST   M    M   3    MAX(MPH)
                                 MISC ---->  # 41  60               # 55   70
================================================================================
NOTES:
# LAST OF SEVERAL OCCURRENCES

COLUMN 17 PEAK WIND IN M.P.H.

PRELIMINARY LOCAL CLIMATOLOGICAL DATA (WS FORM: F-6) , PAGE 2

                                          STATION:  AUGUSTA BUSH FIELD GA
                                          MONTH:    SEPTEMBER
                                          YEAR:     2017
                                          LATITUDE:   33 22 N
                                          LONGITUDE:  81 58 W

[TEMPERATURE DATA]      [PRECIPITATION DATA]       SYMBOLS USED IN COLUMN 16

AVERAGE MONTHLY: 75.2   TOTAL FOR MONTH:   4.28    1 = FOG OR MIST
DPTR FM NORMAL:  -1.0   DPTR FM NORMAL:    2.15    2 = FOG REDUCING VISIBILITY
HIGHEST:    95 ON  5    GRTST 24HR  4.10 ON 11-11      TO 1/4 MILE OR LESS
LOWEST:     55 ON  9, 8                            3 = THUNDER
                        SNOW, ICE PELLETS, HAIL    4 = ICE PELLETS
                        TOTAL MONTH:   0.0 INCH    5 = HAIL
                        GRTST 24HR     0.0         6 = FREEZING RAIN OR DRIZZLE
                        GRTST DEPTH:   0           7 = DUSTSTORM OR SANDSTORM:
                                                       VSBY 1/2 MILE OR LESS
                                                   8 = SMOKE OR HAZE
[NO. OF DAYS WITH]      [WEATHER - DAYS WITH]      9 = BLOWING SNOW
                                                   X = TORNADO
MAX 32 OR BELOW:   0    0.01 INCH OR MORE:   4
MAX 90 OR ABOVE:  10    0.10 INCH OR MORE:   2
MIN 32 OR BELOW:   0    0.50 INCH OR MORE:   1
MIN  0 OR BELOW:   0    1.00 INCH OR MORE:   1

[HDD (BASE 65) ]
TOTAL THIS MO.     0    CLEAR  (SCALE 0-3)  12
DPTR FM NORMAL     0    PTCLDY (SCALE 4-7)   7
TOTAL FM JUL 1     0    CLOUDY (SCALE 8-10)  1
DPTR FM NORMAL     0

[CDD (BASE 65) ]
TOTAL THIS MO.   209
DPTR FM NORMAL   -18    [PRESSURE DATA]
TOTAL FM JAN 1  2337    HIGHEST SLP M ON M
DPTR FM NORMAL   422    LOWEST  SLP 29.65 ON 11

[REMARKS]
