000
CXUS55 KCYS 261000
CF6AIA
PRELIMINARY LOCAL CLIMATOLOGICAL DATA (WS FORM: F-6)

                                          STATION:   ALLIANCE NEBRASKA AIRPORT
                                          MONTH:     MAY
                                          YEAR:      2017
                                          LATITUDE:   42  2 N
                                          LONGITUDE: 102 48 W

  TEMPERATURE IN F:       :PCPN:    SNOW:  WIND      :SUNSHINE: SKY     :PK WND
================================================================================
1   2   3   4   5  6A  6B    7    8   9   10  11  12  13   14  15   16   17  18
                                     12Z  AVG MX 2MIN
DY MAX MIN AVG DEP HDD CDD  WTR  SNW DPTH SPD SPD DIR MIN PSBL S-S WX    SPD DR
================================================================================

 1  60  27  44  -6  21   0    T    M    M 15.6 33 340   M    M   4        44 320
 2  53  29  41  -9  24   0 0.01    M    M  5.7 13 260   M    M   7 1      16 260
 3  56  27  42  -8  23   0 0.01    M    M 10.4 24 360   M    M   5 1      30 350
 4  70  24  47  -3  18   0 0.00    M    M  6.3 18  10   M    M   0        23  10
 5  79  30  55   4  10   0 0.00    M    M  3.2 10 110   M    M   0        14 280
 6  85  41  63  12   2   0 0.00    M    M 13.4 24 160   M    M   0        34 130
 7  83  48  66  14   0   1 0.00    M    M  8.9 31 220   M    M   1        42 220
 8  72  50  61   9   4   0 0.00    M    M 12.6 24  20   M    M   3        30  40
 9  66  48  57   5   8   0 0.12    M    M  9.8 18 130   M    M   9 1      22 160
10  56  39  48  -5  17   0 0.03    M    M  9.9 18  40   M    M   9 1      23  40
11  67  30  49  -4  16   0 0.00    M    M  5.3 12 150   M    M   2 1      16 160
12  75  40  58   5   7   0 0.00    M    M 16.9 26 180   M    M   0        36 190
13  82  46  64  10   1   0 0.00    M    M 16.1 36 280   M    M   0        44 290
14  73  52  63   9   2   0 0.00    M    M 13.6 22 310   M    M   1        31 350
15  77  51  64  10   1   0 0.00    M    M 13.5 37 270   M    M   1 3      46 310
16  72  43  58   3   7   0 0.14    M    M 10.3 31 330   M    M   5 13     42 330
17  61  46  54  -1  11   0 0.01    M    M 13.3 29  40   M    M   7 1      33  50
18  46  40  43 -13  22   0 0.94    M    M 20.2 32  50   M    M  10 1      40  50
19  43  33  38 -18  27   0 0.64    M    M 15.8 22  30   M    M   9 1      27  40
20  57  32  45 -11  20   0 0.16    M    M 14.0 15 340   M    M   8 1      19 340
21  64  30  47 -10  18   0 0.08    M    M  9.2 32 280   M    M   3 3      40 280
22  61  32  47 -10  18   0 0.15    M    M 12.4 31 350   M    M   2 138    42 260
23  62  33  48  -9  17   0    T    M    M 12.1 24 340   M    M   5        33 360
24  77  30  54  -4  11   0 0.00    M    M 12.9 24 140   M    M   0        31 150
25  71  44  58   0   7   0 0.07    M    M  7.7 22 290   M    M   3 13     28 300
================================================================================
SM 1668  945       312   1  2.36    M    289.1          M       94
================================================================================
AV 66.7 37.8                              11.6 FASTST   M    M   4    MAX(MPH)
                                 MISC ---->  # 37 270               # 46  310
================================================================================
NOTES:
# LAST OF SEVERAL OCCURRENCES

COLUMN 17 PEAK WIND IN M.P.H.

PRELIMINARY LOCAL CLIMATOLOGICAL DATA (WS FORM: F-6) , PAGE 2

                                          STATION:  ALLIANCE NEBRASKA AIRPORT
                                          MONTH:    MAY
                                          YEAR:     2017
                                          LATITUDE:   42  2 N
                                          LONGITUDE: 102 48 W

[TEMPERATURE DATA]      [PRECIPITATION DATA]       SYMBOLS USED IN COLUMN 16

AVERAGE MONTHLY: 52.3   TOTAL FOR MONTH:   2.36    1 = FOG OR MIST
DPTR FM NORMAL:  -1.5   DPTR FM NORMAL:    0.39    2 = FOG REDUCING VISIBILITY
HIGHEST:    85 ON  6    GRTST 24HR  0.94 ON 18-18      TO 1/4 MILE OR LESS
LOWEST:     24 ON  4                               3 = THUNDER
                        SNOW, ICE PELLETS, HAIL    4 = ICE PELLETS
                        TOTAL MONTH:    M          5 = HAIL
                        GRTST 24HR    M  ON   M    6 = FREEZING RAIN OR DRIZZLE
                        GRTST DEPTH:  M  ON   M    7 = DUSTSTORM OR SANDSTORM:
                                                       VSBY 1/2 MILE OR LESS
                                                   8 = SMOKE OR HAZE
[NO. OF DAYS WITH]      [WEATHER - DAYS WITH]      9 = BLOWING SNOW
                                                   X = TORNADO
MAX 32 OR BELOW:   0    0.01 INCH OR MORE:  12
MAX 90 OR ABOVE:   0    0.10 INCH OR MORE:   6
MIN 32 OR BELOW:  10    0.50 INCH OR MORE:   2
MIN  0 OR BELOW:   0    1.00 INCH OR MORE:   0

[HDD (BASE 65) ]
TOTAL THIS MO.   312    CLEAR  (SCALE 0-3)  14
DPTR FM NORMAL    25    PTCLDY (SCALE 4-7)   7
TOTAL FM JUL 1  6570    CLOUDY (SCALE 8-10)  4
DPTR FM NORMAL  -606

[CDD (BASE 65) ]
TOTAL THIS MO.     1
DPTR FM NORMAL     1    [PRESSURE DATA]
TOTAL FM JAN 1     1    HIGHEST SLP M ON M
DPTR FM NORMAL     1    LOWEST  SLP 29.33 ON 25

[REMARKS]
