000
CXUS55 KCYS 281000
CF6AIA
PRELIMINARY LOCAL CLIMATOLOGICAL DATA (WS FORM: F-6)

                                          STATION:   ALLIANCE NEBRASKA AIRPORT
                                          MONTH:     DECEMBER
                                          YEAR:      2014
                                          LATITUDE:   42  2 N
                                          LONGITUDE: 102 48 W

  TEMPERATURE IN F:       :PCPN:    SNOW:  WIND      :SUNSHINE: SKY     :PK WND
================================================================================
1   2   3   4   5  6A  6B    7    8   9   10  11  12  13   14  15   16   17  18
                                     12Z  AVG MX 2MIN
DY MAX MIN AVG DEP HDD CDD  WTR  SNW DPTH SPD SPD DIR MIN PSBL S-S WX    SPD DR
================================================================================

 1  35  13  24  -2  41   0 0.00    M    M 16.2 33 180   M    M   4        40 180
 2  44  14  29   3  36   0 0.00    M    M  8.9 23  40   M    M   0        27  40
 3  36  11  24  -2  41   0 0.00    M    M 11.7 28 180   M    M   1        34 180
 4  57  18  38  13  27   0 0.00    M    M  7.3 16 210   M    M   0        30 300
 5  53  19  36  11  29   0 0.00    M    M  5.8 15 350   M    M   1 1      18 330
 6  48  16  32   7  33   0 0.00    M    M 12.7 28 160   M    M   0 1      33 170
 7  55  20  38  14  27   0 0.00    M    M  8.0 20 310   M    M   0        25 320
 8  55  15  35  11  30   0 0.00    M    M  6.9 17 340   M    M   0        21 340
 9  58  18  38  14  27   0 0.00    M    M  8.1 15 260   M    M   0        20 250
10  62  18  40  16  25   0 0.00    M    M  4.4 12 360   M    M   0        13 360
11  64  16  40  16  25   0 0.00    M    M  6.5 16 210   M    M   0        19 230
12  66  16  41  18  24   0 0.00    M    M  9.1 21 160   M    M   1 12     25 170
13  42  22  32   9  33   0 0.00    M    M  7.8 20 160   M    M   6 12     22 160
14  34  19  27   4  38   0    T    M    M 12.9 24 360   M    M   7 1      30 360
15  28  10  19  -4  46   0    T    M    M 16.1 29 330   M    M   9 1      36 320
16  22  15  19  -4  46   0    T    M    M  6.3 16 170   M    M  10 128    18 170
17  24  18  21  -2  44   0 0.00    M    M 13.1 22 170   M    M  10 12     24 160
18  31  -2  15  -8  50   0 0.00    M    M  5.6  9 280   M    M   3 128    11 230
19  36   1  19  -4  46   0 0.00    M    M  6.7 15 270   M    M   1        18 270
20  40   6  23   0  42   0 0.00    M    M  5.7 15 270   M    M   1 1      17 270
21  41  20  31   8  34   0 0.00    M    M 11.6 23 310   M    M   3        29 310
22  40  29  35  12  30   0    T    M    M 21.4 38 320   M    M   4 1      50 310
23  30  11  21  -2  44   0    T    M    M 16.1 28 350   M    M   8 1      34 350
24  42   3  23   0  42   0 0.00    M    M  7.8 22 260   M    M   0        26 270
25  33  22  28   5  37   0    M    M    M 16.0 30  30   M    M   9 1      36  30
26  22  14  18  -5  47   0    M    M    M  9.8 20  20   M    M  10 1      23  10
27  21  -8   7 -16  58   0 0.00    M    M  9.3 17 270   M    M   2        20 280
================================================================================
SM 1119  374      1002   0    T     M    271.8          M       90
================================================================================
AV 41.4 13.9                              10.1 FASTST   M    M   3    MAX(MPH)
                                 MISC ---->  # 38 320               # 50  310
================================================================================
NOTES:
# LAST OF SEVERAL OCCURRENCES

COLUMN 17 PEAK WIND IN M.P.H.

PRELIMINARY LOCAL CLIMATOLOGICAL DATA (WS FORM: F-6) , PAGE 2

                                          STATION:  ALLIANCE NEBRASKA AIRPORT
                                          MONTH:    DECEMBER
                                          YEAR:     2014
                                          LATITUDE:   42  2 N
                                          LONGITUDE: 102 48 W

[TEMPERATURE DATA]      [PRECIPITATION DATA]       SYMBOLS USED IN COLUMN 16

AVERAGE MONTHLY: 27.6   TOTAL FOR MONTH:      T    1 = FOG OR MIST
DPTR FM NORMAL:   3.9   DPTR FM NORMAL:   -0.29    2 = FOG REDUCING VISIBILITY
HIGHEST:    66 ON 12    GRTST 24HR    T  ON 23-23      TO 1/4 MILE OR LESS
LOWEST:     -8 ON 27                               3 = THUNDER
                        SNOW, ICE PELLETS, HAIL    4 = ICE PELLETS
                        TOTAL MONTH:    M          5 = HAIL
                        GRTST 24HR    M  ON   M    6 = FREEZING RAIN OR DRIZZLE
                        GRTST DEPTH:  M  ON   M    7 = DUSTSTORM OR SANDSTORM:
                                                       VSBY 1/2 MILE OR LESS
                                                   8 = SMOKE OR HAZE
[NO. OF DAYS WITH]      [WEATHER - DAYS WITH]      9 = BLOWING SNOW
                                                   X = TORNADO
MAX 32 OR BELOW:   7    0.01 INCH OR MORE:   0
MAX 90 OR ABOVE:   0    0.10 INCH OR MORE:   0
MIN 32 OR BELOW:  27    0.50 INCH OR MORE:   0
MIN  0 OR BELOW:   2    1.00 INCH OR MORE:   0

[HDD (BASE 65) ]
TOTAL THIS MO.  1002    CLEAR  (SCALE 0-3)  16
DPTR FM NORMAL  -112    PTCLDY (SCALE 4-7)   6
TOTAL FM JUL 1  2710    CLOUDY (SCALE 8-10)  5
DPTR FM NORMAL  -203

[CDD (BASE 65) ]
TOTAL THIS MO.     0
DPTR FM NORMAL     0    [PRESSURE DATA]
TOTAL FM JAN 1   499    HIGHEST SLP  0.00 ON M
DPTR FM NORMAL   -65    LOWEST  SLP 29.36 ON 25

[REMARKS]
