000
CXUS51 KPHI 010800
CF6AIY
PRELIMINARY LOCAL CLIMATOLOGICAL DATA (WS FORM: F-6)

                                          STATION:   Atlantic City Marina
                                          MONTH:     APRIL
                                          YEAR:      2016
                                          LATITUDE:   39 16 N
                                          LONGITUDE:  74 20 W

  TEMPERATURE IN F:       :PCPN:    SNOW:  WIND      :SUNSHINE: SKY     :PK WND
================================================================================
1   2   3   4   5  6A  6B    7    8   9   10  11  12  13   14  15   16   17  18
                                     12Z  AVG MX 2MIN
DY MAX MIN AVG DEP HDD CDD  WTR  SNW DPTH SPD SPD DIR MIN PSBL S-S WX    SPD DR
================================================================================

 1  61  54  58   M   7   0 0.13  0.0    M 14.6 22 280   M    M   M        40 280
 2  65  48  57   M   8   0 0.97    M    M  7.1 15 220   M    M   M        27 220
 3  49  38  44   M  21   0 0.19    M    M 13.0 26 290   M    M   M        45 290
 4  56  42  49   M  16   0 0.29    M    M 11.3 18 230   M    M   M        28 230
 5  43  31  37   M  28   0 0.00  0.0    M  7.2 11  20   M    M   M        28 350
 6  51  34  43   M  22   0 0.00  0.0    M  7.7 18 220   M    M   M        28 220
 7  56  50  53   M  12   0 0.09  0.0    M 13.7 23 230   M    M   M        37 280
 8  51  44  48   M  17   0 0.00  0.0    M 12.0 20 290   M    M   M        37 290
 9  47  34  41   M  24   0 0.66    M    M  8.5 17  80   M    M   M        59 300
10  45  32  39   M  26   0 0.00  0.0    M 10.5 16 320   M    M   M        28 320
11  55  46  51   M  14   0 0.00  0.0    M 15.3 19 220   M    M   M        33 210
12  56  48  52   M  13   0 0.34    M    M 10.1 21 210   M    M   M        34 210
13  48  41  45   M  20   0 0.00  0.0    M  8.4 16  80   M    M   M        23  80
14  51  41  46   M  19   0 0.00  0.0    M  6.9 15 110   M    M   M        23  90
15  52  43  48   M  17   0 0.00  0.0    M  7.4 18  90   M    M   M        24  90
16  53  45  49   M  16   0 0.00  0.0    M  8.2 16 100   M    M   M        24  90
17  55  44  50   M  15   0 0.00  0.0    M  6.5 12 100   M    M   M        17  50
18  66  49  58   M   7   0 0.00  0.0    M  6.8 14 240   M    M   M        18 240
19  77  55  66   M   0   1 0.00  0.0    M  7.8 17 100   M    M   M        24 330
20  58  50  54   M  11   0 0.00  0.0    M  8.3 17  90   M    M   M        24  90
21   M   M   M   M   M   M    M    M    M   M   M   M   0    0   0         0   0
22   M   M   M   M   M   M    M    M    M   M   M   M   0    0   0         0   0
23   M   M   M   M   M   M    M    M    M   M   M   M   0    0   0         0   0
24  56  48  52   M  13   0 0.00  0.0    M  8.6 15  90   M    M   M        21 320
25  59  52  56   M   9   0 0.00  0.0    M 11.7 18 220   M    M   M        27 220
26  82  51  67   M   0   2 0.29  0.0    M 11.9 23 280   M    M   M        34 270
27  50  49  50   M  15   0 0.01    M    M  9.3 18  70   M    M   M        25  70
28  53  47  50   M  15   0 0.14    M    M  9.4 17  80   M    M   M        25  80
29  51  47  49   M  16   0 0.05    M    M 10.4 16  80   M    M   M        24  80
30  51  48  50   M  15   0 0.00  0.0    M  8.2 13  90   M    M   M        21  80
================================================================================
SM 1497 1211       396   3  3.16     0.0 260.8            0      0
================================================================================
AV 55.4 44.9                               9.7 FASTST    0   0   0    MAX(MPH)
                                 MISC ---->  # 26 290               # 59  300
================================================================================
NOTES:
# LAST OF SEVERAL OCCURRENCES

COLUMN 17 PEAK WIND IN M.P.H.

PRELIMINARY LOCAL CLIMATOLOGICAL DATA (WS FORM: F-6) , PAGE 2

                                          STATION:  Atlantic City Marina
                                          MONTH:    APRIL
                                          YEAR:     2016
                                          LATITUDE:   39 16 N
                                          LONGITUDE:  74 20 W

[TEMPERATURE DATA]      [PRECIPITATION DATA]       SYMBOLS USED IN COLUMN 16

AVERAGE MONTHLY: 50.1   TOTAL FOR MONTH:   3.16    1 = FOG OR MIST
DPTR FM NORMAL:     M   DPTR FM NORMAL:       M    2 = FOG REDUCING VISIBILITY
HIGHEST:    82 ON 26    GRTST 24HR  0.97 ON  2- 2      TO 1/4 MILE OR LESS
LOWEST:     31 ON  5                               3 = THUNDER
                        SNOW, ICE PELLETS, HAIL    4 = ICE PELLETS
                        TOTAL MONTH:   0.0 INCH    5 = HAIL
                        GRTST 24HR     0.0         6 = FREEZING RAIN OR DRIZZLE
                        GRTST DEPTH:  M  ON   M    7 = DUSTSTORM OR SANDSTORM:
                                                       VSBY 1/2 MILE OR LESS
                                                   8 = SMOKE OR HAZE
[NO. OF DAYS WITH]      [WEATHER - DAYS WITH]      9 = BLOWING SNOW
                                                   X = TORNADO
MAX 32 OR BELOW:   0    0.01 INCH OR MORE:  11
MAX 90 OR ABOVE:   0    0.10 INCH OR MORE:   8
MIN 32 OR BELOW:   2    0.50 INCH OR MORE:   2
MIN  0 OR BELOW:   0    1.00 INCH OR MORE:   0

[HDD (BASE 65) ]
TOTAL THIS MO.   396    CLEAR  (SCALE 0-3)   3
DPTR FM NORMAL     M    PTCLDY (SCALE 4-7)   0
TOTAL FM JUL 1  3363    CLOUDY (SCALE 8-10)  0
DPTR FM NORMAL     M

[CDD (BASE 65) ]
TOTAL THIS MO.     3
DPTR FM NORMAL     M    [PRESSURE DATA]
TOTAL FM JAN 1     3    HIGHEST SLP  0.00 ON 16
DPTR FM NORMAL     M    LOWEST  SLP  0.00 ON  3

[REMARKS]
#FINAL-04-16#
