000
CXUS51 KPHI 021409
CF6AIY

PRELIMINARY LOCAL CLIMATOLOGICAL DATA (WS FORM: F-6)

                                          STATION:   ATLANTIC CITY MARINA
                                          MONTH:     DECEMBER
                                          YEAR:      2014
                                          LATITUDE:   39 16 N
                                          LONGITUDE:  74 20 W

  TEMPERATURE IN F:       :PCPN:    SNOW:  WIND      :SUNSHINE: SKY     :PK WND
================================================================================
1   2   3   4   5  6A  6B    7    8   9   10  11  12  13   14  15   16   17  18
                                     12Z  AVG MX 2MIN
DY MAX MIN AVG DEP HDD CDD  WTR  SNW DPTH SPD SPD DIR MIN PSBL S-S WX    SPD DR
================================================================================
1   62  41  48  4  17    0  0.16  0   0   7.9 12  230  M   M   M  M  M   23 230
2   51  39  45  1  20    0  0.60  0   0   8.8 16   80  M   M   M  M  M   24  60
3   52  43  48  4  17    0  0.00  0   0  10.7 16  230  M   M   M  M  M   24 230
4   46  36  41 -2  24    0  0.00  0   0   4.3  8  290  M   M   M  M  M   17 300
5   50  40  45  2  20    0  0.03  0   0   4.1 10  90#  M   M   M  M  M   16  90
6   56  44  50  7  17    0  0.85  0   0   4.6 13  40   M   M   M  M  M   23  40
7   49  35  42  0  15    0  0.14  0   0  12.1 19  40   M   M   M  M  M   34  40
8   47  35  41 -1  17    0  0.14  0   0  15.7 20  70#  M   M   M  M  M   47  10
9   47  42  45  3  20    0  2.12  0   0  15.7 25  40   M   M   M  M  M   39  40
10  44  36  40 -1  25    0  0.00  0   0  10.6 15 330   M   M   M  M  M   33 330
11  40  33  37 -4  28    0  0.00  0   0  13.3 17 290   M   M   M  M  M   34 290
12  41  33  37 -4  28    0  0.00  0   0   7.3 11 330#  M   M   M  M  M   24 290
13  43  33  38 -2  27    0  0.00  0   0   8.2 16 330   M   M   M  M  M   30 330
14  45  35  40  0  25    0  0.00  0   0   6.5 11 320   M   M   M  M  M   22 320
15  44  40  42 -2  23    0  0.00  0   0   4.1  8 220   M   M   M  M  M   16 220
16  49  43  46  6  19    0  0.20  0   0   6.0 12 160   M   M   M  M  M   25 150
17  53  40  47  8  18    0  0.00  0   0   8.8 14 290#  M   M   M  M  M   26 290
18  42  36  39  0  26    0  0.00  0   0   9.2 12 300   M   M   M  M  M   30 290
19  41  32  37 -2  28    0  0.00  0   0   7.7 12 330   M   M   M  M  M   22 290
20  35  32  34 -5  31    0  0.00  0   0   4.2  6 320#  M   M   M  M  M   12 330
21  41  32  37 -1  28    0  0.00  0   0   3.7  7 320#  M   M   M  M  M   15 320
22  50  32  41  3  24    0  0.01  0   0   5.1 13  70   M   M   M  M  M   20  80
23  51  44  48 10  17    0  0.05  0   0   8.3 12  60   M   M   M  M  M   20  50
24  59  46  53 15  12    0  1.11  0   0  10.0 19 220   M   M   M  M  M   31 220
25  56  44  50 12  15    0  0.16  0   0  10.6 20 230   M   M   M  M  M   40 300
26  51  38  45  8  20    0  0.00  0   0   6.8  9 270#  M   M   M  M  M   20 300
27  51  38  45  8  20    0  0.00  0   0   7.9 12 220#  M   M   M  M  M   18 230
28  54  47  51 14  14    0  0.01  0   0   8.3 14 230   M   M   M  M  M   22 230
29  49  39  44  7  21    0  0.00  0   0   4.8 11  40   M   M   M  M  M   18  40
30  40  31  36 -1  29    0  0.00  0   0   6.3 11  40   M   M   M  M  M   21  40
31  34  29  32  1  33    0  0.00  0   0   6.9 11 320   M   M   M  M  M   24 290
================================================================================
SM 1473 1956       666      5.58  M   M   248.5
================================================================================
AV 47.5  37.7                      M FASTST   M    M   M    MAX(MPH)
                                 MISC ---->     M   M                  M    M
================================================================================
NOTES:
# LAST OF SEVERAL OCCURRENCES

COLUMN 17 PEAK WIND IN M.P.H.

PRELIMINARY LOCAL CLIMATOLOGICAL DATA (WS FORM: F-6) , PAGE 2

                                          STATION:  ATLANTIC CITY MARINA
                                          MONTH:    DECEMBER
                                          YEAR:     2014
                                          LATITUDE:   39 16 N
                                          LONGITUDE:  74 20 W

[TEMPERATURE DATA]      [PRECIPITATION DATA]       SYMBOLS USED IN COLUMN 16

AVERAGE MONTHLY:  42.6  TOTAL FOR MONTH:    5.58   1 = FOG OR MIST
DPTR FM NORMAL:   -3.7  DPTR FM NORMAL:     1.96   2 = FOG REDUCING VISIBILITY
HIGHEST:    62 ON  1ST  GRTST 24HR   2.12  ON 9TH      TO 1/4 MILE OR LESS
LOWEST:     29 ON  31ST                            3 = THUNDER
                        SNOW, ICE PELLETS, HAIL    4 = ICE PELLETS
                        TOTAL MONTH:    M          5 = HAIL
                        GRTST 24HR    M  ON   M    6 = FREEZING RAIN OR DRIZZLE
                        GRTST DEPTH:  M  ON   M    7 = DUSTSTORM OR SANDSTORM:
                                                       VSBY 1/2 MILE OR LESS
                                                   8 = SMOKE OR HAZE
[NO. OF DAYS WITH]      [WEATHER - DAYS WITH]      9 = BLOWING SNOW
                                                   X = TORNADO
MAX 32 OR BELOW:   0    0.01 INCH OR MORE:   13
MAX 70 OR ABOVE:   0    0.10 INCH OR MORE:    9
MIN 32 OR BELOW:   6    0.50 INCH OR MORE:    4
MIN  0 OR BELOW:   0    1.00 INCH OR MORE:    2

[HDD (BASE 65) ]
TOTAL THIS MO.    666   CLEAR  (SCALE 0-3)   0
DPTR FM NORMAL    248   PTCLDY (SCALE 4-7)   0
TOTAL FM JUL 1    692   CLOUDY (SCALE 8-10)  0
DPTR FM NORMAL     21

[CDD (BASE 65) ]
TOTAL THIS MO.     0
DPTR FM NORMAL     0     [PRESSURE DATA]
TOTAL FM JAN 1   919     HIGHEST SLP M ON M
DPTR FM NORMAL   101     LOWEST  SLP M ON M

[REMARKS]
#LAST OF SEVERAL OCCURANCES
TRACES OF PRECIPITATION NOT RECORDED
