000
CXUS56 KSGX 291445
CF6AJO
PRELIMINARY LOCAL CLIMATOLOGICAL DATA (WS FORM: F-6)

                                          STATION:   CORONA AIRPORT CA
                                          MONTH:     MAY
                                          YEAR:      2017
                                          LATITUDE:   33 53 N
                                          LONGITUDE: 117 36 W

  TEMPERATURE IN F:       :PCPN:    SNOW:  WIND      :SUNSHINE: SKY     :PK WND
================================================================================
1   2   3   4   5  6A  6B    7    8   9   10  11  12  13   14  15   16   17  18
                                     12Z  AVG MX 2MIN
DY MAX MIN AVG DEP HDD CDD  WTR  SNW DPTH SPD SPD DIR MIN PSBL S-S WX    SPD DR
================================================================================

 1  88  40  64   M   1   0 0.00  0.0    0  5.7 17 300   M    M   0 8      27 300
 2  89  45  67   M   0   2 0.00  0.0    0  4.9 17 290   M    M   0        24 270
 3  88  53  71   M   0   6 0.00  0.0    0  6.8 21 300   M    M   0        31 270
 4  89  55  72   M   0   7 0.00  0.0    0  6.5 16 270   M    M   0 1      27 270
 5  76  49  63   M   2   0    T    M    0  7.4 13 290   M    M   1 128    22 290
 6  68  49  59   M   6   0    T    M    0  4.8 14 220   M    M  10        25 220
 7  63  42  53   M  12   0 0.13    M    0  3.3  9 140   M    M   8 13      M  M
 8  76  37  57   M   8   0 0.01    M    0  5.4 17 270   M    M   1 12     23 270
 9  71  47  59   M   6   0 0.00  0.0    0  6.4 17 280   M    M   3 1      24 270
10  67  58  63   M   2   0    T  0.0    0  5.0 10 270   M    M  10        16 270
11  78  49  64   M   1   0 0.00  0.0    0  6.8 18 290   M    M   2        24 290
12  78  47  63   M   2   0 0.00    M    0  8.2 18 280   M    M   1 128    28 280
13  76  47  62   M   3   0 0.00  0.0    0  6.7 16 270   M    M   4        24 270
14  74  39  57   M   8   0 0.00  0.0    0  5.9 18 300   M    M   1        22 290
15  68  42  55   M  10   0    T    M    0  4.9  9 220   M    M   4        20 220
16  68  52  60   M   5   0 0.00  0.0    0  4.5 12 280   M    M   7        16 270
17  65  47  56   M   9   0 0.00  0.0    0  3.5  9 280   M    M   8 8       M  M
18  80  41  61   M   4   0 0.00  0.0    0  5.6 18 280   M    M   0 18     25 280
19  90  53  72   M   0   7 0.00  0.0    0  8.4 17  50   M    M   0        27 290
20  96  45  71   M   0   6 0.00  0.0    0  4.3 15 280   M    M   0        22 240
21  93  49  71   M   0   6 0.00  0.0    0  5.4 16 270   M    M   0        23 270
22  90  52  71   M   0   6 0.00  0.0    0  6.8 14 300   M    M   0 18     22 290
23  88  53  71   M   0   6 0.00  0.0    0  6.2 18 280   M    M   0 1      30 280
24  83  53  68   M   0   3 0.00  0.0    0  8.5 17 280   M    M   1 18     25 270
25  70  59  65   M   0   0 0.00  0.0    0  8.4 15 260   M    M   6        23 270
26  73  59  66   M   0   1 0.00  0.0    0  7.2 15 260   M    M   5        22 270
27  77  52  65   M   0   0 0.00  0.0    0  6.9 15 250   M    M   4        22 250
28  83  44  64   M   1   0 0.00  0.0    0  4.7 16 280   M    M   0        23 280
================================================================================
SM 2205 1358        80  50  0.14     0.0 169.1          M       76
================================================================================
AV 78.8 48.5                               6.0 FASTST   M    M   3    MAX(MPH)
                                 MISC ---->  # 21 300               # 31  270
================================================================================
NOTES:
# LAST OF SEVERAL OCCURRENCES

COLUMN 17 PEAK WIND IN M.P.H.

PRELIMINARY LOCAL CLIMATOLOGICAL DATA (WS FORM: F-6) , PAGE 2

                                          STATION:  CORONA AIRPORT CA
                                          MONTH:    MAY
                                          YEAR:     2017
                                          LATITUDE:   33 53 N
                                          LONGITUDE: 117 36 W

[TEMPERATURE DATA]      [PRECIPITATION DATA]       SYMBOLS USED IN COLUMN 16

AVERAGE MONTHLY: 63.6   TOTAL FOR MONTH:   0.14    1 = FOG OR MIST
DPTR FM NORMAL:     M   DPTR FM NORMAL:       M    2 = FOG REDUCING VISIBILITY
HIGHEST:    96 ON 20    GRTST 24HR  0.13 ON  7- 7      TO 1/4 MILE OR LESS
LOWEST:     37 ON  8                               3 = THUNDER
                        SNOW, ICE PELLETS, HAIL    4 = ICE PELLETS
                        TOTAL MONTH:   0.0 INCH    5 = HAIL
                        GRTST 24HR     0.0         6 = FREEZING RAIN OR DRIZZLE
                        GRTST DEPTH:   0           7 = DUSTSTORM OR SANDSTORM:
                                                       VSBY 1/2 MILE OR LESS
                                                   8 = SMOKE OR HAZE
[NO. OF DAYS WITH]      [WEATHER - DAYS WITH]      9 = BLOWING SNOW
                                                   X = TORNADO
MAX 32 OR BELOW:   0    0.01 INCH OR MORE:   2
MAX 90 OR ABOVE:   4    0.10 INCH OR MORE:   1
MIN 32 OR BELOW:   0    0.50 INCH OR MORE:   0
MIN  0 OR BELOW:   0    1.00 INCH OR MORE:   0

[HDD (BASE 65) ]
TOTAL THIS MO.    80    CLEAR  (SCALE 0-3)  17
DPTR FM NORMAL     M    PTCLDY (SCALE 4-7)   9
TOTAL FM JUL 1  1573    CLOUDY (SCALE 8-10)  2
DPTR FM NORMAL     M

[CDD (BASE 65) ]
TOTAL THIS MO.    50
DPTR FM NORMAL     M    [PRESSURE DATA]
TOTAL FM JAN 1    72    HIGHEST SLP M ON M
DPTR FM NORMAL     M    LOWEST  SLP M ON M

[REMARKS]
