000
CXAK56 PAFC 201344 RRA
CF6AKN

PRELIMINARY LOCAL CLIMATOLOGICAL DATA (WS FORM: F-6)

                                          STATION:   KING SALMON
                                          MONTH:     JANUARY
                                          YEAR:      2018
                                          LATITUDE:   58 41 N
                                          LONGITUDE: 156 39 W

  TEMPERATURE IN F:       :PCPN:    SNOW:  WIND      :SUNSHINE: SKY     :PK WND
================================================================================
1   2   3   4   5  6A  6B    7    8   9   10  11  12  13   14  15   16   17  18
                                     12Z  AVG MX 2MIN
DY MAX MIN AVG DEP HDD CDD  WTR  SNW DPTH SPD SPD DIR MIN PSBL S-S WX    SPD DR
================================================================================

 1  39  31  35  18  30   0 0.03    T    0 11.2 17  30   M    M   7        31  80
 2  36  33  35  18  30   0 0.25  0.2    0  7.4 16 170   M    M  10 1       M  M
 3  35  23  29  12  36   0 0.01  0.1    0  7.0  8 150   M    M   7         M  M
 4  32  19  26   9  39   0 0.00  0.0    T  7.4 13  80   M    M   1        17  80
 5  38  19  29  13  36   0 0.00  0.0    T 14.1 28  90   M    M   3        45  90
 6  39  34  37  21  28   0 0.36  0.0    T  9.3 24 100   M    M  10        38 100
 7  34  26  30  14  35   0 0.00  0.0    0  2.6  7 360   M    M   9 12      M  M
 8  28  17  23   7  42   0 0.00  0.0    0  6.5 13 360   M    M   6 1      15  10
 9  34  16  25   9  40   0    T    T    0  7.9 14  90   M    M   8 1      20  90
10  36  28  32  16  33   0    T    T    T 11.3 20  90   M    M   7        32  90
11  40  29  35  19  30   0    T    T    T 14.7 21  90   M    M   6        35  90
12  41  29  35  19  30   0 0.00  0.0    0 11.3 26  90   M    M   4        37 100
13  43  34  39  23  26   0 0.23  0.0    0 18.5 27  70   M    M   6 1      41  60
14  42  36  39  23  26   0 0.07  0.0    0 16.4 29 140   M    M   6        38 140
15  42  24  33  17  32   0 0.00  0.0    0  7.5 16 140   M    M   3         M  M
16  31  22  27  11  38   0 0.06  0.3    T 10.0 14 360   M    M   7 1       M  M
17  31  29  30  14  35   0 0.35  2.8    3 13.2 21 360   M    M   9 16     26  10
18  30  21  26  10  39   0 0.11  1.1    4  5.5 10  10   M    M   9 1      15 350
19  24   8  16   0  49   0 0.00  0.0    4 13.4 24  10   M    M   4        33 360
================================================================================
SM  675  478       654   0  1.47     4.3 195.2          M      122
================================================================================
AV 35.5 25.2                              10.3 FASTST   M    M   6    MAX(MPH)
                                 MISC ---->  # 29 140               # 45   90
================================================================================
NOTES:
# LAST OF SEVERAL OCCURRENCES

COLUMN 17 PEAK WIND IN M.P.H.

PRELIMINARY LOCAL CLIMATOLOGICAL DATA (WS FORM: F-6) , PAGE 2

                                          STATION:  KING SALMON
                                          MONTH:    JANUARY
                                          YEAR:     2018
                                          LATITUDE:   58 41 N
                                          LONGITUDE: 156 39 W

[TEMPERATURE DATA]      [PRECIPITATION DATA]       SYMBOLS USED IN COLUMN 16

AVERAGE MONTHLY: 30.3   TOTAL FOR MONTH:   1.47    1 = FOG OR MIST
DPTR FM NORMAL:  14.1   DPTR FM NORMAL:    0.86    2 = FOG REDUCING VISIBILITY
HIGHEST:    43 ON 13    GRTST 24HR  0.36 ON  6- 6      TO 1/4 MILE OR LESS
LOWEST:      8 ON 19                               3 = THUNDER
                        SNOW, ICE PELLETS, HAIL    4 = ICE PELLETS
                        TOTAL MONTH:   4.3 INCHES  5 = HAIL
                        GRTST 24HR   2.8 ON 17-17  6 = FREEZING RAIN OR DRIZZLE
                        GRTST DEPTH:   4 ON 18     7 = DUSTSTORM OR SANDSTORM:
                                                       VSBY 1/2 MILE OR LESS
                                                   8 = SMOKE OR HAZE
[NO. OF DAYS WITH]      [WEATHER - DAYS WITH]      9 = BLOWING SNOW
                                                   X = TORNADO
MAX 32 OR BELOW:   6    0.01 INCH OR MORE:   9
MAX 90 OR ABOVE:   0    0.10 INCH OR MORE:   5
MIN 32 OR BELOW:  15    0.50 INCH OR MORE:   0
MIN  0 OR BELOW:   0    1.00 INCH OR MORE:   0

[HDD (BASE 65) ]
TOTAL THIS MO.   654    CLEAR  (SCALE 0-3)   2
DPTR FM NORMAL  -273    PTCLDY (SCALE 4-7)  11
TOTAL FM JUL 1  4645    CLOUDY (SCALE 8-10)  6
DPTR FM NORMAL -1097

[CDD (BASE 65) ]
TOTAL THIS MO.     0
DPTR FM NORMAL     0    [PRESSURE DATA]
TOTAL FM JAN 1     0    HIGHEST SLP M ON M
DPTR FM NORMAL     0    LOWEST  SLP 28.67 ON 14

[REMARKS]
