483
CXUS53 KDMX 180920
CF6ALO
PRELIMINARY LOCAL CLIMATOLOGICAL DATA (WS FORM: F-6)

                                          STATION:   WATERLOO IA
                                          MONTH:     FEBRUARY
                                          YEAR:      2018
                                          LATITUDE:   42 32 N
                                          LONGITUDE:  92 24 W

  TEMPERATURE IN F:       :PCPN:    SNOW:  WIND      :SUNSHINE: SKY     :PK WND
================================================================================
1   2   3   4   5  6A  6B    7    8   9   10  11  12  13   14  15   16   17  18
                                     12Z  AVG MX 2MIN
DY MAX MIN AVG DEP HDD CDD  WTR  SNW DPTH SPD SPD DIR MIN PSBL S-S WX    SPD DR
================================================================================

 1  25   2  14  -6  51   0 0.00  0.0    0 18.2 33 320   M    M   0        43 320
 2  19  -3   8 -12  57   0 0.02  0.1    0  7.0 14 160   M    M   4        19 200
 3  38  17  28   8  37   0 0.09  0.2    T  9.2 28 340   M    M  10 18     31 350
 4  21  -2  10 -10  55   0    T    T    T 16.1 26 340   M    M   5 18     33 340
 5  10  -3   4 -16  61   0 0.28  3.0    T  7.5 15 180   M    M   6 128    19 200
 6  10 -14  -2 -22  67   0 0.01  0.2    3  4.3 12 330   M    M   4 18     16 340
 7  15   0   8 -13  57   0 0.06  1.0    3  7.1 20 330   M    M   5 18     23 340
 8  18   5  12  -9  53   0 0.55  4.8    4  5.3 13  30   M    M   9 128    17  60
 9  16   5  11 -10  54   0 0.15  1.2    9 13.5 21  10   M    M   6 18     26  10
10  13  -2   6 -16  59   0 0.02  0.2    9  6.1 13 330   M    M   4 18     15 320
11  16  -2   7 -15  58   0 0.04  0.5    9  6.9 15 260   M    M   2 18     18 260
12  14 -10   2 -20  63   0 0.00  0.0    8  4.4  9  40   M    M   0        11  50
13  28   6  17  -5  48   0 0.00  0.0    8 10.7 20 160   M    M   6 18     25 160
14  41  13  27   4  38   0 0.00  0.0    7 11.2 23 210   M    M   0 1      28 200
15  39  26  33  10  32   0 0.00  0.0    5 10.6 26 320   M    M   4 1      33 330
16  26   7  17  -7  48   0 0.00  0.0    3 11.5 30 320   M    M   1        37 320
17  32  15  24   0  41   0 0.06  0.6    3  9.0 18 310   M    M   5 18     24 300
================================================================================
SM  381   60       879   0  1.28    11.8 158.6          M       71
================================================================================
AV 22.4  3.5                               9.3 FASTST   M    M   4    MAX(MPH)
                                 MISC ---->  # 33 320               # 43  320
================================================================================
NOTES:
# LAST OF SEVERAL OCCURRENCES

COLUMN 17 PEAK WIND IN M.P.H.

PRELIMINARY LOCAL CLIMATOLOGICAL DATA (WS FORM: F-6) , PAGE 2

                                          STATION:  WATERLOO IA
                                          MONTH:    FEBRUARY
                                          YEAR:     2018
                                          LATITUDE:   42 32 N
                                          LONGITUDE:  92 24 W

[TEMPERATURE DATA]      [PRECIPITATION DATA]       SYMBOLS USED IN COLUMN 16

AVERAGE MONTHLY: 13.0   TOTAL FOR MONTH:   1.28    1 = FOG OR MIST
DPTR FM NORMAL:  -8.5   DPTR FM NORMAL:    0.75    2 = FOG REDUCING VISIBILITY
HIGHEST:    41 ON 14    GRTST 24HR  0.69 ON  8- 9      TO 1/4 MILE OR LESS
LOWEST:    -14 ON  6                               3 = THUNDER
                        SNOW, ICE PELLETS, HAIL    4 = ICE PELLETS
                        TOTAL MONTH:  11.8 INCHES  5 = HAIL
                        GRTST 24HR   4.8 ON   M    6 = FREEZING RAIN OR DRIZZLE
                        GRTST DEPTH:   9 ON 11,10  7 = DUSTSTORM OR SANDSTORM:
                                                       VSBY 1/2 MILE OR LESS
                                                   8 = SMOKE OR HAZE
[NO. OF DAYS WITH]      [WEATHER - DAYS WITH]      9 = BLOWING SNOW
                                                   X = TORNADO
MAX 32 OR BELOW:  14    0.01 INCH OR MORE:  10
MAX 90 OR ABOVE:   0    0.10 INCH OR MORE:   3
MIN 32 OR BELOW:  17    0.50 INCH OR MORE:   1
MIN  0 OR BELOW:   8    1.00 INCH OR MORE:   0

[HDD (BASE 65) ]
TOTAL THIS MO.   879    CLEAR  (SCALE 0-3)   5
DPTR FM NORMAL   140    PTCLDY (SCALE 4-7)  10
TOTAL FM JUL 1  5061    CLOUDY (SCALE 8-10)  2
DPTR FM NORMAL    68

[CDD (BASE 65) ]
TOTAL THIS MO.     0
DPTR FM NORMAL     0    [PRESSURE DATA]
TOTAL FM JAN 1     0    HIGHEST SLP M ON M
DPTR FM NORMAL     0    LOWEST  SLP 29.65 ON  3

[REMARKS]
