000
CXUS53 KDMX 300920
CF6ALO
PRELIMINARY LOCAL CLIMATOLOGICAL DATA (WS FORM: F-6)

                                          STATION:   WATERLOO IA
                                          MONTH:     AUGUST
                                          YEAR:      2015
                                          LATITUDE:   42 32 N
                                          LONGITUDE:  92 24 W

  TEMPERATURE IN F:       :PCPN:    SNOW:  WIND      :SUNSHINE: SKY     :PK WND
================================================================================
1   2   3   4   5  6A  6B    7    8   9   10  11  12  13   14  15   16   17  18
                                     12Z  AVG MX 2MIN
DY MAX MIN AVG DEP HDD CDD  WTR  SNW DPTH SPD SPD DIR MIN PSBL S-S WX    SPD DR
================================================================================

 1  86  57  72  -1   0   7 0.00  0.0    0  6.6 18 250   M    M   1        23 240
 2  90  67  79   6   0  14 0.00  0.0    0 12.1 21 240   M    M   0        27 230
 3  80  56  68  -4   0   3 0.00  0.0    0  6.1 15 290   M    M   0        24 250
 4  81  53  67  -5   0   2 0.00  0.0    0  2.9 10  30   M    M   1 1      15 290
 5  78  54  66  -6   0   1 0.00  0.0    0  5.1 12  80   M    M   1        15 120
 6  81  57  69  -3   0   4 0.00  0.0    0  7.3 15 170   M    M   3        20 180
 7  85  64  75   3   0  10 0.00  0.0    0  7.6 18 170   M    M   5        24 160
 8  80  62  71  -1   0   6 0.32  0.0    0  6.9 14 100   M    M   5 13     17 100
 9  82  66  74   2   0   9 0.07  0.0    0  5.9 13 110   M    M   6 13     17 150
10  83  63  73   1   0   8    T  0.0    0  9.1 22 340   M    M   3 1      25 340
11  82  59  71  -1   0   6 0.00  0.0    0  5.8 17 360   M    M   1        21 360
12  82  54  68  -4   0   3 0.00  0.0    0  2.3 10 240   M    M   0 1      13 240
13  85  60  73   1   0   8 0.00  0.0    0  9.1 21 230   M    M   1        29 230
14  89  67  78   6   0  13 0.00  0.0    0  5.5 15 240   M    M   0 1      20 240
15  88  63  76   4   0  11 0.00  0.0    0  6.1 14 230   M    M   1 1      19 270
16  87  68  78   7   0  13 0.00  0.0    0  8.9 17 190   M    M   0        21 210
17  79  68  74   3   0   9 0.11  0.0    0  3.8 13 110   M    M   4 13     15  80
18  69  60  65  -6   0   0 0.60  0.0    0  7.2 18 230   M    M   9 13     21 240
19  66  56  61 -10   4   0 0.03  0.0    0 14.0 25 240   M    M   9 1      33 230
20  76  53  65  -6   0   0 0.00  0.0    0  9.0 20 320   M    M   1        28 270
21  82  57  70  -1   0   5 0.00  0.0    0 11.6 25 210   M    M   3        32 210
22  81  62  72   1   0   7 0.13  0.0    0 15.4 28 180   M    M   4 13     36 170
23  73  54  64  -6   1   0 0.15  0.0    0 13.7 25 280   M    M   2 13     34 280
24  71  50  61  -9   4   0 0.00  0.0    0 11.7 26 330   M    M   1        35 320
25  75  50  63  -7   2   0 0.00  0.0    0  9.5 21 310   M    M   0        27 350
26  77  45  61  -9   4   0 0.00  0.0    0  1.9  9 300   M    M   0 12     14 350
27  75  49  62  -8   3   0 0.00  0.0    0  8.1 20 140   M    M   0        25 140
28  66  61  64  -6   1   0 4.10  0.0    0 11.6 29 110   M    M   9 13     38 110
29  73  58  66  -3   0   1 0.05  0.0    0  6.0 14  20   M    M   9 1      20 210
================================================================================
SM 2302 1693        19 140  5.56     0.0 230.8          M       79
================================================================================
AV 79.4 58.4                               8.0 FASTST   M    M   3    MAX(MPH)
                                 MISC ---->  # 29 110               # 38  110
================================================================================
NOTES:
# LAST OF SEVERAL OCCURRENCES

COLUMN 17 PEAK WIND IN M.P.H.

PRELIMINARY LOCAL CLIMATOLOGICAL DATA (WS FORM: F-6) , PAGE 2

                                          STATION:  WATERLOO IA
                                          MONTH:    AUGUST
                                          YEAR:     2015
                                          LATITUDE:   42 32 N
                                          LONGITUDE:  92 24 W

[TEMPERATURE DATA]      [PRECIPITATION DATA]       SYMBOLS USED IN COLUMN 16

AVERAGE MONTHLY: 68.9   TOTAL FOR MONTH:   5.56    1 = FOG OR MIST
DPTR FM NORMAL:  -2.4   DPTR FM NORMAL:    1.54    2 = FOG REDUCING VISIBILITY
HIGHEST:    90 ON  2    GRTST 24HR  4.14 ON 28-29      TO 1/4 MILE OR LESS
LOWEST:     45 ON 26                               3 = THUNDER
                        SNOW, ICE PELLETS, HAIL    4 = ICE PELLETS
                        TOTAL MONTH:   0.0 INCH    5 = HAIL
                        GRTST 24HR     0.0         6 = FREEZING RAIN OR DRIZZLE
                        GRTST DEPTH:   0           7 = DUSTSTORM OR SANDSTORM:
                                                       VSBY 1/2 MILE OR LESS
                                                   8 = SMOKE OR HAZE
[NO. OF DAYS WITH]      [WEATHER - DAYS WITH]      9 = BLOWING SNOW
                                                   X = TORNADO
MAX 32 OR BELOW:   0    0.01 INCH OR MORE:   9
MAX 90 OR ABOVE:   1    0.10 INCH OR MORE:   6
MIN 32 OR BELOW:   0    0.50 INCH OR MORE:   2
MIN  0 OR BELOW:   0    1.00 INCH OR MORE:   1

[HDD (BASE 65) ]
TOTAL THIS MO.    19    CLEAR  (SCALE 0-3)  18
DPTR FM NORMAL     7    PTCLDY (SCALE 4-7)   7
TOTAL FM JUL 1    30    CLOUDY (SCALE 8-10)  4
DPTR FM NORMAL    14

[CDD (BASE 65) ]
TOTAL THIS MO.   140
DPTR FM NORMAL   -58    [PRESSURE DATA]
TOTAL FM JAN 1   569    HIGHEST SLP M ON M
DPTR FM NORMAL  -133    LOWEST  SLP 29.58 ON 18

[REMARKS]
