000
CXUS55 KPUB 211059
CF6ALS
PRELIMINARY LOCAL CLIMATOLOGICAL DATA (WS FORM: F-6)

                                          STATION:   ALAMOSA CO
                                          MONTH:     JULY
                                          YEAR:      2017
                                          LATITUDE:   37 27 N
                                          LONGITUDE: 105 52 W

  TEMPERATURE IN F:       :PCPN:    SNOW:  WIND      :SUNSHINE: SKY     :PK WND
================================================================================
1   2   3   4   5  6A  6B    7    8   9   10  11  12  13   14  15   16   17  18
                                     12Z  AVG MX 2MIN
DY MAX MIN AVG DEP HDD CDD  WTR  SNW DPTH SPD SPD DIR MIN PSBL S-S WX    SPD DR
================================================================================

 1  83  40  62  -1   3   0    T  0.0    0  7.6 30 340   M    M   1        42 340
 2  83  42  63  -1   2   0    T  0.0    0  6.4 26 270   M    M   0        36 250
 3  84  42  63  -1   2   0 0.00  0.0    0  6.4 29 240   M    M   1        33 240
 4  88  40  64   0   1   0 0.00  0.0    0  7.8 26  30   M    M   0        35  30
 5  87  43  65   1   0   0    T  0.0    0  6.1 29  30   M    M   0        36  40
 6  89  43  66   2   0   1    T  0.0    0  6.6 23  50   M    M   0        30  60
 7  86  45  66   2   0   1    T  0.0    0  5.9 29  60   M    M   1        36  60
 8  87  46  67   3   0   2 0.09  0.0    0  6.1 26 250   M    M   1        31 250
 9  88  47  68   4   0   3 1.08    T    0  5.2 22 350   M    M   2 35     28 350
10  86  47  67   2   0   2 0.00  0.0    0  6.2 29 320   M    M   1        34 320
11  84  49  67   2   0   2 0.04  0.0    0  5.5 25 290   M    M   0        34 300
12  82  56  69   4   0   4 0.04  0.0    0  6.7 24 310   M    M   5        28 310
13  79  52  66   1   0   1 0.24  0.0    0  7.4 20 330   M    M   4 1      25  90
14  76  53  65   0   0   0    T  0.0    0  5.0 18 220   M    M   6 1      25 240
15  78  54  66   1   0   1 0.30  0.0    0  7.6 23 350   M    M   5 13     31 350
16  81  50  66   1   0   1 0.03  0.0    0  5.4 22 100   M    M   2 13     29 280
17  84  52  68   3   0   3    T  0.0    0  5.2 21 190   M    M   1 3      27 190
18  85  49  67   2   0   2 0.06  0.0    0  5.7 23 140   M    M   2 3      30 130
19  86  53  70   5   0   5 0.00  0.0    0  5.6 20 360   M    M   1        25 360
20  85  54  70   5   0   5    T  0.0    0  6.4 17 190   M    M   1 3      23 200
================================================================================
SM 1681  957         8  33  1.88    T    124.8          M       34
================================================================================
AV 84.1 47.9                               6.2 FASTST   M    M   2    MAX(MPH)
                                 MISC ---->  # 30 340               # 42  340
================================================================================
NOTES:
# LAST OF SEVERAL OCCURRENCES

COLUMN 17 PEAK WIND IN M.P.H.

PRELIMINARY LOCAL CLIMATOLOGICAL DATA (WS FORM: F-6) , PAGE 2

                                          STATION:  ALAMOSA CO
                                          MONTH:    JULY
                                          YEAR:     2017
                                          LATITUDE:   37 27 N
                                          LONGITUDE: 105 52 W

[TEMPERATURE DATA]      [PRECIPITATION DATA]       SYMBOLS USED IN COLUMN 16

AVERAGE MONTHLY: 66.0   TOTAL FOR MONTH:   1.88    1 = FOG OR MIST
DPTR FM NORMAL:   1.4   DPTR FM NORMAL:    1.29    2 = FOG REDUCING VISIBILITY
HIGHEST:    89 ON  6    GRTST 24HR  1.08 ON  9- 9      TO 1/4 MILE OR LESS
LOWEST:     40 ON  4, 1                            3 = THUNDER
                        SNOW, ICE PELLETS, HAIL    4 = ICE PELLETS
                        TOTAL MONTH:    T          5 = HAIL
                        GRTST 24HR    T  ON  9- 9  6 = FREEZING RAIN OR DRIZZLE
                        GRTST DEPTH:   0           7 = DUSTSTORM OR SANDSTORM:
                                                       VSBY 1/2 MILE OR LESS
                                                   8 = SMOKE OR HAZE
[NO. OF DAYS WITH]      [WEATHER - DAYS WITH]      9 = BLOWING SNOW
                                                   X = TORNADO
MAX 32 OR BELOW:   0    0.01 INCH OR MORE:   8
MAX 90 OR ABOVE:   0    0.10 INCH OR MORE:   3
MIN 32 OR BELOW:   0    0.50 INCH OR MORE:   1
MIN  0 OR BELOW:   0    1.00 INCH OR MORE:   1

[HDD (BASE 65) ]
TOTAL THIS MO.     8    CLEAR  (SCALE 0-3)  16
DPTR FM NORMAL   -21    PTCLDY (SCALE 4-7)   4
TOTAL FM JUL 1     8    CLOUDY (SCALE 8-10)  0
DPTR FM NORMAL   -21

[CDD (BASE 65) ]
TOTAL THIS MO.    33
DPTR FM NORMAL    13    [PRESSURE DATA]
TOTAL FM JAN 1    51    HIGHEST SLP M ON M
DPTR FM NORMAL    25    LOWEST  SLP 29.86 ON 11

[REMARKS]
