000
CXUS53 KDMX 200920
CF6AMW
PRELIMINARY LOCAL CLIMATOLOGICAL DATA (WS FORM: F-6)

                                          STATION:   AMES IA
                                          MONTH:     FEBRUARY
                                          YEAR:      2018
                                          LATITUDE:   41 59 N
                                          LONGITUDE:  93 37 W

  TEMPERATURE IN F:       :PCPN:    SNOW:  WIND      :SUNSHINE: SKY     :PK WND
================================================================================
1   2   3   4   5  6A  6B    7    8   9   10  11  12  13   14  15   16   17  18
                                     12Z  AVG MX 2MIN
DY MAX MIN AVG DEP HDD CDD  WTR  SNW DPTH SPD SPD DIR MIN PSBL S-S WX    SPD DR
================================================================================

 1  30   5  18  -3  47   0 0.00  0.0    0 17.8 33 340   M    M   1        43 340
 2  25  -1  12  -9  53   0    T    T    0  6.8 20 160   M    M   3        22 150
 3  42  21  32  11  33   0 0.01    M    0 11.1 28 340   M    M  10        35 340
 4  21   1  11 -11  54   0    T    T    0 17.2 30 340   M    M   5 18     40 330
 5  12  -3   5 -17  60   0    M    M    M  7.4 20 350   M    M   6 128    25 340
 6  10  -7   2 -20  63   0    M    M    M  4.9 20 340   M    M   6 1      25 360
 7  15   1   8 -14  57   0    T    M    M  7.5 18 360   M    M   5 1      21 360
 8  21   9  15  -7  50   0    M    M    M  6.4 16  40   M    M  10 18     22  40
 9  18   5  12 -11  53   0    M    M    M 14.5 22  10   M    M   7 18     27  30
10  13   5   9 -14  56   0 0.04    M    M  7.1 14 350   M    M   4 18     18 360
11  19  -2   9 -14  56   0    M    M    M  7.7 15 280   M    M   3 1      19 280
12  15  -3   6 -18  59   0 0.00  0.0    M  7.3 13  70   M    M   0        15  40
13  34  13  24   0  41   0 0.00  0.0    M  6.8 17 150   M    M   5 18     24 140
14  41  11  26   2  39   0 0.00  0.0    M  7.0 14 220   M    M   0 18     17 210
15  41  20  31   7  34   0 0.00  0.0    M 11.3 30 330   M    M   4 18     37 330
16  22   6  14 -11  51   0 0.00  0.0    M 11.7 29 340   M    M   0        37 340
17  36  17  27   2  38   0 0.04    M    M  8.2 21 300   M    M   5 12     25 300
18  51  15  33   7  32   0 0.00  0.0    M 10.4 33 180   M    M   2 1      44 180
19  41  28  35   9  30   0 0.14    M    M  9.0 16 320   M    M  10 18     20 330
================================================================================
SM  507  141       906   0  0.23    T    180.1          M       86
================================================================================
AV 26.7  7.4                               9.5 FASTST   M    M   5    MAX(MPH)
                                 MISC ---->  # 33 340               # 44  180
================================================================================
NOTES:
# LAST OF SEVERAL OCCURRENCES

COLUMN 17 PEAK WIND IN M.P.H.

PRELIMINARY LOCAL CLIMATOLOGICAL DATA (WS FORM: F-6) , PAGE 2

                                          STATION:  AMES IA
                                          MONTH:    FEBRUARY
                                          YEAR:     2018
                                          LATITUDE:   41 59 N
                                          LONGITUDE:  93 37 W

[TEMPERATURE DATA]      [PRECIPITATION DATA]       SYMBOLS USED IN COLUMN 16

AVERAGE MONTHLY: 17.1   TOTAL FOR MONTH:   0.23    1 = FOG OR MIST
DPTR FM NORMAL:  -6.1   DPTR FM NORMAL:   -0.39    2 = FOG REDUCING VISIBILITY
HIGHEST:    51 ON 18    GRTST 24HR  0.14 ON 19-19      TO 1/4 MILE OR LESS
LOWEST:     -7 ON  6                               3 = THUNDER
                        SNOW, ICE PELLETS, HAIL    4 = ICE PELLETS
                        TOTAL MONTH:    T          5 = HAIL
                        GRTST 24HR    T  ON  4- 4  6 = FREEZING RAIN OR DRIZZLE
                        GRTST DEPTH:   0           7 = DUSTSTORM OR SANDSTORM:
                                                       VSBY 1/2 MILE OR LESS
                                                   8 = SMOKE OR HAZE
[NO. OF DAYS WITH]      [WEATHER - DAYS WITH]      9 = BLOWING SNOW
                                                   X = TORNADO
MAX 32 OR BELOW:  12    0.01 INCH OR MORE:   4
MAX 90 OR ABOVE:   0    0.10 INCH OR MORE:   1
MIN 32 OR BELOW:  19    0.50 INCH OR MORE:   0
MIN  0 OR BELOW:   5    1.00 INCH OR MORE:   0

[HDD (BASE 65) ]
TOTAL THIS MO.   906    CLEAR  (SCALE 0-3)   7
DPTR FM NORMAL   110    PTCLDY (SCALE 4-7)   9
TOTAL FM JUL 1  4815    CLOUDY (SCALE 8-10)  3
DPTR FM NORMAL  -136

[CDD (BASE 65) ]
TOTAL THIS MO.     0
DPTR FM NORMAL     0    [PRESSURE DATA]
TOTAL FM JAN 1     0    HIGHEST SLP  0.00 ON M
DPTR FM NORMAL     0    LOWEST  SLP 29.64 ON M

[REMARKS]
