000
CXUS54 KBMX 171216
CF6ANB
PRELIMINARY LOCAL CLIMATOLOGICAL DATA (WS FORM: F-6)

                                          STATION:   ANNISTON
                                          MONTH:     DECEMBER
                                          YEAR:      2017
                                          LATITUDE:   33 35 N
                                          LONGITUDE:  85 51 W

  TEMPERATURE IN F:       :PCPN:    SNOW:  WIND      :SUNSHINE: SKY     :PK WND
================================================================================
1   2   3   4   5  6A  6B    7    8   9   10  11  12  13   14  15   16   17  18
                                     12Z  AVG MX 2MIN
DY MAX MIN AVG DEP HDD CDD  WTR  SNW DPTH SPD SPD DIR MIN PSBL S-S WX    SPD DR
================================================================================

 1  68  46  57   8   8   0 0.00  0.0    0  2.6 10 260   M    M   5        14 250
 2  68  42  55   7  10   0 0.00  0.0    0  1.5  8 280   M    M   2        11 320
 3  70  41  56   8   9   0 0.00  0.0    0  1.9  9 100   M    M   3        12  90
 4  66  45  56   8   9   0 0.00  0.0    0  6.8 15 130   M    M   2        21 150
 5  70  49  60  12   5   0 0.57    M    0  5.9 20 340   M    M  10        29 320
 6  49  40  45  -2  20   0    T  0.0    0  4.6 13  20   M    M   5        20 360
 7  49  40  45  -2  20   0 0.00  0.0    0  3.3 10 350   M    M   6        13 360
 8  44  32  38  -9  27   0 0.93    M    0  3.8 12 360   M    M   9        15 360
 9  38  27  33 -14  32   0 0.04    M    0  6.4 14 250   M    M   3        18 280
10  43  20  32 -14  33   0 0.00  0.0    0  4.2 13 200   M    M   0        16 230
11  58  26  42  -4  23   0 0.00  0.0    0  3.8 13 230   M    M   0        17 230
12  52  34  43  -3  22   0 0.00  0.0    0  9.8 20 320   M    M   1        27 310
13  51  24  38  -8  27   0 0.00  0.0    0  6.6 16 230   M    M   0        22 220
14  56  29  43  -3  22   0 0.00  0.0    0  3.9 10 250   M    M   0        29 150
15  42  23  33 -12  32   0 0.00  0.0    0  3.8 15 280   M    M   0        23 310
16  54  22  38  -7  27   0 0.00  0.0    0  1.9  8 200   M    M   0 1      10 200
================================================================================
SM  878  540       326   0  1.54     0.0  70.8          M       46
================================================================================
AV 54.9 33.8                               4.4 FASTST   M    M   3    MAX(MPH)
                                 MISC ---->  # 20 340               # 29  320
================================================================================
NOTES:
# LAST OF SEVERAL OCCURRENCES

COLUMN 17 PEAK WIND IN M.P.H.

PRELIMINARY LOCAL CLIMATOLOGICAL DATA (WS FORM: F-6) , PAGE 2

                                          STATION:  ANNISTON
                                          MONTH:    DECEMBER
                                          YEAR:     2017
                                          LATITUDE:   33 35 N
                                          LONGITUDE:  85 51 W

[TEMPERATURE DATA]      [PRECIPITATION DATA]       SYMBOLS USED IN COLUMN 16

AVERAGE MONTHLY: 44.3   TOTAL FOR MONTH:   1.54    1 = FOG OR MIST
DPTR FM NORMAL:  -2.5   DPTR FM NORMAL:   -0.73    2 = FOG REDUCING VISIBILITY
HIGHEST:    70 ON  5, 3 GRTST 24HR  0.93 ON  8- 8      TO 1/4 MILE OR LESS
LOWEST:     20 ON 10                               3 = THUNDER
                        SNOW, ICE PELLETS, HAIL    4 = ICE PELLETS
                        TOTAL MONTH:   0.0 INCH    5 = HAIL
                        GRTST 24HR     0.0         6 = FREEZING RAIN OR DRIZZLE
                        GRTST DEPTH:   0           7 = DUSTSTORM OR SANDSTORM:
                                                       VSBY 1/2 MILE OR LESS
                                                   8 = SMOKE OR HAZE
[NO. OF DAYS WITH]      [WEATHER - DAYS WITH]      9 = BLOWING SNOW
                                                   X = TORNADO
MAX 32 OR BELOW:   0    0.01 INCH OR MORE:   3
MAX 90 OR ABOVE:   0    0.10 INCH OR MORE:   2
MIN 32 OR BELOW:   8    0.50 INCH OR MORE:   2
MIN  0 OR BELOW:   0    1.00 INCH OR MORE:   0

[HDD (BASE 65) ]
TOTAL THIS MO.   326    CLEAR  (SCALE 0-3)  10
DPTR FM NORMAL    35    PTCLDY (SCALE 4-7)   4
TOTAL FM JUL 1   782    CLOUDY (SCALE 8-10)  2
DPTR FM NORMAL    -6

[CDD (BASE 65) ]
TOTAL THIS MO.     0
DPTR FM NORMAL     0    [PRESSURE DATA]
TOTAL FM JAN 1  1957    HIGHEST SLP M ON M
DPTR FM NORMAL    92    LOWEST  SLP 29.89 ON 13

[REMARKS]
