000
CXAK56 PAFC 281320
CF6ANC
PRELIMINARY LOCAL CLIMATOLOGICAL DATA (WS FORM: F-6)

                                          STATION:   ANCHORAGE AK
                                          MONTH:     NOVEMBER
                                          YEAR:      2014
                                          LATITUDE:   61 10 N
                                          LONGITUDE: 150  2 W

  TEMPERATURE IN F:       :PCPN:    SNOW:  WIND      :SUNSHINE: SKY     :PK WND
================================================================================
1   2   3   4   5  6A  6B    7    8   9   10  11  12  13   14  15   16   17  18
                                     12Z  AVG MX 2MIN
DY MAX MIN AVG DEP HDD CDD  WTR  SNW DPTH SPD SPD DIR MIN PSBL S-S WX    SPD DR
================================================================================

 1  35  28  32   5  33   0    T    T    1  6.9 12 360   M    M   8         M  M
 2  37  30  34   8  31   0    T  0.0    1  4.6  8  80   M    M   7         M  M
 3  36  28  32   6  33   0 0.00  0.0    1  4.4  9 360   M    M   8         M  M
 4  36  19  28   3  37   0 0.00  0.0    0  2.4  6  50   M    M   5         M  M
 5  35  27  31   6  34   0 0.00  0.0    1  5.6  9 360   M    M   7         M  M
 6  33  20  27   3  38   0 0.00  0.0    1  4.6 10 350   M    M   7         M  M
 7  38  30  34  10  31   0 0.00  0.0    1  5.8 10 360   M    M   8         M  M
 8  41  28  35  11  30   0    T  0.0    1  3.7  8 140   M    M   8        20 140
 9  47  32  40  17  25   0 0.00  0.0    1  9.0 23 150   M    M   9        39 170
10  48  33  41  18  24   0    T  0.0    0 11.1 22 160   M    M   6        38 150
11  45  34  40  17  25   0    T  0.0    0  4.7  9 140   M    M   9        18 140
12  47  34  41  19  24   0 0.00  0.0    0  3.9 15 150   M    M   8        24 150
13  37  26  32  10  33   0 0.00  0.0    0  1.1  5 120   M    M   6         M  M
14  36  24  30   8  35   0 0.00  0.0    0  2.7  6  50   M    M   2         M  M
15  31  22  27   5  38   0 0.00  0.0    0  3.0  8  60   M    M   4         M  M
16  33  23  28   6  37   0 0.02    T    0  3.2  7  60   M    M   8         M  M
17  38  30  34  13  31   0 0.01    T    0  1.6  6  20   M    M   9         M  M
18  47  27  37  16  28   0    T    M    0  4.4 16 150   M    M   6        40 140
19  46  31  39  18  26   0 0.19  0.0    0 10.5 23 150   M    M   5 1      38 140
20  35  31  33  12  32   0 0.00  0.0    0  4.2  9 330   M    M   9         M  M
21  37  32  35  14  30   0 0.00  0.0    0  4.0  7 340   M    M   9         M  M
22  36  29  33  13  32   0    T    T    T  4.3 10 350   M    M   8         M  M
23  33  27  30  10  35   0 0.00  0.0    0  4.1  7 360   M    M   8         M  M
24  33  23  28   8  37   0    T    T    0  1.4  5  40   M    M   5         M  M
25  37  26  32  12  33   0 0.01  0.1    T  1.7  8 150   M    M   8 1       M  M
26  32  18  25   5  40   0    T    T    T  4.3  8  10   M    M   6 1       M  M
27  24  14  19  -1  46   0 0.00  0.0    T  2.8  9  40   M    M   7         M  M
================================================================================
SM 1013  726       878   0  0.23     0.1 120.0          M      190
================================================================================
AV 37.5 26.9                               4.4 FASTST   M    M   7    MAX(MPH)
                                 MISC ---->  # 23 150                 40    M
================================================================================
NOTES:
# LAST OF SEVERAL OCCURRENCES

COLUMN 17 PEAK WIND IN M.P.H.

PRELIMINARY LOCAL CLIMATOLOGICAL DATA (WS FORM: F-6) , PAGE 2

                                          STATION:  ANCHORAGE AK
                                          MONTH:    NOVEMBER
                                          YEAR:     2014
                                          LATITUDE:   61 10 N
                                          LONGITUDE: 150  2 W

[TEMPERATURE DATA]      [PRECIPITATION DATA]       SYMBOLS USED IN COLUMN 16

AVERAGE MONTHLY: 32.2   TOTAL FOR MONTH:   0.23    1 = FOG OR MIST
DPTR FM NORMAL:   9.8   DPTR FM NORMAL:   -0.82    2 = FOG REDUCING VISIBILITY
HIGHEST:    48 ON 10    GRTST 24HR  0.19 ON 19-19      TO 1/4 MILE OR LESS
LOWEST:     14 ON 27                               3 = THUNDER
                        SNOW, ICE PELLETS, HAIL    4 = ICE PELLETS
                        TOTAL MONTH:   0.1 INCH    5 = HAIL
                        GRTST 24HR   0.1 ON   M    6 = FREEZING RAIN OR DRIZZLE
                        GRTST DEPTH:   1 ON  9, 8  7 = DUSTSTORM OR SANDSTORM:
                                                       VSBY 1/2 MILE OR LESS
                                                   8 = SMOKE OR HAZE
[NO. OF DAYS WITH]      [WEATHER - DAYS WITH]      9 = BLOWING SNOW
                                                   X = TORNADO
MAX 32 OR BELOW:   3    0.01 INCH OR MORE:   4
MAX 90 OR ABOVE:   0    0.10 INCH OR MORE:   1
MIN 32 OR BELOW:  24    0.50 INCH OR MORE:   0
MIN  0 OR BELOW:   0    1.00 INCH OR MORE:   0

[HDD (BASE 65) ]
TOTAL THIS MO.   878    CLEAR  (SCALE 0-3)   1
DPTR FM NORMAL  -270    PTCLDY (SCALE 4-7)  18
TOTAL FM JUL 1  2589    CLOUDY (SCALE 8-10)  8
DPTR FM NORMAL  -439

[CDD (BASE 65) ]
TOTAL THIS MO.     0
DPTR FM NORMAL     0    [PRESSURE DATA]
TOTAL FM JAN 1     3    HIGHEST SLP M ON M
DPTR FM NORMAL     1    LOWEST  SLP M ON M

[REMARKS]
