000
CXAK56 PAFC 281320
CF6ANC
PRELIMINARY LOCAL CLIMATOLOGICAL DATA (WS FORM: F-6)

                                          STATION:   ANCHORAGE AK
                                          MONTH:     MAY
                                          YEAR:      2015
                                          LATITUDE:   61 10 N
                                          LONGITUDE: 150  2 W

  TEMPERATURE IN F:       :PCPN:    SNOW:  WIND      :SUNSHINE: SKY     :PK WND
================================================================================
1   2   3   4   5  6A  6B    7    8   9   10  11  12  13   14  15   16   17  18
                                     12Z  AVG MX 2MIN
DY MAX MIN AVG DEP HDD CDD  WTR  SNW DPTH SPD SPD DIR MIN PSBL S-S WX    SPD DR
================================================================================

 1  55  33  44   1  21   0 0.00  0.0    0  4.5  9 280   M    M   6         M  M
 2  60  33  47   4  18   0 0.00  0.0    0  5.6 13 170   M    M   4 1      27 170
 3  54  36  45   1  20   0 0.00  0.0    0  7.0 13 210   M    M   5        18 190
 4  57  33  45   1  20   0 0.00  0.0    0  5.7 10 210   M    M   5         M  M
 5  52  37  45   1  20   0    T  0.0    0  5.2 12 280   M    M   7         M  M
 6  54  33  44  -1  21   0    T  0.0    0  6.5 17 160   M    M   8        30 140
 7  55  42  49   4  16   0    T  0.0    0  9.0 20 150   M    M   9        31 150
 8  48  43  46   1  19   0 0.29  0.0    0  4.7  9 210   M    M  10 1       M  M
 9  56  45  51   5  14   0 0.02  0.0    0  8.1 23 160   M    M   9        35 160
10  55  40  48   2  17   0 0.00  0.0    0 11.7 21 150   M    M   7        36 160
11  57  38  48   2  17   0    T  0.0    0  5.8 13 170   M    M   6        16 170
12  62  44  53   6  12   0 0.00  0.0    0  5.3  9 170   M    M   6         M  M
13  58  40  49   2  16   0 0.00  0.0    0  7.1 21 240   M    M   6        30 240
14  58  47  53   6  12   0    T  0.0    0  2.9  7 130   M    M  10         M  M
15  59  47  53   5  12   0    T  0.0    0 11.5 24 150   M    M   8        45 150
16  59  45  52   4  13   0    T  0.0    0 13.2 22 150   M    M   6        33 160
17  58  39  49   1  16   0 0.00  0.0    0  6.2 12 210   M    M   5 1       M  M
18  61  37  49   0  16   0 0.00  0.0    0  6.3 14 240   M    M   4        20 240
19  56  42  49   0  16   0 0.00  0.0    0  4.7  8 300   M    M   7         M  M
20  59  38  49   0  16   0 0.00  0.0    0  4.4 14 180   M    M   8        24 180
21  62  43  53   4  12   0 0.00  0.0    0  7.5 17 190   M    M   7        30 180
22  66  43  55   5  10   0 0.00  0.0    0  3.7  8 250   M    M   7         M  M
23  54  46  50   0  15   0 0.22  0.0    0  2.7  6  30   M    M   8         M  M
24  59  48  54   4  11   0    T  0.0    0  5.5 15 150   M    M   9 1      31 160
25  61  49  55   5  10   0 0.02  0.0    0  7.5 13 150   M    M   8        31 150
26  58  47  53   2  12   0 0.00  0.0    0  6.8 14 250   M    M   8         M  M
27  59  39  49  -2  16   0 0.00  0.0    0  4.5  8 300   M    M   4         M  M
================================================================================
SM 1552 1107       418   0  0.55     0.0 173.6          M      187
================================================================================
AV 57.5 41.0                               6.4 FASTST   M    M   7    MAX(MPH)
                                 MISC ---->    24   M                 45    M
================================================================================
NOTES:
# LAST OF SEVERAL OCCURRENCES

COLUMN 17 PEAK WIND IN M.P.H.

PRELIMINARY LOCAL CLIMATOLOGICAL DATA (WS FORM: F-6) , PAGE 2

                                          STATION:  ANCHORAGE AK
                                          MONTH:    MAY
                                          YEAR:     2015
                                          LATITUDE:   61 10 N
                                          LONGITUDE: 150  2 W

[TEMPERATURE DATA]      [PRECIPITATION DATA]       SYMBOLS USED IN COLUMN 16

AVERAGE MONTHLY: 49.2   TOTAL FOR MONTH:   0.55    1 = FOG OR MIST
DPTR FM NORMAL:   2.1   DPTR FM NORMAL:   -0.06    2 = FOG REDUCING VISIBILITY
HIGHEST:    66 ON 22    GRTST 24HR  0.29 ON  8- 8      TO 1/4 MILE OR LESS
LOWEST:     33 ON  6, 4                            3 = THUNDER
                        SNOW, ICE PELLETS, HAIL    4 = ICE PELLETS
                        TOTAL MONTH:   0.0 INCH    5 = HAIL
                        GRTST 24HR     0.0         6 = FREEZING RAIN OR DRIZZLE
                        GRTST DEPTH:   0           7 = DUSTSTORM OR SANDSTORM:
                                                       VSBY 1/2 MILE OR LESS
                                                   8 = SMOKE OR HAZE
[NO. OF DAYS WITH]      [WEATHER - DAYS WITH]      9 = BLOWING SNOW
                                                   X = TORNADO
MAX 32 OR BELOW:   0    0.01 INCH OR MORE:   4
MAX 90 OR ABOVE:   0    0.10 INCH OR MORE:   2
MIN 32 OR BELOW:   0    0.50 INCH OR MORE:   0
MIN  0 OR BELOW:   0    1.00 INCH OR MORE:   0

[HDD (BASE 65) ]
TOTAL THIS MO.   418    CLEAR  (SCALE 0-3)   0
DPTR FM NORMAL   -62    PTCLDY (SCALE 4-7)  21
TOTAL FM JUL 1  8582    CLOUDY (SCALE 8-10)  6
DPTR FM NORMAL -1265

[CDD (BASE 65) ]
TOTAL THIS MO.     0
DPTR FM NORMAL     0    [PRESSURE DATA]
TOTAL FM JAN 1     0    HIGHEST SLP M ON M
DPTR FM NORMAL     0    LOWEST  SLP M ON M

[REMARKS]
