000
CXUS53 KAPX 270631
CF6ANJ
PRELIMINARY LOCAL CLIMATOLOGICAL DATA (WS FORM: F-6)

                                          STATION:   SAULT STE MARIE MI
                                          MONTH:     MAY
                                          YEAR:      2015
                                          LATITUDE:   46 28 N
                                          LONGITUDE:  84 21 W

  TEMPERATURE IN F:       :PCPN:    SNOW:  WIND      :SUNSHINE: SKY     :PK WND
================================================================================
1   2   3   4   5  6A  6B    7    8   9   10  11  12  13   14  15   16   17  18
                                     12Z  AVG MX 2MIN
DY MAX MIN AVG DEP HDD CDD  WTR  SNW DPTH SPD SPD DIR MIN PSBL S-S WX    SPD DR
================================================================================

 1  71  34  53   6  12   0 0.00  0.0    0  4.7 16 290   M    M   0        21 310
 2  71  45  58  10   7   0    T  0.0    0  4.0 17 210   M    M   6        24 260
 3  78  45  62  14   3   0 0.07  0.0    0  8.8 23 210   M    M   2 3      31 220
 4  62  43  53   5  12   0 0.24  0.0    0 10.9 26 190   M    M   4 1      33 190
 5  68  35  52   3  13   0 0.00  0.0    0  4.3 12 310   M    M   0        16 300
 6  70  40  55   6  10   0 0.00  0.0    0  6.9 15 140   M    M   0        20 130
 7  79  49  64  15   1   0 0.00  0.0    0  7.5 21 150   M    M   1        25 150
 8  78  44  61  11   4   0 0.00  0.0    0  9.9 20 210   M    M   3        25 200
 9  58  40  49  -1  16   0 0.00  0.0    0  8.4 17 290   M    M   7        24 290
10  59  44  52   2  13   0 0.00  0.0    0  7.6 15  70   M    M  10        22  60
11  53  47  50   0  15   0 0.58  0.0    0  9.0 18 130   M    M  10 18     28 130
12  50  38  44  -7  21   0 0.04  0.0    0 10.2 20 290   M    M  10 12     27 300
13  54  35  45  -6  20   0 0.00  0.0    0  8.3 17 310   M    M   2        23 310
14  65  35  50  -1  15   0 0.00  0.0    0  5.1 15 140   M    M   2        19 120
15  52  46  49  -3  16   0 0.04  0.0    0  6.4 16 130   M    M  10 12     22 130
16  65  47  56   4   9   0 0.00  0.0    0  4.2 10 300   M    M   6 12     15 270
17  63  48  56   4   9   0 0.05  0.0    0  9.1 16 110   M    M   9 18     26 100
18  75  43  59   7   6   0    T  0.0    0 10.6 25 200   M    M   5 12     37 200
19  44  33  39 -14  26   0    T    T    0 13.0 24 310   M    M   9 1      33 320
20  59  31  45  -8  20   0 0.00  0.0    0  8.1 17 320   M    M   0        23 300
21  56  37  47  -6  18   0    T  0.0    0  8.6 24 310   M    M   2        35 300
22  48  32  40 -14  25   0 0.00  0.0    0  8.2 18 310   M    M   0        25 310
23  74  30  52  -2  13   0 0.00  0.0    0  8.5 24 240   M    M   2        32 250
24  79  44  62   8   3   0 0.00  0.0    0  4.3 18 230   M    M   2        24 230
25  62  54  58   4   7   0 0.85  0.0    0  7.8 15 120   M    M  10 1      21 110
26  77  57  67  12   0   2 0.06  0.0    0  6.7 15 200   M    M   7 13     19 200
================================================================================
SM 1670 1076       314   2  1.93    T    201.1          M      119
================================================================================
AV 64.2 41.4                               7.7 FASTST   M    M   5    MAX(MPH)
                                 MISC ---->  # 26 190               # 37  200
================================================================================
NOTES:
# LAST OF SEVERAL OCCURRENCES

COLUMN 17 PEAK WIND IN M.P.H.

PRELIMINARY LOCAL CLIMATOLOGICAL DATA (WS FORM: F-6) , PAGE 2

                                          STATION:  SAULT STE MARIE MI
                                          MONTH:    MAY
                                          YEAR:     2015
                                          LATITUDE:   46 28 N
                                          LONGITUDE:  84 21 W

[TEMPERATURE DATA]      [PRECIPITATION DATA]       SYMBOLS USED IN COLUMN 16

AVERAGE MONTHLY: 52.8   TOTAL FOR MONTH:   1.93    1 = FOG OR MIST
DPTR FM NORMAL:   1.7   DPTR FM NORMAL:   -0.19    2 = FOG REDUCING VISIBILITY
HIGHEST:    79 ON 24, 7 GRTST 24HR  0.85 ON 25-25      TO 1/4 MILE OR LESS
LOWEST:     30 ON 23                               3 = THUNDER
                        SNOW, ICE PELLETS, HAIL    4 = ICE PELLETS
                        TOTAL MONTH:    T          5 = HAIL
                        GRTST 24HR    T  ON 19-19  6 = FREEZING RAIN OR DRIZZLE
                        GRTST DEPTH:   0           7 = DUSTSTORM OR SANDSTORM:
                                                       VSBY 1/2 MILE OR LESS
                                                   8 = SMOKE OR HAZE
[NO. OF DAYS WITH]      [WEATHER - DAYS WITH]      9 = BLOWING SNOW
                                                   X = TORNADO
MAX 32 OR BELOW:   0    0.01 INCH OR MORE:   8
MAX 90 OR ABOVE:   0    0.10 INCH OR MORE:   3
MIN 32 OR BELOW:   3    0.50 INCH OR MORE:   2
MIN  0 OR BELOW:   0    1.00 INCH OR MORE:   0

[HDD (BASE 65) ]
TOTAL THIS MO.   314    CLEAR  (SCALE 0-3)  12
DPTR FM NORMAL   -50    PTCLDY (SCALE 4-7)   7
TOTAL FM JUL 1  9216    CLOUDY (SCALE 8-10)  7
DPTR FM NORMAL   783

[CDD (BASE 65) ]
TOTAL THIS MO.     2
DPTR FM NORMAL     2    [PRESSURE DATA]
TOTAL FM JAN 1     2    HIGHEST SLP M ON M
DPTR FM NORMAL     2    LOWEST  SLP 29.67 ON M

[REMARKS]
