000
CXUS53 KAPX 270631
CF6ANJ
PRELIMINARY LOCAL CLIMATOLOGICAL DATA (WS FORM: F-6)

                                          STATION:   SAULT STE MARIE MI
                                          MONTH:     SEPTEMBER
                                          YEAR:      2016
                                          LATITUDE:   46 28 N
                                          LONGITUDE:  84 21 W

  TEMPERATURE IN F:       :PCPN:    SNOW:  WIND      :SUNSHINE: SKY     :PK WND
================================================================================
1   2   3   4   5  6A  6B    7    8   9   10  11  12  13   14  15   16   17  18
                                     12Z  AVG MX 2MIN
DY MAX MIN AVG DEP HDD CDD  WTR  SNW DPTH SPD SPD DIR MIN PSBL S-S WX    SPD DR
================================================================================

 1  73  57  65   3   0   0 0.00  0.0    0  6.6 14  20   M    M   3        23  20
 2  73  48  61  -1   4   0 0.00  0.0    0  2.3  9 270   M    M   0        14 260
 3  76  50  63   2   2   0 0.00  0.0    0  4.4 12 140   M    M   1        15 150
 4  78  56  67   6   0   2 0.00  0.0    0  4.9 14 200   M    M   2 1      19 190
 5  81  58  70   9   0   5 0.00  0.0    0  6.1 17 140   M    M   4 12     23 160
 6  74  67  71  11   0   6 1.41  0.0    0  4.5 20 310   M    M   7 13     26 310
 7  78  66  72  12   0   7 0.02  0.0    0  2.7  9  80   M    M   8 128    15 100
 8  78  61  70  10   0   5 0.14  0.0    0  6.5 18 310   M    M   8 1      27 300
 9  76  52  64   4   1   0 0.00  0.0    0  3.7 12 230   M    M   2        16 180
10  73  57  65   6   0   0 0.14  0.0    0  9.3 25 320   M    M   9 13     41 290
11  72  47  60   1   5   0    T  0.0    0  6.9 16 240   M    M   1        21 230
12  77  54  66   8   0   1 0.00  0.0    0  8.1 23 210   M    M   0        31 210
13  68  56  62   4   3   0 0.87  0.0    0  7.3 20 300   M    M   7 13     27 290
14  67  50  59   1   6   0 0.00  0.0    0  4.3 10 290   M    M   2        17 360
15  71  48  60   2   5   0 0.00  0.0    0  4.5 12 180   M    M   3 12     17 150
16  71  54  63   6   2   0 0.51  0.0    0  7.7 21 140   M    M   3 1      29 130
17  77  61  69  12   0   4 0.29  0.0    0  4.2 17 210   M    M   6 1      24 210
18  72  57  65   9   0   0 0.02  0.0    0  3.5 10 270   M    M   7 12     14 270
19  78  56  67  11   0   2 0.02  0.0    0  6.8 17 220   M    M   3 13     23 210
20  76  57  67  11   0   2 0.00  0.0    0  8.3 18 280   M    M   0        25 270
21  76  56  66  11   0   1 0.00  0.0    0  2.9 10 310   M    M   2        13 300
22  64  57  61   6   4   0 0.02  0.0    0  3.7 10  50   M    M   9 1      15  60
23  67  50  59   5   6   0 0.00  0.0    0  5.1 12  60   M    M   2        16  50
24  67  46  57   3   8   0 0.00  0.0    0  3.7  8 140   M    M   0        11 150
25  67  51  59   5   6   0 0.17  0.0    0  8.9 18 140   M    M   6 1      25 150
26  61  52  57   4   8   0 0.85  0.0    0 11.1 21 230   M    M  10 1      29 220
================================================================================
SM 1891 1424        60  35  4.46     0.0 148.0          M      105
================================================================================
AV 72.7 54.8                               5.7 FASTST   M    M   4    MAX(MPH)
                                 MISC ---->  # 25 320               # 41  290
================================================================================
NOTES:
# LAST OF SEVERAL OCCURRENCES

COLUMN 17 PEAK WIND IN M.P.H.

PRELIMINARY LOCAL CLIMATOLOGICAL DATA (WS FORM: F-6) , PAGE 2

                                          STATION:  SAULT STE MARIE MI
                                          MONTH:    SEPTEMBER
                                          YEAR:     2016
                                          LATITUDE:   46 28 N
                                          LONGITUDE:  84 21 W

[TEMPERATURE DATA]      [PRECIPITATION DATA]       SYMBOLS USED IN COLUMN 16

AVERAGE MONTHLY: 63.8   TOTAL FOR MONTH:   4.46    1 = FOG OR MIST
DPTR FM NORMAL:   5.9   DPTR FM NORMAL:    1.15    2 = FOG REDUCING VISIBILITY
HIGHEST:    81 ON  5    GRTST 24HR  1.41 ON  5- 6      TO 1/4 MILE OR LESS
LOWEST:     46 ON 24                               3 = THUNDER
                        SNOW, ICE PELLETS, HAIL    4 = ICE PELLETS
                        TOTAL MONTH:   0.0 INCH    5 = HAIL
                        GRTST 24HR     0.0         6 = FREEZING RAIN OR DRIZZLE
                        GRTST DEPTH:   0           7 = DUSTSTORM OR SANDSTORM:
                                                       VSBY 1/2 MILE OR LESS
                                                   8 = SMOKE OR HAZE
[NO. OF DAYS WITH]      [WEATHER - DAYS WITH]      9 = BLOWING SNOW
                                                   X = TORNADO
MAX 32 OR BELOW:   0    0.01 INCH OR MORE:  12
MAX 90 OR ABOVE:   0    0.10 INCH OR MORE:   8
MIN 32 OR BELOW:   0    0.50 INCH OR MORE:   4
MIN  0 OR BELOW:   0    1.00 INCH OR MORE:   1

[HDD (BASE 65) ]
TOTAL THIS MO.    60    CLEAR  (SCALE 0-3)  13
DPTR FM NORMAL  -143    PTCLDY (SCALE 4-7)  10
TOTAL FM JUL 1    95    CLOUDY (SCALE 8-10)  3
DPTR FM NORMAL  -255

[CDD (BASE 65) ]
TOTAL THIS MO.    35
DPTR FM NORMAL    20    [PRESSURE DATA]
TOTAL FM JAN 1   361    HIGHEST SLP M ON M
DPTR FM NORMAL   168    LOWEST  SLP 29.60 ON 10

[REMARKS]
