000
CXAK56 PANT 280902
CF6ANN

PRELIMINARY LOCAL CLIMATOLOGICAL DATA (WS FORM: F-6)

                                          STATION:   ANNETTE
                                          MONTH:     02
                                          YEAR:      2015
                                          LATITUDE:   55 02 N
                                          LONGITUDE: 131 34 W

  TEMPERATURE IN F:       :PCPN:    SNOW:  WIND      :SUNSHINE: SKY     :PK WND
================================================================================
1   2   3   4   5  6A  6B    7     8   9   10  11  12  13   14  15   16  17  18
                                      12Z  AVG MX 2MIN
DY MAX MIN AVG DEP HDD CDD  WTR   SNW DPTH SPD SPD DIR MIN PSBL S-S WX   SPD DR
================================================================================

 1  43  34  39   2  26   0  0.43  0.4   0  6.8 16   60   M    M   M 1     29  60
 2  39  34  37  -1  28   0  0.15  0.9   0  6.9 14   50   M    M   M 1     23  50
 3  38  36  37  -1  28   0  0.05    T   0  1.0  8   70   M    M   M 1     13  50
 4  44  35  40   2  25   0  0.06  0.0   0  3.0 13  330   M    M   M 1     17 330
 5  44  37  41   3  24   0  0.76  0.0   0  7.0 17   30   M    M   M 1     30  30
 6  45  31  38   0  27   0  1.55    T   0  9.1 29  130   M    M   M 1     36 130
 7  39  28  34  -4  31   0  0.24  1.0   0  7.6 17  130   M    M   M 1     25 100
 8  45  29  37  -1  28   0     T  0.0   0  7.7 18  130   M    M   M       25 120
 9  43  27  35  -3  30   0  0.00  0.0   0  5.5 15  320   M    M   M       20 320
10  48  27  38   0  27   0  0.19  0.0   0  9.9 26  120   M    M   M 1     41 120
11  48  42  45   7  20   0  1.30  0.0   0 16.3 29  130   M    M   M 1     43 120
12  51  47  49  11  16   0  0.54  0.0   0 15.9 24  130   M    M   M 1     36 120
13  51  47  49  11  16   0  0.25  0.0   0 13.6 24  140   M    M   M 1     37 120
14  49  40  45   7  20   0  0.24  0.0   0  5.2 18  150   M    M   M 1     28 160
15  48  42  45   7  20   0     T  0.0   0  4.6 10  190   M    M   M 1     16 190
16  52  34  43   5  22   0  0.00  0.0   0  1.3  7  130   M    M   M       10 270
17  53  33  43   5  22   0  0.00  0.0   0  1.1  9  320   M    M   M       12 130
18  51  40  46   8  19   0  0.29  0.0   0  9.5 20  150   M    M   M 1     27 170
19  50  32  41   3  24   0  0.09  0.0   0  2.0  8  200   M    M   M       12 280
20  45  31  38   0  27   0  0.00  0.0   0  1.5  8  310   M    M   M 1     10 330
21  52  29  41   3  24   0  0.00  0.0   0  0.9  6  320   M    M   M 1      7 300
22  50  39  45   7  20   0  0.00  0.0   0  0.9  6  140   M    M   M        7 140
23  45  34  40   2  25   0  0.01  0.0   0  3.9 10  130   M    M   M       13 120
24  51  33  42   4  23   0  0.07  0.0   0  3.8 10  320   M    M   M 1     14 320
25  45  34  40   2  25   0  0.07  0.0   0  4.8 12  130   M    M   M       15 140
26  50  39  45   7  20   0  0.06  0.0   0  7.5 14  330   M    M   M       19 330
27  51  38  45   7  20   0  0.00  0.0   0  8.0 15  340   M    M   M       21 350
================================================================================
SM 1270  952       637   0  6.35 2.3    165.3           M        M
================================================================================
AV 47.0 35.3                              6.1 FASTST  PSBL  %   M    MAX(MPH)
                                 MISC ---->  #  29  130                 43 120
================================================================================
NOTES:
# LAST OF SEVERAL OCCURRENCES

COLUMN 17 PEAK WIND IN M.P.H.

PRELIMINARY LOCAL CLIMATOLOGICAL DATA (WS FORM: F-6) , PAGE 2

                                          STATION:   ANNETTE
                                          MONTH:     02
                                          YEAR:      2015
                                          LATITUDE:  55 02 N
                                          LONGITUDE: 131 34 W

[TEMPERATURE DATA]      [PRECIPITATION DATA]       SYMBOLS USED IN COLUMN 16

AVERAGE MONTHLY:41.1   TOTAL FOR MONTH: 6.35       1 = FOG
DPTR FM NORMAL:  3.1   DPTR FM NORMAL: -0.72       2 = FOG REDUCING VISIBILITY
HIGHEST:    53 ON 17    GRTST 24HR   1.55 ON  6        TO 1/4 MILE OR LESS
LOWEST:     27 ON 10                               3 = THUNDER
                        SNOW, ICE PELLETS, HAIL    4 = ICE PELLETS
                        TOTAL MONTH: 2.3 INCHES  5 = HAIL
                        GRTST 24HR   1.0 ON  7     6 = GLAZE OR RIME
                        GRTST DEPTH:    0          7 = BLOWING DUST OR SAND:
                                                       VSBY 1/2 MILE OR LESS
                                                   8 = SMOKE OR HAZE
[NO. OF DAYS WITH]      [WEATHER - DAYS WITH]      9 = BLOWING SNOW
                                                   X = TORNADO
MAX 32 OR BELOW:   0    0.01 INCH OR MORE:  18
MAX 70 OR ABOVE:   0    0.10 INCH OR MORE:  11
MIN 32 OR BELOW:   8    0.50 INCH OR MORE:   4
MIN  0 OR BELOW:   0    1.00 INCH OR MORE:   2

[HDD (BASE 65) ]
TOTAL THIS MO.   637    CLEAR  (SCALE 0-3)   M
DPTR FM NORMAL   -95    PTCLDY (SCALE 4-7)   M
SEASONAL TOTAL  4061    CLOUDY (SCALE 8-10)  M
DPTR FM NORMAL  -450

[CDD (BASE 65) ]
TOTAL THIS MO.     0
DPTR FM NORMAL     0    [PRESSURE DATA]
SEASONAL TOTAL     0    HIGHEST SLP     M
DPTR FM NORMAL     0    LOWEST  SLP     M

[REMARKS]
