000
CXUS53 KIWX 250800
CF6AOH
PRELIMINARY LOCAL CLIMATOLOGICAL DATA (WS FORM: F-6)

                                          STATION:   LIMA
                                          MONTH:     JUNE
                                          YEAR:      2017
                                          LATITUDE:   40 42 N
                                          LONGITUDE:  84  1 W

  TEMPERATURE IN F:       :PCPN:    SNOW:  WIND      :SUNSHINE: SKY     :PK WND
================================================================================
1   2   3   4   5  6A  6B    7    8   9   10  11  12  13   14  15   16   17  18
                                     12Z  AVG MX 2MIN
DY MAX MIN AVG DEP HDD CDD  WTR  SNW DPTH SPD SPD DIR MIN PSBL S-S WX    SPD DR
================================================================================

 1  77  50  64  -2   1   0 0.00  0.0    0  7.8 18 270   M    M   0        23 260
 2  79  49  64  -2   1   0 0.00  0.0    0  3.2 12 270   M    M   0 8      19 260
 3  86  53  70   3   0   5 0.00  0.0    0  5.1 15 270   M    M   2        24 280
 4  88  69  79  12   0  14 0.04  0.0    0 10.9 21 260   M    M   3 3      27 300
 5  80  58  69   2   0   4 0.31  0.0    0  7.9 22  30   M    M   3 13     26  40
 6  74  53  64  -4   1   0 0.00  0.0    0  9.1 22  10   M    M   4        27 360
 7  68  52  60  -8   5   0 0.04  0.0    0 11.0 28  50   M    M   6 1      34  40
 8  75  48  62  -6   3   0 0.00  0.0    0  4.3 14  30   M    M   3        16  20
 9  82  57  70   2   0   5 0.01  0.0    0  9.8 22 250   M    M   3        31 230
10  85  65  75   6   0  10 0.00  0.0    0 12.3 21 230   M    M   1        30 250
11  88  66  77   8   0  12 0.00  0.0    0 12.4 24 240   M    M   0        31 240
12  91  70  81  12   0  16 0.00  0.0    0 10.4 21 250   M    M   2        28 210
13  94  69  82  12   0  17 0.03  0.0    0  8.8 26 300   M    M   0 3      32 300
14  79  68  74   4   0   9 0.08  0.0    0  7.2 16 220   M    M   3 13     21 220
15  83  67  75   5   0  10 0.21  0.0    0  4.9 13 230   M    M   3 1      17 250
16  88  66  77   6   0  12 0.10  0.0    0  4.9 22 280   M    M   2 13     28 250
17  88  68  78   7   0  13 0.00  0.0    0 10.5 18 190   M    M   2        26 180
18   M   M   M   M   M   M 0.46    M    0 14.6 23 220   M    M   5 13     36 220
19  78  59  69  -2   0   4 0.12  0.0    0  9.3 40 280   M    M   3 3      52 280
20  80  58  69  -3   0   4 0.09  0.0    0 11.0 30 310   M    M   1 1      36 310
21  80  59  70  -2   0   5 0.00  0.0    0  3.6 10 310   M    M   4 1      13 270
22  87  67  77   5   0  12 0.00  0.0    0 11.2 22 200   M    M   5        31 210
23  74  63  69  -3   0   4 1.35  0.0    0  9.3 14 220   M    M   8 13      M  M
24  77  60  69  -3   0   4 0.00  0.0    0 12.0 22 260   M    M   2        28 270
================================================================================
SM 1881 1394        11 160  2.84     0.0 211.5          M       65
================================================================================
AV 81.8 60.6                               8.8 FASTST   M    M   3    MAX(MPH)
                                 MISC ---->  # 40 280               # 52  280
================================================================================
NOTES:
# LAST OF SEVERAL OCCURRENCES

COLUMN 17 PEAK WIND IN M.P.H.

PRELIMINARY LOCAL CLIMATOLOGICAL DATA (WS FORM: F-6) , PAGE 2

                                          STATION:  LIMA
                                          MONTH:    JUNE
                                          YEAR:     2017
                                          LATITUDE:   40 42 N
                                          LONGITUDE:  84  1 W

[TEMPERATURE DATA]      [PRECIPITATION DATA]       SYMBOLS USED IN COLUMN 16

AVERAGE MONTHLY: 71.2   TOTAL FOR MONTH:   2.84    1 = FOG OR MIST
DPTR FM NORMAL:   1.8   DPTR FM NORMAL:   -0.43    2 = FOG REDUCING VISIBILITY
HIGHEST:    94 ON 13    GRTST 24HR  1.35 ON 23-23      TO 1/4 MILE OR LESS
LOWEST:     48 ON  8                               3 = THUNDER
                        SNOW, ICE PELLETS, HAIL    4 = ICE PELLETS
                        TOTAL MONTH:   0.0 INCH    5 = HAIL
                        GRTST 24HR     0.0         6 = FREEZING RAIN OR DRIZZLE
                        GRTST DEPTH:   0           7 = DUSTSTORM OR SANDSTORM:
                                                       VSBY 1/2 MILE OR LESS
                                                   8 = SMOKE OR HAZE
[NO. OF DAYS WITH]      [WEATHER - DAYS WITH]      9 = BLOWING SNOW
                                                   X = TORNADO
MAX 32 OR BELOW:   0    0.01 INCH OR MORE:  12
MAX 90 OR ABOVE:   2    0.10 INCH OR MORE:   6
MIN 32 OR BELOW:   0    0.50 INCH OR MORE:   1
MIN  0 OR BELOW:   0    1.00 INCH OR MORE:   1

[HDD (BASE 65) ]
TOTAL THIS MO.    11    CLEAR  (SCALE 0-3)  16
DPTR FM NORMAL   -17    PTCLDY (SCALE 4-7)   8
TOTAL FM JUL 1  4900    CLOUDY (SCALE 8-10)  0
DPTR FM NORMAL  -953

[CDD (BASE 65) ]
TOTAL THIS MO.   160
DPTR FM NORMAL    24    [PRESSURE DATA]
TOTAL FM JAN 1   233    HIGHEST SLP M ON M
DPTR FM NORMAL    35    LOWEST  SLP 29.55 ON 17

[REMARKS]
