000
CXUS53 KIWX 290800
CF6AOH
PRELIMINARY LOCAL CLIMATOLOGICAL DATA (WS FORM: F-6)

                                          STATION:   LIMA
                                          MONTH:     APRIL
                                          YEAR:      2016
                                          LATITUDE:   40 42 N
                                          LONGITUDE:  84  1 W

  TEMPERATURE IN F:       :PCPN:    SNOW:  WIND      :SUNSHINE: SKY     :PK WND
================================================================================
1   2   3   4   5  6A  6B    7    8   9   10  11  12  13   14  15   16   17  18
                                     12Z  AVG MX 2MIN
DY MAX MIN AVG DEP HDD CDD  WTR  SNW DPTH SPD SPD DIR MIN PSBL S-S WX    SPD DR
================================================================================

 1  54  43  49   4  16   0 0.24    M    0 13.8 30 270   M    M   6 1      37 250
 2  44  29  37  -9  28   0 0.11    M    M 21.8 43 300   M    M   6 138    54 310
 3  56  25  41  -5  24   0    T    M    M 15.6 31 230   M    M   2 1      39 240
 4  56  29  43  -3  22   0    T    M    0 13.0 30 230   M    M   8        39 230
 5  42  24  33 -14  32   0    T    M    M  7.6 13 150   M    M   3 1      16  60
 6  63  35  49   2  16   0 0.41    M    0 17.7 41 260   M    M   7 13     51 270
 7  45  34  40  -8  25   0 0.35    M    0 16.1 33 290   M    M  10 18     41 290
 8  42  30  36 -12  29   0 0.08    M    0 13.2 24 280   M    M   8 1      30 250
 9  34  24  29 -19  36   0 0.01    M    0 13.2 30 350   M    M   7 1      39 360
10  54  27  41  -8  24   0 0.08    M    0 15.4 30 160   M    M   8 18     36 170
11  56  38  47  -2  18   0 0.28    M    0 13.0 23 210   M    M   9 1      33 210
12  49  33  41  -9  24   0 0.00  0.0    0  7.3 18 320   M    M   1        23 310
13  54  31  43  -7  22   0 0.00  0.0    0  9.7 17  70   M    M   0        20  70
14  59  31  45  -5  20   0 0.00  0.0    0  9.2 16  60   M    M   0        21  70
15  73  36  55   4  10   0 0.00  0.0    0  7.4 13  90   M    M   0        18 100
16  75  48  62  11   3   0 0.00  0.0    0  7.7 12  40   M    M   0        19  60
17  78  45  62  10   3   0 0.00  0.0    0  4.9 12  60   M    M   0        15  20
18  80  49  65  13   0   0 0.00  0.0    0  3.3 10 240   M    M   0        14 210
19  62  51  57   5   8   0 0.00  0.0    0  9.1 17  60   M    M   0        22  70
20  76  43  60   8   5   0 0.00  0.0    0 10.6 17  90   M    M   1        22  90
21  65  56  61   8   4   0 0.27  0.0    0  8.0 21 230   M    M   8 1      28 210
22  61  49  55   2  10   0 0.07  0.0    0  8.0 16  20   M    M   8 1      20  10
23  58  39  49  -5  16   0 0.00  0.0    0  8.3 17  40   M    M   3        23  40
24  71  38  55   1  10   0 0.00  0.0    0  6.3 13 230   M    M   0        17 220
25  79  52  66  12   0   1 0.00  0.0    0 12.5 26 220   M    M   3        32 220
26  78  45  62   7   3   0 0.08  0.0    0 12.1 22  20   M    M   7 138    28  30
27  59  41  50  -5  15   0    T  0.0    0 12.8 22  40   M    M   9        27  40
28  51  43  47  -8  18   0 0.50  0.0    0  9.6 20  70   M    M  10 1      24  60
================================================================================
SM 1674 1068       441   1  2.48     0.0 307.2          M      124
================================================================================
AV 59.8 38.1                              11.0 FASTST   M    M   4    MAX(MPH)
                                 MISC ---->  # 43 300               # 54  310
================================================================================
NOTES:
# LAST OF SEVERAL OCCURRENCES

COLUMN 17 PEAK WIND IN M.P.H.

PRELIMINARY LOCAL CLIMATOLOGICAL DATA (WS FORM: F-6) , PAGE 2

                                          STATION:  LIMA
                                          MONTH:    APRIL
                                          YEAR:     2016
                                          LATITUDE:   40 42 N
                                          LONGITUDE:  84  1 W

[TEMPERATURE DATA]      [PRECIPITATION DATA]       SYMBOLS USED IN COLUMN 16

AVERAGE MONTHLY: 49.0   TOTAL FOR MONTH:   2.48    1 = FOG OR MIST
DPTR FM NORMAL:  -1.5   DPTR FM NORMAL:   -0.70    2 = FOG REDUCING VISIBILITY
HIGHEST:    80 ON 18    GRTST 24HR  0.74 ON  6- 7      TO 1/4 MILE OR LESS
LOWEST:     24 ON  9, 5                            3 = THUNDER
                        SNOW, ICE PELLETS, HAIL    4 = ICE PELLETS
                        TOTAL MONTH:   0.0 INCH    5 = HAIL
                        GRTST 24HR     0.0         6 = FREEZING RAIN OR DRIZZLE
                        GRTST DEPTH:   0           7 = DUSTSTORM OR SANDSTORM:
                                                       VSBY 1/2 MILE OR LESS
                                                   8 = SMOKE OR HAZE
[NO. OF DAYS WITH]      [WEATHER - DAYS WITH]      9 = BLOWING SNOW
                                                   X = TORNADO
MAX 32 OR BELOW:   0    0.01 INCH OR MORE:  12
MAX 90 OR ABOVE:   0    0.10 INCH OR MORE:   7
MIN 32 OR BELOW:   9    0.50 INCH OR MORE:   1
MIN  0 OR BELOW:   0    1.00 INCH OR MORE:   0

[HDD (BASE 65) ]
TOTAL THIS MO.   441    CLEAR  (SCALE 0-3)  13
DPTR FM NORMAL    26    PTCLDY (SCALE 4-7)   7
TOTAL FM JUL 1  4748    CLOUDY (SCALE 8-10)  8
DPTR FM NORMAL  -877

[CDD (BASE 65) ]
TOTAL THIS MO.     1
DPTR FM NORMAL     1    [PRESSURE DATA]
TOTAL FM JAN 1     1    HIGHEST SLP M ON M
DPTR FM NORMAL     0    LOWEST  SLP 29.46 ON  2

[REMARKS]
