000
CXUS55 KCTP 221131
CF6AOO
PRELIMINARY LOCAL CLIMATOLOGICAL DATA (WS FORM: F-6)

                                          STATION:   ALTOONA
                                          MONTH:     DECEMBER
                                          YEAR:      2014
                                          LATITUDE:   40 17 N
                                          LONGITUDE:  78 19 W

  TEMPERATURE IN F:       :PCPN:    SNOW:  WIND      :SUNSHINE: SKY     :PK WND
================================================================================
1   2   3   4   5  6A  6B    7    8   9   10  11  12  13   14  15   16   17  18
                                     12Z  AVG MX 2MIN
DY MAX MIN AVG DEP HDD CDD  WTR  SNW DPTH SPD SPD DIR MIN PSBL S-S WX    SPD DR
================================================================================

 1  58  31  45   9  20   0 0.01    M    0 10.5 18 320   M    M   9 1      25 320
 2  33  26  30  -5  35   0 0.32    M    M  6.6 14 170   M    M   7 16     21 170
 3  47  32  40   5  25   0 0.02    M    M  8.9 29 300   M    M   8 1      38 290
 4  36  28  32  -2  33   0 0.00    M    M  5.3 18 300   M    M   3        25 290
 5  35  30  33  -1  32   0 0.25    M    M  5.7 12 160   M    M  10 16     17 140
 6  38  34  36   2  29   0 0.54    M    M  6.9 20  10   M    M   9 12     25 360
 7  39  25  32  -1  33   0 0.00    M    M  8.4 18  10   M    M   2 8      25  10
 8  32  23  28  -5  37   0    T    M    M  4.7 16 160   M    M   6 146    21 150
 9  41  29  35   3  30   0 0.03    M    M  4.7 21 340   M    M   9 126    29 350
10  38  29  34   2  31   0    T    M    M 17.0 30 290   M    M  10        40 280
11  32  26  29  -3  36   0    T    M    M 18.6 29 300   M    M  10 1      42 310
12  32  25  29  -2  36   0 0.00    M    M 12.1 23 290   M    M   9 18     30 290
13  38  29  34   3  31   0 0.00    M    M 10.3 20 280   M    M  10 18     24 290
14  44  38  41  10  24   0 0.00    M    M 12.0 23 290   M    M  10        29 300
15  47  32  40   9  25   0 0.00    M    M  4.9 15 330   M    M   7 18     19 320
16  44  29  37   7  28   0 0.29    M    M  4.5 21 250   M    M   8 12     28 240
17  43  30  37   7  28   0    T    M    0 13.7 23 280   M    M  10 1      32 280
18  31  27  29  -1  36   0    T    M    M 14.4 24 300   M    M  10 8      34 300
19  31  26  29   0  36   0 0.00    M    M 12.7 20 310   M    M   9        26 310
20  32  20  26  -3  39   0 0.00    M    M  3.3 14 330   M    M   6 1      17 340
21  34  21  28  -1  37   0 0.00    M    M  2.0 12 320   M    M   6 18     15 320
================================================================================
SM  805  590       661   0  1.46    M    187.2          M      168
================================================================================
AV 38.3 28.1                               8.9 FASTST   M    M   8    MAX(MPH)
                                 MISC ---->  # 30 290               # 42  310
================================================================================
NOTES:
# LAST OF SEVERAL OCCURRENCES

COLUMN 17 PEAK WIND IN M.P.H.

PRELIMINARY LOCAL CLIMATOLOGICAL DATA (WS FORM: F-6) , PAGE 2

                                          STATION:  ALTOONA
                                          MONTH:    DECEMBER
                                          YEAR:     2014
                                          LATITUDE:   40 17 N
                                          LONGITUDE:  78 19 W

[TEMPERATURE DATA]      [PRECIPITATION DATA]       SYMBOLS USED IN COLUMN 16

AVERAGE MONTHLY: 33.2   TOTAL FOR MONTH:   1.46    1 = FOG OR MIST
DPTR FM NORMAL:   1.3   DPTR FM NORMAL:   -0.28    2 = FOG REDUCING VISIBILITY
HIGHEST:    58 ON  1    GRTST 24HR  0.70 ON  5- 6      TO 1/4 MILE OR LESS
LOWEST:     20 ON 20                               3 = THUNDER
                        SNOW, ICE PELLETS, HAIL    4 = ICE PELLETS
                        TOTAL MONTH:    M          5 = HAIL
                        GRTST 24HR    M  ON   M    6 = FREEZING RAIN OR DRIZZLE
                        GRTST DEPTH:   0           7 = DUSTSTORM OR SANDSTORM:
                                                       VSBY 1/2 MILE OR LESS
                                                   8 = SMOKE OR HAZE
[NO. OF DAYS WITH]      [WEATHER - DAYS WITH]      9 = BLOWING SNOW
                                                   X = TORNADO
MAX 32 OR BELOW:   6    0.01 INCH OR MORE:   7
MAX 90 OR ABOVE:   0    0.10 INCH OR MORE:   4
MIN 32 OR BELOW:  19    0.50 INCH OR MORE:   1
MIN  0 OR BELOW:   0    1.00 INCH OR MORE:   0

[HDD (BASE 65) ]
TOTAL THIS MO.   661    CLEAR  (SCALE 0-3)   1
DPTR FM NORMAL   -34    PTCLDY (SCALE 4-7)   7
TOTAL FM JUL 1  1963    CLOUDY (SCALE 8-10) 13
DPTR FM NORMAL   -42

[CDD (BASE 65) ]
TOTAL THIS MO.     0
DPTR FM NORMAL     0    [PRESSURE DATA]
TOTAL FM JAN 1   521    HIGHEST SLP M ON M
DPTR FM NORMAL    -1    LOWEST  SLP 29.73 ON 11

[REMARKS]
