000
CXUS52 KMFL 301000
CF6APF
PRELIMINARY LOCAL CLIMATOLOGICAL DATA (WS FORM: F-6)

                                          STATION:   NAPLES
                                          MONTH:     JUNE
                                          YEAR:      2015
                                          LATITUDE:   26  8 N
                                          LONGITUDE:  81 46 W

  TEMPERATURE IN F:       :PCPN:    SNOW:  WIND      :SUNSHINE: SKY     :PK WND
================================================================================
1   2   3   4   5  6A  6B    7    8   9   10  11  12  13   14  15   16   17  18
                                     12Z  AVG MX 2MIN
DY MAX MIN AVG DEP HDD CDD  WTR  SNW DPTH SPD SPD DIR MIN PSBL S-S WX    SPD DR
================================================================================

 1  88  73  81   1   0  16    T  0.0    0  7.3 18 140   M    M   4 3      22 150
 2  83  70  77  -4   0  12 0.07  0.0    0  5.4 22 130   M    M   5 1      27 130
 3  86  69  78  -3   0  13    T  0.0    0  5.7 13 120   M    M   7        16 270
 4  90  73  82   1   0  17 0.00  0.0    0  6.7 15 150   M    M   2        17 280
 5  90  73  82   1   0  17 0.96  0.0    0  5.9 22 100   M    M   1 13     27 100
 6  88  73  81   0   0  16 0.00  0.0    0  6.3 20 300   M    M   2 3      23 290
 7  90  72  81   0   0  16 0.72  0.0    0  4.6 18 190   M    M   4 138X   22  10
 8  89  71  80  -1   0  15    T  0.0    0  5.6 22 100   M    M   2 3      30  90
 9  88  74  81   0   0  16 0.25  0.0    0  5.6 15 140   M    M   2 138    18 210
10  88  72  80  -2   0  15 0.33  0.0    0  9.3 22 130   M    M   2 13     27 130
11  88  70  79  -3   0  14 0.80  0.0    0  6.8 12  70   M    M   1 13     32  90
12  93  73  83   1   0  18 0.35  0.0    0  8.1 23 100   M    M   1 13     32 140
13  91  75  83   1   0  18    T  0.0    0  9.3 24  70   M    M   1 3      32  70
14  90  75  83   1   0  18 0.00  0.0    0  9.6 16  40   M    M   2 3      20 100
15  89  75  82   0   0  17 0.26  0.0    0  6.0 28 130   M    M   2 138    38 140
16  92  70  81  -1   0  16    T  0.0    0  5.8 12 280   M    M   2 3       M  M
17  91  75  83   1   0  18 0.00  0.0    0  5.4 15 130   M    M   3 3      19 130
18  91  75  83   1   0  18 0.02  0.0    0  6.3 15 230   M    M   3 3      19 230
19  91  74  83   1   0  18 0.39  0.0    0  5.1 20  60   M    M   3 138    24  60
20  91  73  82   0   0  17 0.84  0.0    0  5.0 31  80   M    M   2 13     52  50
21  92  75  84   2   0  19 0.01  0.0    0  5.1 18 200   M    M   2 3      22 200
22  92  75  84   2   0  19 0.79  0.0    0  5.6 22  90   M    M   2 138    29  90
23  92  74  83   1   0  18 0.51  0.0    0  5.8 29 120   M    M   1 13     36 120
24  92  74  83   0   0  18    T  0.0    0  6.5 21  70   M    M   2        26  80
25  91  74  83   0   0  18 0.02    M    0  5.4 12 260   M    M   3 138     M  M
26  90  74  82  -1   0  17 0.00  0.0    0  6.1 14 280   M    M   2 3      17 270
27  90  76  83   0   0  18 0.00  0.0    0  6.0 15 270   M    M   2        22 240
28  90  78  84   1   0  19 0.00  0.0    0  6.1 14 280   M    M   2        19 230
29  90  78  84   1   0  19 0.00  0.0    0  6.0 15 290   M    M   2        20 270
================================================================================
SM 2606 2133         0 490  6.32     0.0 182.4          M       69
================================================================================
AV 89.9 73.6                               6.3 FASTST   M    M   2    MAX(MPH)
                                 MISC ---->  # 31  80               # 52   50
================================================================================
NOTES:
# LAST OF SEVERAL OCCURRENCES

COLUMN 17 PEAK WIND IN M.P.H.

PRELIMINARY LOCAL CLIMATOLOGICAL DATA (WS FORM: F-6) , PAGE 2

                                          STATION:  NAPLES
                                          MONTH:    JUNE
                                          YEAR:     2015
                                          LATITUDE:   26  8 N
                                          LONGITUDE:  81 46 W

[TEMPERATURE DATA]      [PRECIPITATION DATA]       SYMBOLS USED IN COLUMN 16

AVERAGE MONTHLY: 81.7   TOTAL FOR MONTH:   6.32    1 = FOG OR MIST
DPTR FM NORMAL:  -0.2   DPTR FM NORMAL:   -2.15    2 = FOG REDUCING VISIBILITY
HIGHEST:    93 ON 12    GRTST 24HR  0.96 ON  5- 5      TO 1/4 MILE OR LESS
LOWEST:     69 ON  3                               3 = THUNDER
                        SNOW, ICE PELLETS, HAIL    4 = ICE PELLETS
                        TOTAL MONTH:   0.0 INCH    5 = HAIL
                        GRTST 24HR     0.0         6 = FREEZING RAIN OR DRIZZLE
                        GRTST DEPTH:   0           7 = DUSTSTORM OR SANDSTORM:
                                                       VSBY 1/2 MILE OR LESS
                                                   8 = SMOKE OR HAZE
[NO. OF DAYS WITH]      [WEATHER - DAYS WITH]      9 = BLOWING SNOW
                                                   X = TORNADO
MAX 32 OR BELOW:   0    0.01 INCH OR MORE:  15
MAX 90 OR ABOVE:  20    0.10 INCH OR MORE:  11
MIN 32 OR BELOW:   0    0.50 INCH OR MORE:   6
MIN  0 OR BELOW:   0    1.00 INCH OR MORE:   0

[HDD (BASE 65) ]
TOTAL THIS MO.     0    CLEAR  (SCALE 0-3)  24
DPTR FM NORMAL     0    PTCLDY (SCALE 4-7)   5
TOTAL FM JUL 1   198    CLOUDY (SCALE 8-10)  0
DPTR FM NORMAL   -62

[CDD (BASE 65) ]
TOTAL THIS MO.   490
DPTR FM NORMAL     0    [PRESSURE DATA]
TOTAL FM JAN 1  1845    HIGHEST SLP M ON M
DPTR FM NORMAL   327    LOWEST  SLP 29.87 ON  3

[REMARKS]
