000
CXUS54 KEWX 270910
CF6AQO
PRELIMINARY LOCAL CLIMATOLOGICAL DATA (WS FORM: F-6)

                                          STATION:   Llano Municipal Airport
                                          MONTH:     JANUARY
                                          YEAR:      2015
                                          LATITUDE:   30 47 N
                                          LONGITUDE:  98 40 W

  TEMPERATURE IN F:       :PCPN:    SNOW:  WIND      :SUNSHINE: SKY     :PK WND
================================================================================
1   2   3   4   5  6A  6B    7    8   9   10  11  12  13   14  15   16   17  18
                                     12Z  AVG MX 2MIN
DY MAX MIN AVG DEP HDD CDD  WTR  SNW DPTH SPD SPD DIR MIN PSBL S-S WX    SPD DR
================================================================================

 1  37  34  36   M  29   0    M    M    M  3.1  8  50   M    M  10 1       M  M
 2  37  36  37   M  28   0    M    M    M  3.5  8 360   M    M  10 13      M  M
 3  63  37  50   M  15   0    M    M    M  5.6 14 280   M    M   4        20 270
 4  46  28  37   M  28   0    M    M    M  7.3 14 360   M    M   1        20  10
 5  55  21  38   M  27   0    M    M    M  1.9  7 150   M    M   0         M  M
 6  70  30  50   M  15   0    M    M    M  2.1  8 110   M    M   0         M  M
 7  46  30  38   M  27   0    M    M    M 10.1 20  20   M    M   0        30  30
 8  37  21  29   M  36   0    M    M    M  2.9  8 360   M    M   1         M  M
 9  39  34  37   M  28   0    M    M    M  5.1 10  40   M    M  10 8      21  40
10  36  32  34   M  31   0    M    M    M  0.2  6  70   M    M  10 18      M  M
11  54  34  44   M  21   0    M    M    M  1.4  7  60   M    M   8 12      M  M
12  45  36  41   M  24   0    M    M    M  5.1 12  10   M    M  10 12     16  10
13  37  34  36   M  29   0    M    M    M  6.1 12  10   M    M  10 1       M  M
14  39  36  38   M  27   0    M    M    M  2.2  6 290   M    M  10 1       M  M
15  57  34  46   M  19   0    M    M    M  3.6 12  10   M    M   1        17  10
16  64  28  46   M  19   0    M    M    M  1.7  6 200   M    M   0         M  M
17  72  32  52   M  13   0    M    M    M  4.7 15 270   M    M   0        22 270
18  72  32  52   M  13   0    M    M    M  4.0  9 190   M    M   0         M  M
19  79  32  56   M   9   0    M    M    M  2.6 10 250   M    M   0         M  M
20  82  32  57   M   8   0    M    M    M  2.1  6  70   M    M   0         M  M
21  55  45  50   M  15   0    M    M    M  4.5 10  50   M    M   8 1       M  M
22  48  39  44   M  21   0    M    M    M  9.7 15  50   M    M  10 1      24  40
23  48  34  41   M  24   0    M    M    M  9.0 15 300   M    M   7 1      18 360
24  64  32  48   M  17   0    M    M    M  4.0  8 220   M    M   0         M  M
25  70  36  53   M  12   0    M    M    M  7.0 15 330   M    M   0        20  10
26  73  37  55   M  10   0 0.00  0.0    0  3.1  8 280   M    M   0         M  M
================================================================================
SM 1425  856       545   0  0.00     0.0 112.6          M      110
================================================================================
AV 54.8 32.9                               4.3 FASTST   M    M   4    MAX(MPH)
                                 MISC ---->    20   M                 30    M
================================================================================
NOTES:
# LAST OF SEVERAL OCCURRENCES

COLUMN 17 PEAK WIND IN M.P.H.

PRELIMINARY LOCAL CLIMATOLOGICAL DATA (WS FORM: F-6) , PAGE 2

                                          STATION:  Llano Municipal Airport
                                          MONTH:    JANUARY
                                          YEAR:     2015
                                          LATITUDE:   30 47 N
                                          LONGITUDE:  98 40 W

[TEMPERATURE DATA]      [PRECIPITATION DATA]       SYMBOLS USED IN COLUMN 16

AVERAGE MONTHLY: 43.9   TOTAL FOR MONTH:   0.00    1 = FOG OR MIST
DPTR FM NORMAL:     M   DPTR FM NORMAL:       M    2 = FOG REDUCING VISIBILITY
HIGHEST:    82 ON 20    GRTST 24HR  0.00 ON 26-26      TO 1/4 MILE OR LESS
LOWEST:     21 ON  8, 5                            3 = THUNDER
                        SNOW, ICE PELLETS, HAIL    4 = ICE PELLETS
                        TOTAL MONTH:   0.0 INCH    5 = HAIL
                        GRTST 24HR     0.0         6 = FREEZING RAIN OR DRIZZLE
                        GRTST DEPTH:   0           7 = DUSTSTORM OR SANDSTORM:
                                                       VSBY 1/2 MILE OR LESS
                                                   8 = SMOKE OR HAZE
[NO. OF DAYS WITH]      [WEATHER - DAYS WITH]      9 = BLOWING SNOW
                                                   X = TORNADO
MAX 32 OR BELOW:   0    0.01 INCH OR MORE:   0
MAX 90 OR ABOVE:   0    0.10 INCH OR MORE:   0
MIN 32 OR BELOW:  12    0.50 INCH OR MORE:   0
MIN  0 OR BELOW:   0    1.00 INCH OR MORE:   0

[HDD (BASE 65) ]
TOTAL THIS MO.   545    CLEAR  (SCALE 0-3)  14
DPTR FM NORMAL     M    PTCLDY (SCALE 4-7)   4
TOTAL FM JUL 1  1288    CLOUDY (SCALE 8-10)  8
DPTR FM NORMAL     M

[CDD (BASE 65) ]
TOTAL THIS MO.     0
DPTR FM NORMAL     M    [PRESSURE DATA]
TOTAL FM JAN 1     0    HIGHEST SLP M ON M
DPTR FM NORMAL     M    LOWEST  SLP M ON M

[REMARKS]
