000
CXUS54 KHGX 221515
CF6ARM
PRELIMINARY LOCAL CLIMATOLOGICAL DATA (WS FORM: F-6)

                                          STATION:   Wharton
                                          MONTH:     JANUARY
                                          YEAR:      2017
                                          LATITUDE:   29 15 N
                                          LONGITUDE:  96  9 W

  TEMPERATURE IN F:       :PCPN:    SNOW:  WIND      :SUNSHINE: SKY     :PK WND
================================================================================
1   2   3   4   5  6A  6B    7    8   9   10  11  12  13   14  15   16   17  18
                                     12Z  AVG MX 2MIN
DY MAX MIN AVG DEP HDD CDD  WTR  SNW DPTH SPD SPD DIR MIN PSBL S-S WX    SPD DR
================================================================================

 1  76  58  67   M   0   2 0.00  0.0    0  2.1  6 110   M    M   6 12      M  M
 2  75  52  64   M   1   0 0.03  0.0    0  7.8 16 300   M    M   4 18     22 300
 3  77  47  62   M   3   0 0.00  0.0    0  6.2 17 340   M    M   0 1      28 340
 4  52  39  46   M  19   0 0.00  0.0    0  8.5 17 350   M    M   4        25 350
 5  60  45  53   M  12   0 0.00  0.0    0  5.2 18  10   M    M  10        28 360
 6  45  26  36   M  29   0 0.02  0.0    0 17.5 22 340   M    M   9 1      30 340
 7  41  20  31   M  34   0 0.00  0.0    0 10.9 20 340   M    M   0        28 340
 8  55  22  39   M  26   0 0.00  0.0    0  4.6 12 140   M    M   2        17 140
 9  70  45  58   M   7   0 0.00  0.0    0  7.3 16 180   M    M   7 8      25 190
10  76  60  68   M   0   3 0.00  0.0    0 13.0 27 170   M    M   4 1      32 190
11  79  62  71   M   0   6 0.00  0.0    0 14.7 27 180   M    M   4 1      36 170
12  82  66  74   M   0   9 0.00  0.0    0 10.6 17 160   M    M   5 1      28 160
13  82  68  75   M   0  10 0.00  0.0    0  9.9 20 130   M    M   8        21 150
14  82  61  72   M   0   7 0.00  0.0    0  8.5 15 140   M    M   6 1      16  90
15  74  64  69   M   0   4 0.01  0.0    0 11.5 21 140   M    M   8 1      27 140
16  78  72  75   M   0  10 0.00  0.0    0 13.5 22 150   M    M   6 3      28 160
17  71  60  66   M   0   1 0.00  0.0    0  8.0 12 170   M    M  10 138     M  M
18  71  54  63   M   2   0 0.02  0.0    0  7.3 16 160   M    M  10 13     29 270
19  63  53  58   M   7   0 0.01  0.0    0  5.2 10 310   M    M   9 12     16 310
20  76  57  67   M   0   2 0.93  0.0    0  2.9 12 190   M    M   7 138     M  M
21  79  64  72   M   0   7 0.00  0.0    0  6.2 15 320   M    M   6 1      20 220
================================================================================
SM 1464 1095       140  61  1.02     0.0 181.4          M      125
================================================================================
AV 69.7 52.1                               8.6 FASTST   M    M   6    MAX(MPH)
                                 MISC ---->  # 27 170                 36    M
================================================================================
NOTES:
# LAST OF SEVERAL OCCURRENCES

COLUMN 17 PEAK WIND IN M.P.H.

PRELIMINARY LOCAL CLIMATOLOGICAL DATA (WS FORM: F-6) , PAGE 2

                                          STATION:  Wharton
                                          MONTH:    JANUARY
                                          YEAR:     2017
                                          LATITUDE:   29 15 N
                                          LONGITUDE:  96  9 W

[TEMPERATURE DATA]      [PRECIPITATION DATA]       SYMBOLS USED IN COLUMN 16

AVERAGE MONTHLY: 60.9   TOTAL FOR MONTH:   1.02    1 = FOG OR MIST
DPTR FM NORMAL:     M   DPTR FM NORMAL:       M    2 = FOG REDUCING VISIBILITY
HIGHEST:    82 ON 14,13 GRTST 24HR  0.93 ON 20-20      TO 1/4 MILE OR LESS
LOWEST:     20 ON  7                               3 = THUNDER
                        SNOW, ICE PELLETS, HAIL    4 = ICE PELLETS
                        TOTAL MONTH:   0.0 INCH    5 = HAIL
                        GRTST 24HR     0.0         6 = FREEZING RAIN OR DRIZZLE
                        GRTST DEPTH:   0           7 = DUSTSTORM OR SANDSTORM:
                                                       VSBY 1/2 MILE OR LESS
                                                   8 = SMOKE OR HAZE
[NO. OF DAYS WITH]      [WEATHER - DAYS WITH]      9 = BLOWING SNOW
                                                   X = TORNADO
MAX 32 OR BELOW:   0    0.01 INCH OR MORE:   6
MAX 90 OR ABOVE:   0    0.10 INCH OR MORE:   1
MIN 32 OR BELOW:   3    0.50 INCH OR MORE:   1
MIN  0 OR BELOW:   0    1.00 INCH OR MORE:   0

[HDD (BASE 65) ]
TOTAL THIS MO.   140    CLEAR  (SCALE 0-3)   3
DPTR FM NORMAL     M    PTCLDY (SCALE 4-7)  13
TOTAL FM JUL 1   452    CLOUDY (SCALE 8-10)  5
DPTR FM NORMAL     M

[CDD (BASE 65) ]
TOTAL THIS MO.    61
DPTR FM NORMAL     M    [PRESSURE DATA]
TOTAL FM JAN 1    61    HIGHEST SLP M ON M
DPTR FM NORMAL     M    LOWEST  SLP M ON M

[REMARKS]
