000
CXUS53 KARX 200717
CF6ARX
PRELIMINARY LOCAL CLIMATOLOGICAL DATA (WS FORM: F-6)

                                          STATION:   La Crosse Weather Office WI
                                          MONTH:     OCTOBER
                                          YEAR:      2014
                                          LATITUDE:   43 49 N
                                          LONGITUDE:  91 12 W

  TEMPERATURE IN F:       :PCPN:    SNOW:  WIND      :SUNSHINE: SKY     :PK WND
================================================================================
1   2   3   4   5  6A  6B    7    8   9   10  11  12  13   14  15   16   17  18
                                     12Z  AVG MX 2MIN
DY MAX MIN AVG DEP HDD CDD  WTR  SNW DPTH SPD SPD DIR MIN PSBL S-S WX    SPD DR
================================================================================

 1  63  44  54   0  11   0 0.02  0.0    0   M   M   M   M    M   M        20  M
 2  64  52  58   4   7   0 1.28  0.0    0   M   M   M   M    M   M        28 330
 3  52  35  44 -10  21   0 0.01  0.0    0   M   M   M   M    M   M        35 290
 4  48  31  40 -13  25   0 0.13  0.3    0   M   M   M   M    M   M        31 300
 5  48  31  40 -13  25   0 0.00  0.0    0   M   M   M   M    M   M        19 270
 6  55  36  46  -6  19   0 0.00  0.0    0   M   M   M   M    M   M        27  M
 7  59  44  52   0  13   0 0.00  0.0    0   M   M   M   M    M   M        33  M
 8  60  38  49  -3  16   0 0.00  0.0    0   M   M   M   M    M   M        30  M
 9  52  36  44  -7  21   0 0.00  0.0    0   M   M   M   M    M   M        19  M
10  53  34  44  -7  21   0 0.00  0.0    0   M   M   M   M    M   M        12  M
11  55  34  45  -5  20   0 0.00  0.0    0   M   M   M   M    M   M        20  M
12  55  40  48  -2  17   0    T  0.0    0   M   M   M   M    M   M        24  M
13  53  48  51   1  14   0 1.18  0.0    0   M   M   M   M    M   M 12     25  M
14  50  46  48  -1  17   0 1.46  0.0    0   M   M   M   M    M   M        25  M
15  62  43  53   4  12   0 0.00  0.0    0   M   M   M   M    M   M        21  M
16  66  43  55   7  10   0 0.00  0.0    0   M   M   M   M    M   M        16  M
17  54  45  50   2  15   0 0.01  0.0    0   M   M   M   M    M   M        28  M
18  50  40  45  -3  20   0 0.00  0.0    0   M   M   M   M    M   M        20  M
19  59  37  48   1  17   0    T  0.0    0   M   M   M   M    M   M        28  M
================================================================================
SM 1058  757       321   0  4.09     0.3     M          M        M
================================================================================
AV 55.7 39.8                                 M FASTST   M    M   5    MAX(MPH)
                                 MISC ---->     M   M               # 35  290
================================================================================
NOTES:
# LAST OF SEVERAL OCCURRENCES

COLUMN 17 PEAK WIND IN M.P.H.

PRELIMINARY LOCAL CLIMATOLOGICAL DATA (WS FORM: F-6) , PAGE 2

                                          STATION:  La Crosse Weather Office WI
                                          MONTH:    OCTOBER
                                          YEAR:     2014
                                          LATITUDE:   43 49 N
                                          LONGITUDE:  91 12 W

[TEMPERATURE DATA]      [PRECIPITATION DATA]       SYMBOLS USED IN COLUMN 16

AVERAGE MONTHLY: 47.8   TOTAL FOR MONTH:   4.09    1 = FOG OR MIST
DPTR FM NORMAL:  -3.0   DPTR FM NORMAL:    2.37    2 = FOG REDUCING VISIBILITY
HIGHEST:    66 ON 16    GRTST 24HR  1.46 ON 14-14      TO 1/4 MILE OR LESS
LOWEST:     31 ON  5, 4                            3 = THUNDER
                        SNOW, ICE PELLETS, HAIL    4 = ICE PELLETS
                        TOTAL MONTH:   0.3 INCH    5 = HAIL
                        GRTST 24HR   0.3 ON   M    6 = FREEZING RAIN OR DRIZZLE
                        GRTST DEPTH:   0           7 = DUSTSTORM OR SANDSTORM:
                                                       VSBY 1/2 MILE OR LESS
                                                   8 = SMOKE OR HAZE
[NO. OF DAYS WITH]      [WEATHER - DAYS WITH]      9 = BLOWING SNOW
                                                   X = TORNADO
MAX 32 OR BELOW:   0    0.01 INCH OR MORE:   7
MAX 90 OR ABOVE:   0    0.10 INCH OR MORE:   4
MIN 32 OR BELOW:   2    0.50 INCH OR MORE:   3
MIN  0 OR BELOW:   0    1.00 INCH OR MORE:   3

[HDD (BASE 65) ]
TOTAL THIS MO.   321    CLEAR  (SCALE 0-3)   0
DPTR FM NORMAL    44    PTCLDY (SCALE 4-7)   0
TOTAL FM JUL 1   541    CLOUDY (SCALE 8-10)  0
DPTR FM NORMAL    63

[CDD (BASE 65) ]
TOTAL THIS MO.     0
DPTR FM NORMAL    -9    [PRESSURE DATA]
TOTAL FM JAN 1   438    HIGHEST SLP M ON M
DPTR FM NORMAL   -72    LOWEST  SLP M ON M

[REMARKS]
