000
CXUS55 KGJT 271000
CF6ASE
PRELIMINARY LOCAL CLIMATOLOGICAL DATA (WS FORM: F-6)

                                          STATION:   ASPEN CO
                                          MONTH:     MAY
                                          YEAR:      2016
                                          LATITUDE:   39 13 N
                                          LONGITUDE: 106 52 W

  TEMPERATURE IN F:       :PCPN:    SNOW:  WIND      :SUNSHINE: SKY     :PK WND
================================================================================
1   2   3   4   5  6A  6B    7    8   9   10  11  12  13   14  15   16   17  18
                                     12Z  AVG MX 2MIN
DY MAX MIN AVG DEP HDD CDD  WTR  SNW DPTH SPD SPD DIR MIN PSBL S-S WX    SPD DR
================================================================================

 1  49  32  41  -3  24   0 0.00    M    M 10.4 22 140   M    M   6        27 140
 2  57  32  45   1  20   0 0.00    M    M  5.5 18 320   M    M   7        26 330
 3  64  29  47   2  18   0 0.00    M    M  6.9 15 330   M    M   0        25 270
 4  70  31  51   6  14   0 0.00    M    M  7.3 15 220   M    M   0        20 350
 5  72  39  56  11   9   0 0.00    M    M  8.0 16 230   M    M   1        22 230
 6  67  40  54   8  11   0 0.03    M    M  9.0 28 140   M    M   3 3      37 130
 7  47  30  39  -7  26   0 0.13    M    M  5.6 18 330   M    M   5 138    26 330
 8  54  28  41  -5  24   0 0.01    M    M  5.3 22 340   M    M   8 8      32 330
 9  56  37  47   1  18   0 0.14    M    M  4.6 14 340   M    M   8 1      19 350
10  50  33  42  -5  23   0 0.71    M    M  7.6 23 270   M    M   6 1      31 270
11  53  26  40  -7  25   0 0.00    M    M  6.7 20 320   M    M   4        26 310
12  64  30  47   0  18   0 0.00    M    M  7.6 16 350   M    M   0        28 320
13  70  31  51   3  14   0 0.00    M    M  8.1 20 340   M    M   1        29 360
14  73  39  56   8   9   0    T    M    M  9.6 29 170   M    M   4 3      37 200
15  63  43  53   5  12   0 0.05    M    M  8.8 26 230   M    M   7        35 230
16  55  34  45  -3  20   0 0.29    M    M  5.0 24 330   M    M   7 18     31 330
17  58  31  45  -4  20   0    T    M    M  6.7 29 170   M    M   3        35 170
18  64  30  47  -2  18   0 0.21    M    M  5.2 21 330   M    M   7        25 330
19  63  35  49   0  16   0 0.01    M    M  5.6 16 320   M    M   5 1      23 320
20  70  41  56   6   9   0 0.00    M    M  9.1 22 170   M    M   4        26 180
21  76  39  58   8   7   0 0.00    M    M 10.9 28 170   M    M   0        34 180
22  67  37  52   2  13   0 0.00    M    M  8.9 23 250   M    M   1 8      33 260
23  64  31  48  -2  17   0 0.00    M    M  6.7 18 280   M    M   4        31 280
24  69  36  53   2  12   0 0.00    M    M  8.5 29 220   M    M   1        42 220
25  64  38  51   0  14   0 0.00    M    M  6.9 18 260   M    M   2        26 220
26  62  31  47  -4  18   0 0.08    M    M  6.0 25 160   M    M   5 1      32 330
================================================================================
SM 1621  883       429   0  1.66    M    190.5          M       99
================================================================================
AV 62.3 34.0                               7.3 FASTST   M    M   4    MAX(MPH)
                                 MISC ---->  # 29 170               # 42  220
================================================================================
NOTES:
# LAST OF SEVERAL OCCURRENCES

COLUMN 17 PEAK WIND IN M.P.H.

PRELIMINARY LOCAL CLIMATOLOGICAL DATA (WS FORM: F-6) , PAGE 2

                                          STATION:  ASPEN CO
                                          MONTH:    MAY
                                          YEAR:     2016
                                          LATITUDE:   39 13 N
                                          LONGITUDE: 106 52 W

[TEMPERATURE DATA]      [PRECIPITATION DATA]       SYMBOLS USED IN COLUMN 16

AVERAGE MONTHLY: 48.2   TOTAL FOR MONTH:   1.66    1 = FOG OR MIST
DPTR FM NORMAL:   0.5   DPTR FM NORMAL:    0.31    2 = FOG REDUCING VISIBILITY
HIGHEST:    76 ON 21    GRTST 24HR  0.78 ON  9-10      TO 1/4 MILE OR LESS
LOWEST:     26 ON 11                               3 = THUNDER
                        SNOW, ICE PELLETS, HAIL    4 = ICE PELLETS
                        TOTAL MONTH:    M          5 = HAIL
                        GRTST 24HR    M  ON   M    6 = FREEZING RAIN OR DRIZZLE
                        GRTST DEPTH:  M  ON   M    7 = DUSTSTORM OR SANDSTORM:
                                                       VSBY 1/2 MILE OR LESS
                                                   8 = SMOKE OR HAZE
[NO. OF DAYS WITH]      [WEATHER - DAYS WITH]      9 = BLOWING SNOW
                                                   X = TORNADO
MAX 32 OR BELOW:   0    0.01 INCH OR MORE:  10
MAX 90 OR ABOVE:   0    0.10 INCH OR MORE:   5
MIN 32 OR BELOW:  13    0.50 INCH OR MORE:   1
MIN  0 OR BELOW:   0    1.00 INCH OR MORE:   0

[HDD (BASE 65) ]
TOTAL THIS MO.   429    CLEAR  (SCALE 0-3)  10
DPTR FM NORMAL   -21    PTCLDY (SCALE 4-7)  15
TOTAL FM JUL 1  7819    CLOUDY (SCALE 8-10)  1
DPTR FM NORMAL  -761

[CDD (BASE 65) ]
TOTAL THIS MO.     0
DPTR FM NORMAL     0    [PRESSURE DATA]
TOTAL FM JAN 1     0    HIGHEST SLP M ON M
DPTR FM NORMAL     0    LOWEST  SLP 29.49 ON  9

[REMARKS]
