000
CXUS55 KGJT 302127
CF6ASE
PRELIMINARY LOCAL CLIMATOLOGICAL DATA (WS FORM: F-6)

                                          STATION:   ASPEN CO
                                          MONTH:     APRIL
                                          YEAR:      2017
                                          LATITUDE:   39 13 N
                                          LONGITUDE: 106 52 W

  TEMPERATURE IN F:       :PCPN:    SNOW:  WIND      :SUNSHINE: SKY     :PK WND
================================================================================
1   2   3   4   5  6A  6B    7    8   9   10  11  12  13   14  15   16   17  18
                                     12Z  AVG MX 2MIN
DY MAX MIN AVG DEP HDD CDD  WTR  SNW DPTH SPD SPD DIR MIN PSBL S-S WX    SPD DR
================================================================================

 1  52  24  38   2  27   0 0.06    M    M  5.0 17 250   M    M   5        23  70
 2  51  31  41   5  24   0 0.09    M    M  4.2 20 360   M    M   9 1      29 360
 3  42  27  35  -1  30   0    T    M    M  5.4 22 310   M    M   9 18     26 320
 4  33  23  28  -9  37   0 0.13    M    M  5.8 17 320   M    M  10 18     23 340
 5  47  16  32  -5  33   0 0.00    M    M  5.6 14 340   M    M   3        21 330
 6  60  24  42   5  23   0 0.00    M    M  6.4 13 140   M    M   0        17 140
 7  64  30  47   9  18   0 0.00    M    M  7.7 24 170   M    M   1        32 160
 8  59  35  47   9  18   0 0.05    M    M 10.1 30 170   M    M   6        39 230
 9  43  24  34  -4  31   0 0.02    M    M  7.7 23 340   M    M   6 18     37 350
10  53  15  34  -4  31   0 0.00    M    M  6.0 15 240   M    M   0        22  10
11  59  22  41   2  24   0 0.00    M    M  5.9 16 160   M    M   0        20 170
12  66  32  49  10  16   0 0.00    M    M  6.6 14 250   M    M   1        22 250
13  68  29  49  10  16   0 0.00    M    M  7.0 22 200   M    M   0        29 190
14  65  35  50  11  15   0 0.00    M    M  9.9 24 270   M    M   0        34 280
15  59  27  43   3  22   0 0.00    M    M  6.9 16 230   M    M   0        26 230
16  63  27  45   5  20   0 0.00    M    M  6.9 17 190   M    M   0        24 200
17  65  30  48   8  17   0 0.00    M    M  8.4 23 210   M    M   1 8      34 180
18  68  36  52  12  13   0    T    M    M  8.9 23 170   M    M   1        32 140
19  58  32  45   4  20   0 0.01    M    M  9.4 25 200   M    M   8        35 210
20  59  24  42   1  23   0 0.15    M    M  6.7 33 170   M    M   5 1      39 170
21  44  26  35  -6  30   0 0.05    M    M  5.2 16 310   M    M   9 18     23 310
22  54  24  39  -3  26   0 0.00    M    M  5.2 13  20   M    M   2        17 330
23  68  25  47   5  18   0    T    M    M  9.2 24 180   M    M   0        37 230
24  54  32  43   1  22   0 0.17    M    M  9.4 26 180   M    M   8 1      33 330
25  40  26  33  -9  32   0 0.17    M    M  3.2 23 320   M    M   8 1      28 310
26  43  30  37  -6  28   0 0.01    M    M  4.6 16 350   M    M   8 18     20  20
27  45  25  35  -8  30   0 0.30    M    M  4.5 25 330   M    M   9 128    37 330
28  39  22  31 -12  34   0 0.01    M    M  4.7 17 330   M    M   8 18     23 320
29  38  20  29 -15  36   0    T    M    M  4.3 15 310   M    M   6 8      20 320
================================================================================
SM 1559  773       714   0  1.22    M    190.8          M      123
================================================================================
AV 53.8 26.7                               6.6 FASTST   M    M   4    MAX(MPH)
                                 MISC ---->  # 33 170               # 39  230
================================================================================
NOTES:
# LAST OF SEVERAL OCCURRENCES

COLUMN 17 PEAK WIND IN M.P.H.

PRELIMINARY LOCAL CLIMATOLOGICAL DATA (WS FORM: F-6) , PAGE 2

                                          STATION:  ASPEN CO
                                          MONTH:    APRIL
                                          YEAR:     2017
                                          LATITUDE:   39 13 N
                                          LONGITUDE: 106 52 W

[TEMPERATURE DATA]      [PRECIPITATION DATA]       SYMBOLS USED IN COLUMN 16

AVERAGE MONTHLY: 40.2   TOTAL FOR MONTH:   1.22    1 = FOG OR MIST
DPTR FM NORMAL:   0.5   DPTR FM NORMAL:   -0.55    2 = FOG REDUCING VISIBILITY
HIGHEST:    68 ON 23,18 GRTST 24HR  0.30 ON 27-27      TO 1/4 MILE OR LESS
LOWEST:     15 ON 10                               3 = THUNDER
                        SNOW, ICE PELLETS, HAIL    4 = ICE PELLETS
                        TOTAL MONTH:    M          5 = HAIL
                        GRTST 24HR    M  ON   M    6 = FREEZING RAIN OR DRIZZLE
                        GRTST DEPTH:  M  ON   M    7 = DUSTSTORM OR SANDSTORM:
                                                       VSBY 1/2 MILE OR LESS
                                                   8 = SMOKE OR HAZE
[NO. OF DAYS WITH]      [WEATHER - DAYS WITH]      9 = BLOWING SNOW
                                                   X = TORNADO
MAX 32 OR BELOW:   0    0.01 INCH OR MORE:  13
MAX 90 OR ABOVE:   0    0.10 INCH OR MORE:   5
MIN 32 OR BELOW:  26    0.50 INCH OR MORE:   0
MIN  0 OR BELOW:   0    1.00 INCH OR MORE:   0

[HDD (BASE 65) ]
TOTAL THIS MO.   714    CLEAR  (SCALE 0-3)  13
DPTR FM NORMAL   -19    PTCLDY (SCALE 4-7)  10
TOTAL FM JUL 1  6895    CLOUDY (SCALE 8-10)  6
DPTR FM NORMAL -1213

[CDD (BASE 65) ]
TOTAL THIS MO.     0
DPTR FM NORMAL     0    [PRESSURE DATA]
TOTAL FM JAN 1     0    HIGHEST SLP M ON M
DPTR FM NORMAL     0    LOWEST  SLP 29.41 ON 24

[REMARKS]
