000
CXUS53 KGID 012019 RRA
CF6AUH

PRELIMINARY LOCAL CLIMATOLOGICAL DATA (WS FORM: F-6)

                                          STATION:   AURORA
                                          MONTH:     FEBRUARY
                                          YEAR:      2015
                                          LATITUDE:   40 54 N
                                          LONGITUDE:  97 59 W

  TEMPERATURE IN F:       :PCPN:    SNOW:  WIND      :SUNSHINE: SKY     :PK WND
================================================================================
1   2   3   4   5  6A  6B    7    8   9   10  11  12  13   14  15   16   17  18
                                     12Z  AVG MX 2MIN
DY MAX MIN AVG DEP HDD CDD  WTR  SNW DPTH SPD SPD DIR MIN PSBL S-S WX    SPD DR
================================================================================

 1  32  -4  14 -11  51   0    M    M    M 24.2 36 340   M    M   8        41 340
 2  23  -9   7 -19  58   0 0.00    M    M  8.1 20 210   M    M   1        27 210
 3  42   9  26   0  39   0 0.00    M    M  6.3 13  20   M    M   2        20 170
 4  25  -9   8 -18  57   0    M    M    M 14.3 24 360   M    M   5        30 360
 5  31 -11  10 -16  55   0 0.00    M    M 11.6 20 220   M    M   0        27 220
 6  50  31  41  15  24   0 0.00    M    M  8.9 17 220   M    M   0        18 210
 7  55  32  44  18  21   0 0.00    M    M 10.1 14 280   M    M   0         M  M
 8  62  34  48  21  17   0 0.00    M    M  9.2 15 300   M    M   0 1      16  30
 9  38  33  36   9  29   0 0.00    M    M  7.4 16 150   M    M  10 12     21 150
10  50  32  41  14  24   0 0.00    M    M 10.5 17 170   M    M   7 12     23 160
11  40  25  33   6  32   0 0.00    M    M 16.4 24 340   M    M   6        32 340
12  25   8  17 -11  48   0 0.00    M    M 10.7 22  10   M    M   4        27  10
13  58  19  39  11  26   0 0.00    M    M  7.6 16 320   M    M   1         M  M
14  41  16  29   1  36   0 0.00    M    M 14.1 27  40   M    M   4        33  30
15  20  13  17 -11  48   0 0.00    M    M  7.1 14 110   M    M   7         M  M
16  38  15  27  -2  38   0    T    M    M  5.2 13 330   M    M   8         M  M
17  30   7  19 -10  46   0    M    M    M 11.2 23 310   M    M   4 1      30 350
18  20   2  11 -18  54   0 0.00    M    M 11.1 20 340   M    M   2        23 340
19  24  11  18 -12  47   0 0.00    M    M  9.6 17 160   M    M   7        22 150
20  45  13  29  -1  36   0    T    M    M  4.8  9 220   M    M   5         M  M
21  42  18  30   0  35   0 0.00    M    M 12.9 25  20   M    M   6        27  20
22  19   2  11 -20  54   0 0.00    M    M 14.1 22  10   M    M   4        28  10
23  29  -3  13 -18  52   0 0.00    M    M  8.3 18 230   M    M   0        25 240
24  50  16  33   2  32   0 0.00    M    M 12.3 23 340   M    M   0        28 340
25  43  10  27  -5  38   0 0.01    M    M 18.1 31 350   M    M   8        40 350
26  17  -1   8 -24  57   0 0.00    M    M 15.3 25 350   M    M   2        31 360
27  23  -7   8 -25  57   0 0.00    M    M  4.8  9 180   M    M   2         M  M
28  24   6  15 -18  50   0    M    M    M  8.6 13 190   M    M   6        17 180
================================================================================
SM  996  308      1161   0    M     M    302.8          M      109
================================================================================
AV 35.6 11.0                              10.8 FASTST   M    M   4    MAX(MPH)
                                 MISC ---->    36   M                 41    M
================================================================================
NOTES:
# LAST OF SEVERAL OCCURRENCES

COLUMN 17 PEAK WIND IN M.P.H.

PRELIMINARY LOCAL CLIMATOLOGICAL DATA (WS FORM: F-6) , PAGE 2

                                          STATION:  AURORA
                                          MONTH:    FEBRUARY
                                          YEAR:     2015
                                          LATITUDE:   40 54 N
                                          LONGITUDE:  97 59 W

[TEMPERATURE DATA]      [PRECIPITATION DATA]       SYMBOLS USED IN COLUMN 16

AVERAGE MONTHLY: 23.3   TOTAL FOR MONTH:      M    1 = FOG OR MIST
DPTR FM NORMAL:  -5.3   DPTR FM NORMAL:       M    2 = FOG REDUCING VISIBILITY
HIGHEST:    62 ON  8    GRTST 24HR     M ON   M        TO 1/4 MILE OR LESS
LOWEST:    -11 ON  5                               3 = THUNDER
                        SNOW, ICE PELLETS, HAIL    4 = ICE PELLETS
                        TOTAL MONTH:    M          5 = HAIL
                        GRTST 24HR    M  ON   M    6 = FREEZING RAIN OR DRIZZLE
                        GRTST DEPTH:  M  ON   M    7 = DUSTSTORM OR SANDSTORM:
                                                       VSBY 1/2 MILE OR LESS
                                                   8 = SMOKE OR HAZE
[NO. OF DAYS WITH]      [WEATHER - DAYS WITH]      9 = BLOWING SNOW
                                                   X = TORNADO
MAX 32 OR BELOW:  14    0.01 INCH OR MORE:   M
MAX 90 OR ABOVE:   0    0.10 INCH OR MORE:   M
MIN 32 OR BELOW:  26    0.50 INCH OR MORE:   M
MIN  0 OR BELOW:   7    1.00 INCH OR MORE:   M

[HDD (BASE 65) ]
TOTAL THIS MO.  1161    CLEAR  (SCALE 0-3)  12
DPTR FM NORMAL   142    PTCLDY (SCALE 4-7)  15
TOTAL FM JUL 1  4786    CLOUDY (SCALE 8-10)  1
DPTR FM NORMAL    -6

[CDD (BASE 65) ]
TOTAL THIS MO.     0
DPTR FM NORMAL     0    [PRESSURE DATA]
TOTAL FM JAN 1     0    HIGHEST SLP M ON M
DPTR FM NORMAL     0    LOWEST  SLP M ON M

[REMARKS]
#FINAL-02-15#
