435
CXUS53 KARX 280930
CF6AUM
PRELIMINARY LOCAL CLIMATOLOGICAL DATA (WS FORM: F-6)

                                          STATION:   AUSTIN_MUNI MN
                                          MONTH:     APRIL
                                          YEAR:      2016
                                          LATITUDE:   43 40 N
                                          LONGITUDE:  92 56 W

  TEMPERATURE IN F:       :PCPN:    SNOW:  WIND      :SUNSHINE: SKY     :PK WND
================================================================================
1   2   3   4   5  6A  6B    7    8   9   10  11  12  13   14  15   16   17  18
                                     12Z  AVG MX 2MIN
DY MAX MIN AVG DEP HDD CDD  WTR  SNW DPTH SPD SPD DIR MIN PSBL S-S WX    SPD DR
================================================================================

 1  39  28  34   M  31   0 0.04  0.0    0 12.0 23 320   M    M   6        35 330
 2  36  28  32   M  33   0    T    T    0 19.2 32 310   M    M   5        50 310
 3  73  28  51   M  14   0 0.00  0.0    0 14.0 23 310   M    M   0        32 250
 4  39  28  34   M  31   0 0.00  0.0    0  7.3 13 330   M    M   4        20 330
 5  37  28  33   M  32   0 0.01    M    0 11.3 20 150   M    M   5        29 150
 6  48  36  42   M  23   0    M  0.0    0 13.0 22 310   M    M   8 1      31 310
 7  43  34  39   M  26   0    T    T    0  9.8 18 310   M    M  10        24 310
 8  36  25  31   M  34   0    M    M    M 16.4 24 340   M    M   6        36 330
 9  43  18  31   M  34   0 0.00  0.0    0  8.6 17 150   M    M   0        28 150
10  55  36  46   M  19   0 0.00  0.0    0 12.6 22 320   M    M   1 3      30 320
11  43  28  36   M  29   0 0.00  0.0    0 14.7 24 310   M    M   1        35 320
12  54  21  38   M  27   0 0.00  0.0    0  7.0 16 170   M    M   3        21 170
13  70  43  57   M   8   0    T  0.0    0 13.4 20 180   M    M   3        28 180
14  72  46  59   M   6   0 0.00  0.0    0 12.4 20 180   M    M   1        28 180
15  73  46  60   M   5   0 0.00  0.0    0 11.4 18 160   M    M   1        24 160
16  79  54  67   M   0   2 0.00  0.0    0 11.6 22 190   M    M   1        28 190
17  75  52  64   M   1   0 0.00  0.0    0  7.9 15 150   M    M   5        21 160
18  75  54  65   M   0   0 0.04  0.0    0  6.7 10 200   M    M   4        16 160
19  59  48  54   M  11   0    M  0.0    0 10.8 18 110   M    M  10 8       M  M
20  59  48  54   M  11   0 0.29  0.0    0  8.5 13  90   M    M   7 1      18 100
21  66  41  54   M  11   0 0.00  0.0    0  4.9 15 340   M    M   5 1      22 340
22  61  43  52   M  13   0 0.00  0.0    0  7.7 14  20   M    M   4        21 360
23  68  39  54   M  11   0 0.00  0.0    0  9.9 18 180   M    M   2 1      25 190
24  73  54  64   M   1   0    T  0.0    0 11.9 22 280   M    M   5 3      37 280
25  70  54  62   M   3   0    T  0.0    0 11.0 18 230   M    M   7 1      24 230
26  54  45  50   M  15   0 0.00  0.0    0 10.9 18  80   M    M  10 1      24  80
27  46  39  43   M  22   0 0.63  0.0    0 18.5 25 100   M    M   7 3      39 100
================================================================================
SM 1546 1044       451   2  1.01    T    303.4          M      121
================================================================================
AV 57.3 38.7                              11.2 FASTST   M    M   4    MAX(MPH)
                                 MISC ---->    32   M               # 50  310
================================================================================
NOTES:
# LAST OF SEVERAL OCCURRENCES

COLUMN 17 PEAK WIND IN M.P.H.

PRELIMINARY LOCAL CLIMATOLOGICAL DATA (WS FORM: F-6) , PAGE 2

                                          STATION:  AUSTIN_MUNI MN
                                          MONTH:    APRIL
                                          YEAR:     2016
                                          LATITUDE:   43 40 N
                                          LONGITUDE:  92 56 W

[TEMPERATURE DATA]      [PRECIPITATION DATA]       SYMBOLS USED IN COLUMN 16

AVERAGE MONTHLY: 48.0   TOTAL FOR MONTH:   1.01    1 = FOG OR MIST
DPTR FM NORMAL:     M   DPTR FM NORMAL:       M    2 = FOG REDUCING VISIBILITY
HIGHEST:    79 ON 16    GRTST 24HR  0.63 ON 27-27      TO 1/4 MILE OR LESS
LOWEST:     18 ON  9                               3 = THUNDER
                        SNOW, ICE PELLETS, HAIL    4 = ICE PELLETS
                        TOTAL MONTH:    T          5 = HAIL
                        GRTST 24HR    T  ON  7- 7  6 = FREEZING RAIN OR DRIZZLE
                        GRTST DEPTH:   0           7 = DUSTSTORM OR SANDSTORM:
                                                       VSBY 1/2 MILE OR LESS
                                                   8 = SMOKE OR HAZE
[NO. OF DAYS WITH]      [WEATHER - DAYS WITH]      9 = BLOWING SNOW
                                                   X = TORNADO
MAX 32 OR BELOW:   0    0.01 INCH OR MORE:   5
MAX 90 OR ABOVE:   0    0.10 INCH OR MORE:   2
MIN 32 OR BELOW:   9    0.50 INCH OR MORE:   1
MIN  0 OR BELOW:   0    1.00 INCH OR MORE:   0

[HDD (BASE 65) ]
TOTAL THIS MO.   451    CLEAR  (SCALE 0-3)   9
DPTR FM NORMAL     M    PTCLDY (SCALE 4-7)  14
TOTAL FM JUL 1  6239    CLOUDY (SCALE 8-10)  4
DPTR FM NORMAL     M

[CDD (BASE 65) ]
TOTAL THIS MO.     2
DPTR FM NORMAL     M    [PRESSURE DATA]
TOTAL FM JAN 1     2    HIGHEST SLP M ON M
DPTR FM NORMAL     M    LOWEST  SLP M ON M

[REMARKS]
