000
CXUS53 KARX 300930
CF6AUM
PRELIMINARY LOCAL CLIMATOLOGICAL DATA (WS FORM: F-6)

                                          STATION:   AUSTIN_MUNI MN
                                          MONTH:     JUNE
                                          YEAR:      2015
                                          LATITUDE:   43 40 N
                                          LONGITUDE:  92 56 W

  TEMPERATURE IN F:       :PCPN:    SNOW:  WIND      :SUNSHINE: SKY     :PK WND
================================================================================
1   2   3   4   5  6A  6B    7    8   9   10  11  12  13   14  15   16   17  18
                                     12Z  AVG MX 2MIN
DY MAX MIN AVG DEP HDD CDD  WTR  SNW DPTH SPD SPD DIR MIN PSBL S-S WX    SPD DR
================================================================================

 1  68  45  57   M   8   0 0.00  0.0    0  6.0  9 110   M    M   0        16 110
 2  73  52  63   M   2   0 0.00  0.0    0  9.6 16 190   M    M   1        23 180
 3  73  57  65   M   0   0 0.04  0.0    0  9.1 15 190   M    M   4 1      24 160
 4  75  55  65   M   0   0 0.00  0.0    0  3.9  8 310   M    M   3 1       M  M
 5  75  57  66   M   0   1 0.00  0.0    0  7.2 14  60   M    M   1 1      18  50
 6  75  57  66   M   0   1    T  0.0    0 10.9 17 180   M    M   3 3      27 180
 7  79  61  70   M   0   5 0.37  0.0    0  9.0 16 180   M    M   3 3      22 180
 8  79  57  68   M   0   3 0.00  0.0    0  7.5 16 310   M    M   1        22 310
 9  91  57  74   M   0   9    T  0.0    0  6.0 15 270   M    M   1 3      22 270
10  81  61  71   M   0   6 0.00  0.0    0  6.8 13  10   M    M   1        16 350
11  66  57  62   M   3   0 0.74  0.0    0 10.6 20 100   M    M   9 13     25 100
12  70  55  63   M   2   0    T  0.0    0  9.3 13  80   M    M  10 5      20  60
13  73  61  67   M   0   2 0.03  0.0    0  3.7  9 210   M    M  10 1       M  M
14  82  64  73   M   0   8 0.00  0.0    0  2.3  8 210   M    M   6 1       M  M
15  72  55  64   M   1   0 0.01  0.0    0  4.7 13  10   M    M   3 13     18  10
16  75  52  64   M   1   0 0.00  0.0    0  4.2  8  60   M    M   1         M  M
17  75  63  69   M   0   4 0.48  0.0    0  5.9 10 180   M    M   6 13     24  90
18  75  57  66   M   0   1 0.00  0.0    0  5.2  8 330   M    M   1 1      17  10
19  77  57  67   M   0   2 0.00  0.0    0  5.6 10 120   M    M   0         M  M
20  81  61  71   M   0   6 0.23  0.0    0  8.3 17 190   M    M   3 3      24 210
21  84  61  73   M   0   8    T  0.0    0  2.7  6 180   M    M   1 1       M  M
22  81  61  71   M   0   6 2.21  0.0    0 12.0 20 280   M    M   4 3      27 210
23  75  57  66   M   0   1 0.00  0.0    0  4.3  8 330   M    M   0         M  M
24  75  55  65   M   0   0 0.00  0.0    0  3.5  9 180   M    M   2 1       M  M
25  79  61  70   M   0   5    T  0.0    0  2.9 10  70   M    M   3 1       M  M
26  75  59  67   M   0   2 0.00  0.0    0  2.5  7 140   M    M   2 3       M  M
27  81  55  68   M   0   3 0.00  0.0    0  1.7  7 290   M    M   1 1       M  M
28  79  61  70   M   0   5 0.46  0.0    0  4.5 16  80   M    M   7 13     18 140
29  81  57  69   M   0   4 0.00  0.0    0  5.0 13  80   M    M   3 12     24  80
================================================================================
SM 2225 1668        17  82  4.57     0.0 174.9          M       90
================================================================================
AV 76.7 57.5                               6.0 FASTST   M    M   3    MAX(MPH)
                                 MISC ---->    20   M               # 27  180
================================================================================
NOTES:
# LAST OF SEVERAL OCCURRENCES

COLUMN 17 PEAK WIND IN M.P.H.

PRELIMINARY LOCAL CLIMATOLOGICAL DATA (WS FORM: F-6) , PAGE 2

                                          STATION:  AUSTIN_MUNI MN
                                          MONTH:    JUNE
                                          YEAR:     2015
                                          LATITUDE:   43 40 N
                                          LONGITUDE:  92 56 W

[TEMPERATURE DATA]      [PRECIPITATION DATA]       SYMBOLS USED IN COLUMN 16

AVERAGE MONTHLY: 67.1   TOTAL FOR MONTH:   4.57    1 = FOG OR MIST
DPTR FM NORMAL:     M   DPTR FM NORMAL:       M    2 = FOG REDUCING VISIBILITY
HIGHEST:    91 ON  9    GRTST 24HR  2.21 ON 22-22      TO 1/4 MILE OR LESS
LOWEST:     45 ON  1                               3 = THUNDER
                        SNOW, ICE PELLETS, HAIL    4 = ICE PELLETS
                        TOTAL MONTH:   0.0 INCH    5 = HAIL
                        GRTST 24HR     0.0         6 = FREEZING RAIN OR DRIZZLE
                        GRTST DEPTH:   0           7 = DUSTSTORM OR SANDSTORM:
                                                       VSBY 1/2 MILE OR LESS
                                                   8 = SMOKE OR HAZE
[NO. OF DAYS WITH]      [WEATHER - DAYS WITH]      9 = BLOWING SNOW
                                                   X = TORNADO
MAX 32 OR BELOW:   0    0.01 INCH OR MORE:   9
MAX 90 OR ABOVE:   1    0.10 INCH OR MORE:   6
MIN 32 OR BELOW:   0    0.50 INCH OR MORE:   2
MIN  0 OR BELOW:   0    1.00 INCH OR MORE:   1

[HDD (BASE 65) ]
TOTAL THIS MO.    17    CLEAR  (SCALE 0-3)  18
DPTR FM NORMAL     M    PTCLDY (SCALE 4-7)   8
TOTAL FM JUL 1  7918    CLOUDY (SCALE 8-10)  3
DPTR FM NORMAL     M

[CDD (BASE 65) ]
TOTAL THIS MO.    82
DPTR FM NORMAL     M    [PRESSURE DATA]
TOTAL FM JAN 1    98    HIGHEST SLP M ON M
DPTR FM NORMAL     M    LOWEST  SLP M ON M

[REMARKS]
