000
CXUS52 KGSP 230817
CF6AVL
PRELIMINARY LOCAL CLIMATOLOGICAL DATA (WS FORM: F-6)

                                          STATION:   ASHEVILLE NC
                                          MONTH:     JULY
                                          YEAR:      2017
                                          LATITUDE:   35 25 N
                                          LONGITUDE:  82 33 W

  TEMPERATURE IN F:       :PCPN:    SNOW:  WIND      :SUNSHINE: SKY     :PK WND
================================================================================
1   2   3   4   5  6A  6B    7    8   9   10  11  12  13   14  15   16   17  18
                                     12Z  AVG MX 2MIN
DY MAX MIN AVG DEP HDD CDD  WTR  SNW DPTH SPD SPD DIR MIN PSBL S-S WX    SPD DR
================================================================================

 1  87  66  77   4   0  12 0.02  0.0    0  4.2 23 350   M    M   6 1238   33 350
 2  85  65  75   2   0  10 0.39  0.0    0  6.9 15 190   M    M   6 13     22 200
 3  83  66  75   2   0  10    T  0.0    0  3.0 13 200   M    M   6 138    16 200
 4  84  65  75   1   0  10    T  0.0    0  4.2 15 170   M    M   6 128    21 160
 5  88  65  77   3   0  12 0.00  0.0    0  4.7 24 330   M    M   4 123    30 320
 6  88  64  76   2   0  11    T  0.0    0  4.3 16 340   M    M   4 12     22 330
 7  86  66  76   2   0  11 0.02  0.0    0  5.5 17 340   M    M   3        21 340
 8  86  62  74   0   0   9 0.18  0.0    0  5.5 18 340   M    M   2 13     27 330
 9  84  61  73  -1   0   8 0.02  0.0    0  3.5 10 140   M    M   6 18     13 360
10  86  63  75   1   0  10 0.00  0.0    0  2.7 10 170   M    M   4 1      14 330
11  86  64  75   1   0  10 0.15  0.0    0  2.9 13 160   M    M   1 3      16 160
12  89  67  78   4   0  13 0.00  0.0    0  3.6 15 200   M    M   2 138    21 200
13  91  66  79   5   0  14 0.45  0.0    0  3.4 15 330   M    M   3 13     18 330
14  90  67  79   5   0  14 0.54  0.0    0  3.1 17 340   M    M   4 13     26 340
15  83  66  75   1   0  10 0.71  0.0    0  5.0 15 250   M    M   5 123    20 260
16  83  66  75   1   0  10 0.00  0.0    0  4.2 13 180   M    M   5 13     17 200
17  84  64  74   0   0   9 0.71  0.0    0  3.6 18  80   M    M   3 13     31  60
18  88  62  75   1   0  10 0.01  0.0    0  3.7 20 180   M    M   3 123    26 180
19  89  61  75   1   0  10 0.00  0.0    0  3.4 14 320   M    M   2 12     21 310
20  89  63  76   2   0  11 0.00  0.0    0  5.3 16 340   M    M   0        21 340
21  91  66  79   5   0  14 0.00  0.0    0  3.4  9 360   M    M   0 1      12 160
22  91  68  80   6   0  15 0.00  0.0    0  3.1 13 200   M    M   0 13     18 220
================================================================================
SM 1911 1423         0 243  3.20     0.0  89.2          M       75
================================================================================
AV 86.9 64.7                               4.1 FASTST   M    M   3    MAX(MPH)
                                 MISC ---->  # 24 330               # 33  350
================================================================================
NOTES:
# LAST OF SEVERAL OCCURRENCES

COLUMN 17 PEAK WIND IN M.P.H.

PRELIMINARY LOCAL CLIMATOLOGICAL DATA (WS FORM: F-6) , PAGE 2

                                          STATION:  ASHEVILLE NC
                                          MONTH:    JULY
                                          YEAR:     2017
                                          LATITUDE:   35 25 N
                                          LONGITUDE:  82 33 W

[TEMPERATURE DATA]      [PRECIPITATION DATA]       SYMBOLS USED IN COLUMN 16

AVERAGE MONTHLY: 75.8   TOTAL FOR MONTH:   3.20    1 = FOG OR MIST
DPTR FM NORMAL:   1.9   DPTR FM NORMAL:    0.13    2 = FOG REDUCING VISIBILITY
HIGHEST:    91 ON 22,21 GRTST 24HR  1.24 ON 14-15      TO 1/4 MILE OR LESS
LOWEST:     61 ON 19, 9                            3 = THUNDER
                        SNOW, ICE PELLETS, HAIL    4 = ICE PELLETS
                        TOTAL MONTH:   0.0 INCH    5 = HAIL
                        GRTST 24HR     0.0         6 = FREEZING RAIN OR DRIZZLE
                        GRTST DEPTH:   0           7 = DUSTSTORM OR SANDSTORM:
                                                       VSBY 1/2 MILE OR LESS
                                                   8 = SMOKE OR HAZE
[NO. OF DAYS WITH]      [WEATHER - DAYS WITH]      9 = BLOWING SNOW
                                                   X = TORNADO
MAX 32 OR BELOW:   0    0.01 INCH OR MORE:  11
MAX 90 OR ABOVE:   4    0.10 INCH OR MORE:   7
MIN 32 OR BELOW:   0    0.50 INCH OR MORE:   3
MIN  0 OR BELOW:   0    1.00 INCH OR MORE:   0

[HDD (BASE 65) ]
TOTAL THIS MO.     0    CLEAR  (SCALE 0-3)  10
DPTR FM NORMAL     0    PTCLDY (SCALE 4-7)  12
TOTAL FM JUL 1     0    CLOUDY (SCALE 8-10)  0
DPTR FM NORMAL     0

[CDD (BASE 65) ]
TOTAL THIS MO.   243
DPTR FM NORMAL    49    [PRESSURE DATA]
TOTAL FM JAN 1   524    HIGHEST SLP M ON M
DPTR FM NORMAL    95    LOWEST  SLP 29.87 ON M

[REMARKS]
