000
CXUS51 KBGM 240800
CF6AVP
PRELIMINARY LOCAL CLIMATOLOGICAL DATA (WS FORM: F-6)

                                          STATION:   AVOCA PA
                                          MONTH:     OCTOBER
                                          YEAR:      2017
                                          LATITUDE:   41 19 N
                                          LONGITUDE:  75 44 W

  TEMPERATURE IN F:       :PCPN:    SNOW:  WIND      :SUNSHINE: SKY     :PK WND
================================================================================
1   2   3   4   5  6A  6B    7    8   9   10  11  12  13   14  15   16   17  18
                                     12Z  AVG MX 2MIN
DY MAX MIN AVG DEP HDD CDD  WTR  SNW DPTH SPD SPD DIR MIN PSBL S-S WX    SPD DR
================================================================================

 1  66  37  52  -4  13   0 0.00  0.0    M  4.2  8 110   M    M   0        12 300
 2  74  39  57   1   8   0 0.00  0.0    M  4.5  9  90   M    M   0 8      13 130
 3  73  47  60   5   5   0 0.00  0.0    M  4.7 12 230   M    M   0        17 240
 4  78  47  63   8   2   0 0.00  0.0    M  5.7 16 250   M    M   1        21 240
 5  77  59  68  13   0   3 0.00  0.0    M  7.4 16 230   M    M   6        23 220
 6  75  57  66  12   0   1 0.00  0.0    M  3.1 12 250   M    M   5 1      16 270
 7  81  64  73  19   0   8 0.00  0.0    M  6.7 17 190   M    M   3        31 170
 8  80  69  75  22   0  10 0.27  0.0    M  6.9 21 230   M    M   7 1      29 240
 9  79  68  74  21   0   9 0.86  0.0    M  6.3 18 160   M    M   9 1      33 140
10  79  58  69  16   0   4 0.00  0.0    M  4.5 10 360   M    M   6        14 300
11  70  57  64  12   1   0 0.15  0.0    M  3.9 10  70   M    M   6 1      19  40
12  62  49  56   4   9   0    T  0.0    M  4.8 13  60   M    M   9 1      21  70
13  61  48  55   3  10   0 0.00  0.0    M  3.4  9 130   M    M   9        14 130
14  65  59  62  11   3   0 0.00  0.0    M  2.7  9 260   M    M  10 1      13 140
15  73  60  67  16   0   2 0.21  0.0    M  5.4 17 260   M    M   7 1      25 310
16  62  39  51   0  14   0    T  0.0    M 10.5 21 340   M    M   6        29 350
17  59  32  46  -4  19   0 0.00  0.0    M  3.1 13 250   M    M   0        17 250
18  71  39  55   5  10   0 0.00  0.0    M  3.6 14 250   M    M   0        17 250
19  72  42  57   7   8   0 0.00  0.0    M  6.3 20 250   M    M   0        24 240
20  71  46  59   9   6   0 0.00  0.0    M  6.1 17 350   M    M   0        22 330
21  74  40  57   8   8   0 0.00  0.0    M  3.5  9 250   M    M   0        12 240
22  78  44  61  12   4   0 0.00  0.0    M  2.9 13 210   M    M   0        17 190
23  72  52  62  13   3   0    T  0.0    0  5.6 15 170   M    M   6        28 160
================================================================================
SM 1652 1152       123  37  1.49     0.0 115.8          M       90
================================================================================
AV 71.8 50.1                               5.0 FASTST   M    M   4    MAX(MPH)
                                 MISC ---->  # 21 230               # 33  140
================================================================================
NOTES:
# LAST OF SEVERAL OCCURRENCES

COLUMN 17 PEAK WIND IN M.P.H.

PRELIMINARY LOCAL CLIMATOLOGICAL DATA (WS FORM: F-6) , PAGE 2

                                          STATION:  AVOCA PA
                                          MONTH:    OCTOBER
                                          YEAR:     2017
                                          LATITUDE:   41 19 N
                                          LONGITUDE:  75 44 W

[TEMPERATURE DATA]      [PRECIPITATION DATA]       SYMBOLS USED IN COLUMN 16

AVERAGE MONTHLY: 61.0   TOTAL FOR MONTH:   1.49    1 = FOG OR MIST
DPTR FM NORMAL:   8.8   DPTR FM NORMAL:   -1.06    2 = FOG REDUCING VISIBILITY
HIGHEST:    81 ON  7    GRTST 24HR  0.86 ON  9- 9      TO 1/4 MILE OR LESS
LOWEST:     32 ON 17                               3 = THUNDER
                        SNOW, ICE PELLETS, HAIL    4 = ICE PELLETS
                        TOTAL MONTH:   0.0 INCH    5 = HAIL
                        GRTST 24HR     0.0         6 = FREEZING RAIN OR DRIZZLE
                        GRTST DEPTH:   0           7 = DUSTSTORM OR SANDSTORM:
                                                       VSBY 1/2 MILE OR LESS
                                                   8 = SMOKE OR HAZE
[NO. OF DAYS WITH]      [WEATHER - DAYS WITH]      9 = BLOWING SNOW
                                                   X = TORNADO
MAX 32 OR BELOW:   0    0.01 INCH OR MORE:   4
MAX 90 OR ABOVE:   0    0.10 INCH OR MORE:   4
MIN 32 OR BELOW:   1    0.50 INCH OR MORE:   1
MIN  0 OR BELOW:   0    1.00 INCH OR MORE:   0

[HDD (BASE 65) ]
TOTAL THIS MO.   123    CLEAR  (SCALE 0-3)  10
DPTR FM NORMAL  -175    PTCLDY (SCALE 4-7)   9
TOTAL FM JUL 1   232    CLOUDY (SCALE 8-10)  4
DPTR FM NORMAL  -228

[CDD (BASE 65) ]
TOTAL THIS MO.    37
DPTR FM NORMAL    37    [PRESSURE DATA]
TOTAL FM JAN 1   804    HIGHEST SLP 30.62 ON  3
DPTR FM NORMAL   228    LOWEST  SLP 29.75 ON  9

[REMARKS]
