000
CXUS55 KLBF 202244
CF6BBW
PRELIMINARY LOCAL CLIMATOLOGICAL DATA (WS FORM: F-6)

                                          STATION:   BROKEN BOW
                                          MONTH:     FEBRUARY
                                          YEAR:      2017
                                          LATITUDE:   41 26 N
                                          LONGITUDE:  99 39 W

  TEMPERATURE IN F:       :PCPN:    SNOW:  WIND      :SUNSHINE: SKY     :PK WND
================================================================================
1   2   3   4   5  6A  6B    7    8   9   10  11  12  13   14  15   16   17  18
                                     12Z  AVG MX 2MIN
DY MAX MIN AVG DEP HDD CDD  WTR  SNW DPTH SPD SPD DIR MIN PSBL S-S WX    SPD DR
================================================================================

 1  28  15  22  -4  43   0    T    M    M 12.0 23 340   M    M   8 18     28 350
 2  22  13  18  -8  47   0 0.02    M    M  5.8 21 360   M    M   7 18     26 350
 3  25   5  15 -11  50   0 0.02    M    M  9.9 22 170   M    M   7 1      36 180
 4  54  21  38  12  27   0 0.00    M    M 15.0 26 180   M    M   0        36 200
 5  46  20  33   7  32   0 0.00    M    M  8.1 21 190   M    M   0        27 200
 6  54  32  43  17  22   0 0.00    M    M  3.8 16 300   M    M   0        23 300
 7  33  15  24  -2  41   0    T    M    M 16.1 30 360   M    M   8 18     36 350
 8  23   9  16 -10  49   0 0.01    M    M  8.5 20 360   M    M   5 1      22 350
 9  41  10  26   0  39   0 0.00    M    M 12.5 31 190   M    M   2        37 200
10  73  33  53  26  12   0 0.00    M    M  8.4 28 340   M    M   0        35 340
11  51  36  44  17  21   0    T    M    M 10.2 31 360   M    M   4        38 360
12  49  22  36   9  29   0 0.00    M    M  9.7 28 340   M    M   0        37 340
13  48  22  35   8  30   0 0.00    M    M  7.1 18 350   M    M   0        23 350
14  50  28  39  12  26   0 0.00    M    M 13.7 30 350   M    M   0        37 350
15  62  25  44  16  21   0 0.00    M    M  8.2 20 240   M    M   0        24 250
16  73  32  53  25  12   0 0.00    M    M  4.1 15 270   M    M   0        18 270
17  67  27  47  19  18   0 0.00    M    M 10.8 35 360   M    M   0        43  10
18  63  25  44  16  21   0 0.00    M    M  4.2 18 150   M    M   0        25 190
19  70  31  51  22  14   0 0.00    M    M 13.4 30 190   M    M   0        40 200
================================================================================
SM  932  421       554   0  0.05    M    181.5          M       41
================================================================================
AV 49.1 22.2                               9.6 FASTST   M    M   2    MAX(MPH)
                                 MISC ---->  # 35 360               # 43   10
================================================================================
NOTES:
# LAST OF SEVERAL OCCURRENCES

COLUMN 17 PEAK WIND IN M.P.H.

PRELIMINARY LOCAL CLIMATOLOGICAL DATA (WS FORM: F-6) , PAGE 2

                                          STATION:  BROKEN BOW
                                          MONTH:    FEBRUARY
                                          YEAR:     2017
                                          LATITUDE:   41 26 N
                                          LONGITUDE:  99 39 W

[TEMPERATURE DATA]      [PRECIPITATION DATA]       SYMBOLS USED IN COLUMN 16

AVERAGE MONTHLY: 35.6   TOTAL FOR MONTH:   0.05    1 = FOG OR MIST
DPTR FM NORMAL:   8.8   DPTR FM NORMAL:   -0.33    2 = FOG REDUCING VISIBILITY
HIGHEST:    73 ON 16,10 GRTST 24HR  0.04 ON  2- 3      TO 1/4 MILE OR LESS
LOWEST:      5 ON  3                               3 = THUNDER
                        SNOW, ICE PELLETS, HAIL    4 = ICE PELLETS
                        TOTAL MONTH:    M          5 = HAIL
                        GRTST 24HR    M  ON   M    6 = FREEZING RAIN OR DRIZZLE
                        GRTST DEPTH:  M  ON   M    7 = DUSTSTORM OR SANDSTORM:
                                                       VSBY 1/2 MILE OR LESS
                                                   8 = SMOKE OR HAZE
[NO. OF DAYS WITH]      [WEATHER - DAYS WITH]      9 = BLOWING SNOW
                                                   X = TORNADO
MAX 32 OR BELOW:   4    0.01 INCH OR MORE:   3
MAX 90 OR ABOVE:   0    0.10 INCH OR MORE:   0
MIN 32 OR BELOW:  17    0.50 INCH OR MORE:   0
MIN  0 OR BELOW:   0    1.00 INCH OR MORE:   0

[HDD (BASE 65) ]
TOTAL THIS MO.   554    CLEAR  (SCALE 0-3)  13
DPTR FM NORMAL  -171    PTCLDY (SCALE 4-7)   6
TOTAL FM JUL 1  4115    CLOUDY (SCALE 8-10)  0
DPTR FM NORMAL  -588

[CDD (BASE 65) ]
TOTAL THIS MO.     0
DPTR FM NORMAL     0    [PRESSURE DATA]
TOTAL FM JAN 1     0    HIGHEST SLP M ON M
DPTR FM NORMAL     0    LOWEST  SLP 29.49 ON  6

[REMARKS]
