443
CXUS53 KIWX 230800
CF6BEH
PRELIMINARY LOCAL CLIMATOLOGICAL DATA (WS FORM: F-6)

                                          STATION:   BENTON HARBOR
                                          MONTH:     AUGUST
                                          YEAR:      2017
                                          LATITUDE:   42  7 N
                                          LONGITUDE:  86 26 W

  TEMPERATURE IN F:       :PCPN:    SNOW:  WIND      :SUNSHINE: SKY     :PK WND
================================================================================
1   2   3   4   5  6A  6B    7    8   9   10  11  12  13   14  15   16   17  18
                                     12Z  AVG MX 2MIN
DY MAX MIN AVG DEP HDD CDD  WTR  SNW DPTH SPD SPD DIR MIN PSBL S-S WX    SPD DR
================================================================================

 1  85  60  73   1   0   8 0.00  0.0    0  3.5 13 210   M    M   3        18 190
 2  84  65  75   3   0  10 0.00  0.0    0  4.6 13 270   M    M   0 128    16 270
 3  85  64  75   3   0  10 0.06  0.0    0  6.7 17 150   M    M   5 123    24 180
 4  68  60  64  -8   1   0 0.09  0.0    0 18.2 28 260   M    M   9 1      35 260
 5   M   M   M   M   M   M 0.00  0.0    0   M   M   M   M    M   0         M  M
 6   M   M   M   M   M   M 0.00  0.0    0   M   M   M   M    M   0         M  M
 7   M   M   M   M   M   M 0.00  0.0    0  4.6 10 340   M    M   0        16 340
 8  77  52  65  -7   0   0 0.00  0.0    0  3.3 13 270   M    M   0        16 270
 9  82  55  69  -3   0   4 0.00  0.0    0  2.0  9 300   M    M   0 1      13 280
10  85  56  71  -1   0   6 0.10  0.0    0  6.6 15 270   M    M   1 13     23 260
11  77  64  71  -1   0   6 0.00  0.0    0  6.6 17 240   M    M   5 13     22 270
12  74  56  65  -6   0   0 0.00  0.0    0  4.1 14 300   M    M   5        21 300
13  76  49  63  -8   2   0 0.00  0.0    0  2.2 10 290   M    M   0 1      14 290
14  81  59  70  -1   0   5 0.00  0.0    0  3.1 10 280   M    M   3        15 270
15  81  62  72   1   0   7 0.02  0.0    0  3.2 10 320   M    M   3 13     19 290
16  90  58  74   3   0   9 0.00  0.0    0  4.1 12 130   M    M   4 1      15 180
17  85  73  79   8   0  14 0.05  0.0    0 12.9 30 260   M    M   5 1      36 260
18  76  62  69  -2   0   4 0.01  0.0    0  9.4 26 270   M    M   6        35 270
19  78  58  68  -3   0   3 0.00  0.0    0  3.5 10 280   M    M   1 1      16 300
20  89  55  72   1   0   7 0.00  0.0    0  3.6 12 260   M    M   0 1      16 230
21  85  71  78   7   0  13 0.01  0.0    0  6.5 16 240   M    M   4 38     24 240
22  78  70  74   3   0   9 0.11  0.0    0 11.1 24 220   M    M   5 13     34 210
================================================================================
SM 1536 1149         3 115  0.45     0.0 119.8          M       59
================================================================================
AV 80.8 60.5                               6.0 FASTST   M    M   3    MAX(MPH)
                                 MISC ---->  # 30 260               # 36  260
================================================================================
NOTES:
# LAST OF SEVERAL OCCURRENCES

COLUMN 17 PEAK WIND IN M.P.H.

PRELIMINARY LOCAL CLIMATOLOGICAL DATA (WS FORM: F-6) , PAGE 2

                                          STATION:  BENTON HARBOR
                                          MONTH:    AUGUST
                                          YEAR:     2017
                                          LATITUDE:   42  7 N
                                          LONGITUDE:  86 26 W

[TEMPERATURE DATA]      [PRECIPITATION DATA]       SYMBOLS USED IN COLUMN 16

AVERAGE MONTHLY: 70.7   TOTAL FOR MONTH:   0.45    1 = FOG OR MIST
DPTR FM NORMAL:  -0.8   DPTR FM NORMAL:   -2.22    2 = FOG REDUCING VISIBILITY
HIGHEST:    90 ON 16    GRTST 24HR  0.11 ON 22-22      TO 1/4 MILE OR LESS
LOWEST:     49 ON 13                               3 = THUNDER
                        SNOW, ICE PELLETS, HAIL    4 = ICE PELLETS
                        TOTAL MONTH:   0.0 INCH    5 = HAIL
                        GRTST 24HR     0.0         6 = FREEZING RAIN OR DRIZZLE
                        GRTST DEPTH:   0           7 = DUSTSTORM OR SANDSTORM:
                                                       VSBY 1/2 MILE OR LESS
                                                   8 = SMOKE OR HAZE
[NO. OF DAYS WITH]      [WEATHER - DAYS WITH]      9 = BLOWING SNOW
                                                   X = TORNADO
MAX 32 OR BELOW:   0    0.01 INCH OR MORE:   8
MAX 90 OR ABOVE:   1    0.10 INCH OR MORE:   2
MIN 32 OR BELOW:   0    0.50 INCH OR MORE:   0
MIN  0 OR BELOW:   0    1.00 INCH OR MORE:   0

[HDD (BASE 65) ]
TOTAL THIS MO.     3    CLEAR  (SCALE 0-3)  13
DPTR FM NORMAL   -17    PTCLDY (SCALE 4-7)   8
TOTAL FM JUL 1     7    CLOUDY (SCALE 8-10)  1
DPTR FM NORMAL   -25

[CDD (BASE 65) ]
TOTAL THIS MO.   115
DPTR FM NORMAL   -35    [PRESSURE DATA]
TOTAL FM JAN 1   522    HIGHEST SLP M ON M
DPTR FM NORMAL   -96    LOWEST  SLP 29.70 ON 17

[REMARKS]
