000
CXAK56 PAFC 171444
CF6BET

PRELIMINARY LOCAL CLIMATOLOGICAL DATA (WS FORM: F-6)

                                          STATION:   BETHEL
                                          MONTH:     NOVEMBER
                                          YEAR:      2017
                                          LATITUDE:   60 46 N
                                          LONGITUDE: 161 48 W

  TEMPERATURE IN F:       :PCPN:    SNOW:  WIND      :SUNSHINE: SKY     :PK WND
================================================================================
1   2   3   4   5  6A  6B    7    8   9   10  11  12  13   14  15   16   17  18
                                     12Z  AVG MX 2MIN
DY MAX MIN AVG DEP HDD CDD  WTR  SNW DPTH SPD SPD DIR MIN PSBL S-S WX    SPD DR
================================================================================

 1  34  23  29   7  36   0 0.00  0.0    0  2.8  8  10   M    M   9 12      9  20
 2  36  28  32  10  33   0 0.01  0.0    0  4.4  7 180   M    M  10 12      M  M
 3  35  30  33  11  32   0 0.01  0.0    0  4.6 13  40   M    M   9 12      M  M
 4  39  33  36  15  29   0 0.16  0.0    0  9.4 14 280   M    M  10 12      M  M
 5  35  27  31  10  34   0    T    T    0 12.5 22 330   M    M   8 12     26 330
 6  31  22  27   7  38   0 0.00  0.0    M  5.4 10 340   M    M   6 12      M  M
 7  35  25  30  10  35   0 0.10    T    0 10.0 17 180   M    M   9 12     23 180
 8  37  29  33  13  32   0 0.15    T    T 14.8 37 200   M    M   5 1      45 180
 9  35  29  32  13  33   0 0.02    T    T 11.3 20 260   M    M   8 1      26 260
10  33  30  32  13  33   0 0.14  0.0    2  7.2 12 260   M    M  10 12      M  M
11  36  31  34  16  31   0 0.03  0.0    1  7.0 15 220   M    M  10 12      M  M
12  38  31  35  17  30   0 0.01  0.0    0  9.6 20 220   M    M  10 1      24 250
13  32  21  27   9  38   0 0.00  0.0    0  8.1 14 360   M    M   5        18 360
14  28  19  24   6  41   0 0.00  0.0    0  6.6  9  90   M    M   3         M  M
15  34  27  31  14  34   0 0.19  1.9    1  8.8 16 290   M    M  10 1      22 290
16  37  32  35  18  30   0 0.11  0.3    T 18.3 35 300   M    M  10 1      44 300
================================================================================
SM  555  437       539   0  0.93     2.2 140.8          M      132
================================================================================
AV 34.7 27.3                               8.8 FASTST   M    M   8    MAX(MPH)
                                 MISC ---->  # 37 200               # 45  180
================================================================================
NOTES:
# LAST OF SEVERAL OCCURRENCES

COLUMN 17 PEAK WIND IN M.P.H.

PRELIMINARY LOCAL CLIMATOLOGICAL DATA (WS FORM: F-6) , PAGE 2

                                          STATION:  BETHEL
                                          MONTH:    NOVEMBER
                                          YEAR:     2017
                                          LATITUDE:   60 46 N
                                          LONGITUDE: 161 48 W

[TEMPERATURE DATA]      [PRECIPITATION DATA]       SYMBOLS USED IN COLUMN 16

AVERAGE MONTHLY: 31.0   TOTAL FOR MONTH:   0.93    1 = FOG OR MIST
DPTR FM NORMAL:  11.5   DPTR FM NORMAL:    0.06    2 = FOG REDUCING VISIBILITY
HIGHEST:    39 ON  4    GRTST 24HR  0.19 ON 15-15      TO 1/4 MILE OR LESS
LOWEST:     19 ON 14                               3 = THUNDER
                        SNOW, ICE PELLETS, HAIL    4 = ICE PELLETS
                        TOTAL MONTH:   2.2 INCHES  5 = HAIL
                        GRTST 24HR   1.9 ON 15-15  6 = FREEZING RAIN OR DRIZZLE
                        GRTST DEPTH:   2 ON 10     7 = DUSTSTORM OR SANDSTORM:
                                                       VSBY 1/2 MILE OR LESS
                                                   8 = SMOKE OR HAZE
[NO. OF DAYS WITH]      [WEATHER - DAYS WITH]      9 = BLOWING SNOW
                                                   X = TORNADO
MAX 32 OR BELOW:   3    0.01 INCH OR MORE:  11
MAX 90 OR ABOVE:   0    0.10 INCH OR MORE:   6
MIN 32 OR BELOW:  15    0.50 INCH OR MORE:   0
MIN  0 OR BELOW:   0    1.00 INCH OR MORE:   0

[HDD (BASE 65) ]
TOTAL THIS MO.   539    CLEAR  (SCALE 0-3)   0
DPTR FM NORMAL  -190    PTCLDY (SCALE 4-7)   6
TOTAL FM JUL 1  2530    CLOUDY (SCALE 8-10) 10
DPTR FM NORMAL  -494

[CDD (BASE 65) ]
TOTAL THIS MO.     0
DPTR FM NORMAL     0    [PRESSURE DATA]
TOTAL FM JAN 1     6    HIGHEST SLP M ON M
DPTR FM NORMAL     2    LOWEST  SLP 29.76 ON 16

[REMARKS]
