000
CXAK56 PABE 271219
CF6BET

PRELIMINARY LOCAL CLIMATOLOGICAL DATA (WS FORM: F-6)

                                          STATION:   BETHEL
                                          MONTH:     02
                                          YEAR:      2015
                                          LATITUDE:   60 47 N
                                          LONGITUDE: 161 50 W

  TEMPERATURE IN F:       :PCPN:    SNOW:  WIND      :SUNSHINE: SKY     :PK WND
================================================================================
1   2   3   4   5  6A  6B    7     8   9   10  11  12  13   14  15   16  17  18
                                      12Z  AVG MX 2MIN
DY MAX MIN AVG DEP HDD CDD  WTR   SNW DPTH SPD SPD DIR MIN PSBL S-S WX   SPD DR
================================================================================

 1  11  -1   5  -3  60   0  0.00  0.0   1  7.5 17   20   M    M   M       20  20
 2  20  -2   9   1  56   0  0.02  0.6   1  9.6 18  330   M    M   M 1     24 330
 3   9  -1   4  -5  61   0  0.01  0.1   2 16.2 23   20   M    M   M       28  20
 4   9   3   6  -3  59   0  0.00  0.0   2 16.9 24   20   M    M   M       29  20
 5   4   0   2  -7  63   0  0.00  0.0   2 22.4 30   20   M    M   M       36  30
 6   7  -3   2  -7  63   0  0.00  0.0   2 19.5 30   20   M    M   M       37  20
 7   0  -7  -3 -13  68   0  0.00  0.0   1 23.3 36  360   M    M   M       43  20
 8  -2  -7  -4 -14  69   0  0.00  0.0   1 25.2 39   20   M    M   M       44  30
 9   0  -8  -4 -14  69   0  0.00  0.0   1 22.4 30   30   M    M   M       38  30
10   4  -3   1  -9  64   0     T    T   1 25.9 35   30   M    M   M       43  30
11   8   0   4  -7  61   0  0.02    T   1 23.8 31   20   M    M   M 9     37  20
12  21   8  15   4  50   0  0.16  0.8   2 12.9 22   20   M    M   M 9     27  20
13  21  13  17   6  48   0  0.00  0.0   2 10.6 16   20   M    M   M       19  10
14  17   8  13   2  52   0  0.00  0.0   2 14.4 21   20   M    M   M       25  20
15  26   9  18   7  47   0  0.01  0.1   2 11.5 25   40   M    M   M       31  30
16  35  22  29  17  36   0  0.06  0.4   2 16.5 26   20   M    M   M 6     34  30
17  37  28  33  21  32   0  0.06  1.1   3 17.6 30  180   M    M   M 6     37 180
18  35  31  33  21  32   0  0.02  2.0   4 16.8 29  190   M    M   M       39 180
19  36  26  31  19  34   0  0.05  0.1   4  7.3 16  110   M    M   M 9     22  90
20  44  34  39  27  26   0  0.04  0.1   2  9.9 21   80   M    M   M       30  90
21  42  36  39  27  26   0  0.01  0.0   1 11.9 20  100   M    M   M       24  90
22  42  33  38  25  27   0  0.01    T   1 10.7 22  170   M    M   M       26 150
23  34  18  26  13  39   0     T    T   1 10.8 26  180   M    M   M       32 190
24  31  19  25  12  40   0  0.01  0.1   1  8.7 16  190   M    M   M 1     22 180
25  30  11  21   8  44   0  0.00  0.0   1  7.6 13  180   M    M   M       15 180
26  33  24  29  16  36   0  0.00  0.0   1 13.7 20  170   M    M   M       24 170
================================================================================
SM  554  291      1262   0  0.48 5.4    393.6           M        M
================================================================================
AV 21.3 11.2                             15.1 FASTST  PSBL  %   M    MAX(MPH)
                                 MISC ---->     39   20                 44  30
================================================================================
NOTES:
# LAST OF SEVERAL OCCURRENCES

COLUMN 17 PEAK WIND IN M.P.H.

PRELIMINARY LOCAL CLIMATOLOGICAL DATA (WS FORM: F-6) , PAGE 2

                                          STATION:   BETHEL
                                          MONTH:     02
                                          YEAR:      2015
                                          LATITUDE:  60 47 N
                                          LONGITUDE: 161 50 W

[TEMPERATURE DATA]      [PRECIPITATION DATA]       SYMBOLS USED IN COLUMN 16

AVERAGE MONTHLY:16.3   TOTAL FOR MONTH: 0.48       1 = FOG
DPTR FM NORMAL:  5.4   DPTR FM NORMAL: -0.19       2 = FOG REDUCING VISIBILITY
HIGHEST:    44 ON 20    GRTST 24HR   0.16 ON 12        TO 1/4 MILE OR LESS
LOWEST:     -8 ON  9                               3 = THUNDER
                        SNOW, ICE PELLETS, HAIL    4 = ICE PELLETS
                        TOTAL MONTH: 5.4 INCHES  5 = HAIL
                        GRTST 24HR   2.0 ON 18     6 = GLAZE OR RIME
                        GRTST DEPTH:    4 ON 19    7 = BLOWING DUST OR SAND:
                                                       VSBY 1/2 MILE OR LESS
                                                   8 = SMOKE OR HAZE
[NO. OF DAYS WITH]      [WEATHER - DAYS WITH]      9 = BLOWING SNOW
                                                   X = TORNADO
MAX 32 OR BELOW:  17    0.01 INCH OR MORE:  13
MAX 70 OR ABOVE:   0    0.10 INCH OR MORE:   1
MIN 32 OR BELOW:  23    0.50 INCH OR MORE:   0
MIN  0 OR BELOW:  10    1.00 INCH OR MORE:   0

[HDD (BASE 65) ]
TOTAL THIS MO.  1264    CLEAR  (SCALE 0-3)   M
DPTR FM NORMAL  -142    PTCLDY (SCALE 4-7)   M
SEASONAL TOTAL  7703    CLOUDY (SCALE 8-10)  M
DPTR FM NORMAL  -939

[CDD (BASE 65) ]
TOTAL THIS MO.     0
DPTR FM NORMAL     0    [PRESSURE DATA]
SEASONAL TOTAL     0    HIGHEST SLP     M
DPTR FM NORMAL     0    LOWEST  SLP     M

[REMARKS]
