642
CXUS55 KCTP 231131
CF6BFD
PRELIMINARY LOCAL CLIMATOLOGICAL DATA (WS FORM: F-6)

                                          STATION:   BRADFORD
                                          MONTH:     MAY
                                          YEAR:      2016
                                          LATITUDE:   41 47 N
                                          LONGITUDE:  78 38 W

  TEMPERATURE IN F:       :PCPN:    SNOW:  WIND      :SUNSHINE: SKY     :PK WND
================================================================================
1   2   3   4   5  6A  6B    7    8   9   10  11  12  13   14  15   16   17  18
                                     12Z  AVG MX 2MIN
DY MAX MIN AVG DEP HDD CDD  WTR  SNW DPTH SPD SPD DIR MIN PSBL S-S WX    SPD DR
================================================================================

 1  62  45  54   5  11   0 0.58    M    M  6.4 14 140   M    M  10 12     21 140
 2  56  44  50   1  15   0 0.42    M    M  6.1 14 330   M    M  10 123    17 320
 3  52  35  44  -6  21   0 0.01    M    M  3.9 10 360   M    M  10 12     14 340
 4  58  33  46  -4  19   0    T    M    M  3.4 12 120   M    M   9 12     15 120
 5  58  43  51   1  14   0    T    M    M  6.5 17 350   M    M   8        22  20
 6  60  42  51   1  14   0 0.09    M    M  8.8 24 360   M    M   7        31 360
 7  63  41  52   1  13   0 0.13    M    M  4.2 13 180   M    M   9 1      19 190
 8  56  38  47  -4  18   0    T    M    M 11.8 25 320   M    M   6 18     34 300
 9  62  32  47  -4  18   0 0.00    M    M  5.2 17 310   M    M   0        22 330
10  52  33  43  -8  22   0 0.04    M    M  4.4 14 150   M    M   4        20 140
11  62  41  52   0  13   0 0.02    M    M  4.2 13 100   M    M   6 12     17 160
12  75  41  58   6   7   0 0.03    M    M  6.0 18 200   M    M   6 123    28 200
13  64  42  53   1  12   0 0.41    M    M  7.9 21 320   M    M   7 1      26 320
14  54  37  46  -7  19   0 0.19    M    M  9.3 23 280   M    M   9 1      32 300
15  41  32  37 -16  28   0 0.16    M    M 11.2 29 280   M    M  10 18     40 280
16  59  31  45  -8  20   0 0.00    M    M  9.1 24 320   M    M   3        32 320
17  54  40  47  -6  18   0    T    M    M  4.7 13 250   M    M   7        19 210
18  64  38  51  -3  14   0 0.00    M    M  4.0 13 350   M    M   4        18 320
19  63  34  49  -5  16   0 0.00    M    M  4.0 14 320   M    M   5        18 320
20  70  33  52  -2  13   0 0.00    M    M  3.1 12 130   M    M   0         M  M
21  58  48  53  -2  12   0 0.91    M    M  5.2 14 100   M    M   9 1      20 180
22  62  45  54  -1  11   0 0.22    M    M  4.2 18 100   M    M   8 123    24 110
================================================================================
SM 1305  848       348   0  3.21    M    133.6          M      147
================================================================================
AV 59.3 38.5                               6.1 FASTST   M    M   7    MAX(MPH)
                                 MISC ---->  # 29 280               # 40  280
================================================================================
NOTES:
# LAST OF SEVERAL OCCURRENCES

COLUMN 17 PEAK WIND IN M.P.H.

PRELIMINARY LOCAL CLIMATOLOGICAL DATA (WS FORM: F-6) , PAGE 2

                                          STATION:  BRADFORD
                                          MONTH:    MAY
                                          YEAR:     2016
                                          LATITUDE:   41 47 N
                                          LONGITUDE:  78 38 W

[TEMPERATURE DATA]      [PRECIPITATION DATA]       SYMBOLS USED IN COLUMN 16

AVERAGE MONTHLY: 48.9   TOTAL FOR MONTH:   3.21    1 = FOG OR MIST
DPTR FM NORMAL:  -3.0   DPTR FM NORMAL:    0.32    2 = FOG REDUCING VISIBILITY
HIGHEST:    75 ON 12    GRTST 24HR  1.06 ON 21-22      TO 1/4 MILE OR LESS
LOWEST:     31 ON 16                               3 = THUNDER
                        SNOW, ICE PELLETS, HAIL    4 = ICE PELLETS
                        TOTAL MONTH:    M          5 = HAIL
                        GRTST 24HR    M  ON   M    6 = FREEZING RAIN OR DRIZZLE
                        GRTST DEPTH:  M  ON   M    7 = DUSTSTORM OR SANDSTORM:
                                                       VSBY 1/2 MILE OR LESS
                                                   8 = SMOKE OR HAZE
[NO. OF DAYS WITH]      [WEATHER - DAYS WITH]      9 = BLOWING SNOW
                                                   X = TORNADO
MAX 32 OR BELOW:   0    0.01 INCH OR MORE:  13
MAX 90 OR ABOVE:   0    0.10 INCH OR MORE:   8
MIN 32 OR BELOW:   3    0.50 INCH OR MORE:   2
MIN  0 OR BELOW:   0    1.00 INCH OR MORE:   0

[HDD (BASE 65) ]
TOTAL THIS MO.   348    CLEAR  (SCALE 0-3)   3
DPTR FM NORMAL   154    PTCLDY (SCALE 4-7)  10
TOTAL FM JUL 1  6483    CLOUDY (SCALE 8-10)  9
DPTR FM NORMAL  -962

[CDD (BASE 65) ]
TOTAL THIS MO.     0
DPTR FM NORMAL     0    [PRESSURE DATA]
TOTAL FM JAN 1     0    HIGHEST SLP M ON M
DPTR FM NORMAL    -2    LOWEST  SLP 29.59 ON M

[REMARKS]
